000
CDUS43 KLMK 040626
CLIFFT


CLIMATE REPORT
NATIONAL WEATHER SERVICE LOUISVILLE KY
126 AM EST SUN FEB 4 2018


...................................

...THE FRANKFORT KY CLIMATE SUMMARY FOR FEBRUARY 3 2018...

CLIMATE NORMAL PERIOD 1981 TO 2010
CLIMATE RECORD PERIOD 1895 TO 2018


WEATHER ITEM   OBSERVED TIME   RECORD YEAR NORMAL DEPARTURE LAST
                VALUE   (LST)  VALUE       VALUE  FROM      YEAR
                                                  NORMAL
..................................................................
TEMPERATURE (F)
 YESTERDAY
  MAXIMUM         42   1152 PM  66    1924  44     -2       32
  MINIMUM         12    337 AM -11    1951  25    -13       15
  AVERAGE         27                        34     -7       24

PRECIPITATION (IN)
  YESTERDAY        0.00          1.60 1989   0.11  -0.11     0.00
  MONTH TO DATE    0.17                      0.33  -0.16     0.00
  SINCE DEC 1      3.58                      7.60  -4.02     9.41
  SINCE JAN 1      1.75                      3.59  -1.84     3.94

SNOWFALL (IN)
  YESTERDAY       MM            MM      MM  MM     MM       MM
  MONTH TO DATE   MM                        MM     MM       MM
  SINCE DEC 1     MM                        MM     MM       MM
  SINCE JUL 1     MM                        MM     MM       MM
  SNOW DEPTH      MM

DEGREE DAYS
 HEATING
  YESTERDAY       38                        31      7       41
  MONTH TO DATE  112                        93     19       92
  SINCE DEC 1   2097                      2020     77     1725
  SINCE JUL 1   2905                      2931    -26     2343

 COOLING
  YESTERDAY        0                         0      0        0
  MONTH TO DATE    0                         0      0        0
  SINCE DEC 1      0                         0      0        0
  SINCE JAN 1      0                         0      0        0
..................................................................


WIND (MPH)
  HIGHEST WIND SPEED    15   HIGHEST WIND DIRECTION     S (180)
  HIGHEST GUST SPEED    22   HIGHEST GUST DIRECTION     S (180)
  AVERAGE WIND SPEED     5.3


SKY COVER
  POSSIBLE SUNSHINE  MM
  AVERAGE SKY COVER 0.8


WEATHER CONDITIONS
 THE FOLLOWING WEATHER WAS RECORDED YESTERDAY.
  NO SIGNIFICANT WEATHER WAS OBSERVED.


RELATIVE HUMIDITY (PERCENT)
 HIGHEST    76           300 AM
 LOWEST     40           300 PM
 AVERAGE    58

..........................................................


THE FRANKFORT KY CLIMATE NORMALS FOR TODAY
                         NORMAL    RECORD    YEAR
 MAXIMUM TEMPERATURE (F)   44        66      1962
                                             1928
 MINIMUM TEMPERATURE (F)   25       -11      1912


SUNRISE AND SUNSET
FEBRUARY  4 2018......SUNRISE   742 AM EST   SUNSET   606 PM EST
FEBRUARY  5 2018......SUNRISE   741 AM EST   SUNSET   607 PM EST


-  INDICATES NEGATIVE NUMBERS.
R  INDICATES RECORD WAS SET OR TIED.
MM INDICATES DATA IS MISSING.
T  INDICATES TRACE AMOUNT.




$$
