000
CDUS43 KLMK 110630
CLIFFT


CLIMATE REPORT
NATIONAL WEATHER SERVICE LOUISVILLE KY
128 AM EST THU DEC 11 2014


...................................

...THE FRANKFORT KY CLIMATE SUMMARY FOR DECEMBER 10 2014...

CLIMATE NORMAL PERIOD 1981 TO 2010
CLIMATE RECORD PERIOD 1895 TO 2014


WEATHER ITEM   OBSERVED TIME   RECORD YEAR NORMAL DEPARTURE LAST
                VALUE   (LST)  VALUE       VALUE  FROM      YEAR
                                                  NORMAL
..................................................................
TEMPERATURE (F)
 YESTERDAY
  MAXIMUM         38    129 PM  70    1952  46     -8       30
  MINIMUM         31   1159 PM  -8    1917  27      4       17
  AVERAGE         35                        36     -1       24

PRECIPITATION (IN)
  YESTERDAY        T             2.35 1952   0.15  -0.15     0.01
  MONTH TO DATE    2.39                      1.45   0.94     2.12
  SINCE DEC 1      2.39                      1.45   0.94     2.12
  SINCE JAN 1     45.04                     43.06   1.98    47.34

SNOWFALL (IN)
  YESTERDAY       MM            MM      MM  MM     MM       MM
  MONTH TO DATE   MM                        MM     MM       MM
  SINCE DEC 1     MM                        MM     MM       MM
  SINCE JUL 1     MM                        MM     MM       MM
  SNOW DEPTH      MM

DEGREE DAYS
 HEATING
  YESTERDAY       30                        28      2       41
  MONTH TO DATE  241                       268    -27      274
  SINCE DEC 1    241                       268    -27      274
  SINCE JUL 1   1369                      1179    190     1317

 COOLING
  YESTERDAY        0                         0      0        0
  MONTH TO DATE    0                         0      0        0
  SINCE DEC 1      0                         0      0        0
  SINCE JAN 1   1070                      1155    -85     1127
..................................................................


WIND (MPH)
  HIGHEST WIND SPEED    13   HIGHEST WIND DIRECTION    NW (330)
  HIGHEST GUST SPEED    16   HIGHEST GUST DIRECTION    NW (310)
  AVERAGE WIND SPEED     7.3


SKY COVER
  POSSIBLE SUNSHINE  MM
  AVERAGE SKY COVER 1.0


WEATHER CONDITIONS
 THE FOLLOWING WEATHER WAS RECORDED YESTERDAY.
  NO SIGNIFICANT WEATHER WAS OBSERVED.


RELATIVE HUMIDITY (PERCENT)
 HIGHEST    85          1200 AM
 LOWEST     59           200 PM
 AVERAGE    72

..........................................................


THE FRANKFORT KY CLIMATE NORMALS FOR TODAY
                         NORMAL    RECORD    YEAR
 MAXIMUM TEMPERATURE (F)   45        72      1971
 MINIMUM TEMPERATURE (F)   27       -17      1917


SUNRISE AND SUNSET
DECEMBER 11 2014......SUNRISE   746 AM EST   SUNSET   520 PM EST
DECEMBER 12 2014......SUNRISE   747 AM EST   SUNSET   520 PM EST


-  INDICATES NEGATIVE NUMBERS.
R  INDICATES RECORD WAS SET OR TIED.
MM INDICATES DATA IS MISSING.
T  INDICATES TRACE AMOUNT.




$$
