000
CDUS43 KLMK 180631
CLIFFT


CLIMATE REPORT
NATIONAL WEATHER SERVICE LOUISVILLE KY
230 AM EDT MON MAY 18 2015


...................................

...THE FRANKFORT KY CLIMATE SUMMARY FOR MAY 17 2015...

CLIMATE NORMAL PERIOD 1981 TO 2010
CLIMATE RECORD PERIOD 1895 TO 2015


WEATHER ITEM   OBSERVED TIME   RECORD YEAR NORMAL DEPARTURE LAST
                VALUE   (LST)  VALUE       VALUE  FROM      YEAR
                                                  NORMAL
..................................................................
TEMPERATURE (F)
 YESTERDAY
  MAXIMUM         84    245 PM  91    1931  76      8       60
  MINIMUM         67    613 AM  33    1997  53     14       36
  AVERAGE         76                        64     12       48

PRECIPITATION (IN)
  YESTERDAY        T             1.95 1990   0.15  -0.15     0.00
  MONTH TO DATE    0.65                      2.74  -2.09     3.30
  SINCE MAR 1     19.57                     10.81   8.76    12.13
  SINCE JAN 1     23.13                     17.36   5.77    18.33

SNOWFALL (IN)
  YESTERDAY       MM            MM      MM  MM     MM       MM
  MONTH TO DATE   MM                        MM     MM       MM
  SINCE MAR 1     MM                        MM     MM       MM
  SINCE JUL 1     MM                        MM     MM       MM
  SNOW DEPTH      MM

DEGREE DAYS
 HEATING
  YESTERDAY        0                         4     -4       17
  MONTH TO DATE   31                        80    -49       81
  SINCE MAR 1    976                      1019    -43     1083
  SINCE JUL 1   5096                      4658    438     5195

 COOLING
  YESTERDAY       11                         3      8        0
  MONTH TO DATE   78                        28     50       46
  SINCE MAR 1     86                        48     38       54
  SINCE JAN 1     86                        48     38       54
..................................................................


WIND (MPH)
  HIGHEST WIND SPEED    17   HIGHEST WIND DIRECTION     S (180)
  HIGHEST GUST SPEED    23   HIGHEST GUST DIRECTION     S (170)
  AVERAGE WIND SPEED     8.2


SKY COVER
  POSSIBLE SUNSHINE  MM
  AVERAGE SKY COVER 0.3


WEATHER CONDITIONS
 THE FOLLOWING WEATHER WAS RECORDED YESTERDAY.
  NO SIGNIFICANT WEATHER WAS OBSERVED.


RELATIVE HUMIDITY (PERCENT)
 HIGHEST    93          1200 AM
 LOWEST     58           500 PM
 AVERAGE    76

..........................................................


THE FRANKFORT KY CLIMATE NORMALS FOR TODAY
                         NORMAL    RECORD    YEAR
 MAXIMUM TEMPERATURE (F)   76        92      1962
 MINIMUM TEMPERATURE (F)   53        35      1973


SUNRISE AND SUNSET
MAY 18 2015...........SUNRISE   627 AM EDT   SUNSET   846 PM EDT
MAY 19 2015...........SUNRISE   626 AM EDT   SUNSET   847 PM EDT


-  INDICATES NEGATIVE NUMBERS.
R  INDICATES RECORD WAS SET OR TIED.
MM INDICATES DATA IS MISSING.
T  INDICATES TRACE AMOUNT.




$$
