000
CDUS43 KLMK 130627
CLIFFT


CLIMATE REPORT
NATIONAL WEATHER SERVICE LOUISVILLE KY
126 AM EST MON FEB 13 2017


...................................

...THE FRANKFORT KY CLIMATE SUMMARY FOR FEBRUARY 12 2017...

CLIMATE NORMAL PERIOD 1981 TO 2010
CLIMATE RECORD PERIOD 1895 TO 2017


WEATHER ITEM   OBSERVED TIME   RECORD YEAR NORMAL DEPARTURE LAST
                VALUE   (LST)  VALUE       VALUE  FROM      YEAR
                                                  NORMAL
..................................................................
TEMPERATURE (F)
 YESTERDAY
  MAXIMUM         68    649 AM  75    1999  45     23       32
  MINIMUM         40   1159 PM  -5    1981  26     14       22
  AVERAGE         54                        36     18       27

PRECIPITATION (IN)
  YESTERDAY        0.00          1.69 2008   0.11  -0.11      T
  MONTH TO DATE    1.09                      1.31  -0.22     1.88
  SINCE DEC 1     10.50                      8.58   1.92     9.59
  SINCE JAN 1      5.03                      4.57   0.46     3.33

SNOWFALL (IN)
  YESTERDAY       MM            MM      MM  MM     MM       MM
  MONTH TO DATE   MM                        MM     MM       MM
  SINCE DEC 1     MM                        MM     MM       MM
  SINCE JUL 1     MM                        MM     MM       MM
  SNOW DEPTH      MM

DEGREE DAYS
 HEATING
  YESTERDAY       11                        29    -18       38
  MONTH TO DATE  284                       364    -80      367
  SINCE DEC 1   1917                      2291   -374     1927
  SINCE JUL 1   2535                      3202   -667     2661

 COOLING
  YESTERDAY        0                         0      0        0
  MONTH TO DATE    0                         0      0        0
  SINCE DEC 1      0                         0      0        1
  SINCE JAN 1      0                         0      0        0
..................................................................


WIND (MPH)
  HIGHEST WIND SPEED    22   HIGHEST WIND DIRECTION    NW (320)
  HIGHEST GUST SPEED    32   HIGHEST GUST DIRECTION    NW (320)
  AVERAGE WIND SPEED    12.6


SKY COVER
  POSSIBLE SUNSHINE  MM
  AVERAGE SKY COVER 0.6


WEATHER CONDITIONS
 THE FOLLOWING WEATHER WAS RECORDED YESTERDAY.
  NO SIGNIFICANT WEATHER WAS OBSERVED.


RELATIVE HUMIDITY (PERCENT)
 HIGHEST    78           100 AM
 LOWEST     34           900 PM
 AVERAGE    56

..........................................................


THE FRANKFORT KY CLIMATE NORMALS FOR TODAY
                         NORMAL    RECORD    YEAR
 MAXIMUM TEMPERATURE (F)   46        73      1984
 MINIMUM TEMPERATURE (F)   26       -16      1899


SUNRISE AND SUNSET
FEBRUARY 13 2017......SUNRISE   732 AM EST   SUNSET   616 PM EST
FEBRUARY 14 2017......SUNRISE   731 AM EST   SUNSET   617 PM EST


-  INDICATES NEGATIVE NUMBERS.
R  INDICATES RECORD WAS SET OR TIED.
MM INDICATES DATA IS MISSING.
T  INDICATES TRACE AMOUNT.




$$
