000
CDUS43 KLMK 240633
CLIFFT


CLIMATE REPORT
NATIONAL WEATHER SERVICE LOUISVILLE KY
231 AM EDT WED SEP 24 2014


...................................

...THE FRANKFORT KY CLIMATE SUMMARY FOR SEPTEMBER 23 2014...

CLIMATE NORMAL PERIOD 1981 TO 2010
CLIMATE RECORD PERIOD 1895 TO 2014


WEATHER ITEM   OBSERVED TIME   RECORD YEAR NORMAL DEPARTURE LAST
                VALUE   (LST)  VALUE       VALUE  FROM      YEAR
                                                  NORMAL
..................................................................
TEMPERATURE (F)
 YESTERDAY
  MAXIMUM         73    428 PM  94    2010  77     -4       73
                                      2007
                                      1945
  MINIMUM         41    645 AM  33    1982  53    -12       46
  AVERAGE         57                        65     -8       60

PRECIPITATION (IN)
  YESTERDAY        0.00          2.38 2006   0.10  -0.10     0.00
  MONTH TO DATE    2.83                      2.54   0.29     1.71
  SINCE SEP 1      2.83                      2.54   0.29     1.71
  SINCE JAN 1     36.12                     33.85   2.27    36.77

SNOWFALL (IN)
  YESTERDAY       MM            MM      MM  MM     MM       MM
  MONTH TO DATE   MM                        MM     MM       MM
  SINCE SEP 1     MM                        MM     MM       MM
  SINCE JUL 1     MM                        MM     MM       MM
  SNOW DEPTH      MM

DEGREE DAYS
 HEATING
  YESTERDAY        8                         3      5        5
  MONTH TO DATE   53                        24     29       24
  SINCE SEP 1     53                        24     29       24
  SINCE JUL 1     56                        25     31       28

 COOLING
  YESTERDAY        0                         3     -3        0
  MONTH TO DATE  108                       118    -10      141
  SINCE SEP 1    108                       118    -10      141
  SINCE JAN 1   1034                      1120    -86     1077
..................................................................


WIND (MPH)
  HIGHEST WIND SPEED    14   HIGHEST WIND DIRECTION     E (90)
  HIGHEST GUST SPEED    17   HIGHEST GUST DIRECTION     E (90)
  AVERAGE WIND SPEED     3.7


SKY COVER
  POSSIBLE SUNSHINE  MM
  AVERAGE SKY COVER 0.0


WEATHER CONDITIONS
 THE FOLLOWING WEATHER WAS RECORDED YESTERDAY.
  NO SIGNIFICANT WEATHER WAS OBSERVED.


RELATIVE HUMIDITY (PERCENT)
 HIGHEST    96           400 AM
 LOWEST     34           400 PM
 AVERAGE    65

..........................................................


THE FRANKFORT KY CLIMATE NORMALS FOR TODAY
                         NORMAL    RECORD    YEAR
 MAXIMUM TEMPERATURE (F)   76        94      2007
                                             1941
 MINIMUM TEMPERATURE (F)   52        34      1928


SUNRISE AND SUNSET
SEPTEMBER 24 2014.....SUNRISE   729 AM EDT   SUNSET   733 PM EDT
SEPTEMBER 25 2014.....SUNRISE   730 AM EDT   SUNSET   732 PM EDT


-  INDICATES NEGATIVE NUMBERS.
R  INDICATES RECORD WAS SET OR TIED.
MM INDICATES DATA IS MISSING.
T  INDICATES TRACE AMOUNT.

$$

SCHOETTMER
