000
CDUS43 KLMK 192031
CLIFFT


CLIMATE REPORT
NATIONAL WEATHER SERVICE LOUISVILLE KY
430 PM EDT FRI MAY 19 2017


...................................

...THE FRANKFORT KY CLIMATE SUMMARY FOR MAY 19 2017...
VALID TODAY AS OF 0400 PM LOCAL TIME.

CLIMATE NORMAL PERIOD 1981 TO 2010
CLIMATE RECORD PERIOD 1895 TO 2017


WEATHER ITEM   OBSERVED TIME   RECORD YEAR NORMAL DEPARTURE LAST
                VALUE   (LST)  VALUE       VALUE  FROM      YEAR
                                                  NORMAL
..................................................................
TEMPERATURE (F)
 TODAY
  MAXIMUM         85   1258 PM  94    1962  76      9       72
  MINIMUM         65    558 AM  32    2002  53     12       44
  AVERAGE         75                        65     10       58

PRECIPITATION (IN)
  TODAY            0.00          1.86 2005   0.15  -0.15     0.00
  MONTH TO DATE    3.10                      3.04   0.06     3.25
  SINCE MAR 1     11.53                     11.11   0.42    12.40
  SINCE JAN 1     17.63                     17.66  -0.03    18.42

SNOWFALL (IN)
  TODAY           MM            MM      MM  MM     MM       MM
  MONTH TO DATE   MM                        MM     MM       MM
  SINCE MAR 1     MM                        MM     MM       MM
  SINCE JUL 1     MM                        MM     MM       MM
  SNOW DEPTH      MM

DEGREE DAYS
 HEATING
  TODAY            0                         3     -3        7
  MONTH TO DATE   84                        86     -2      117
  SINCE MAR 1    753                      1025   -272      783
  SINCE JUL 1   3523                      4664  -1141     3855

 COOLING
  TODAY           10                         3      7        0
  MONTH TO DATE   61                        34     27       22
  SINCE MAR 1    134                        54     80       48
  SINCE JAN 1    137                        54     83       48
..................................................................


WIND (MPH)
  HIGHEST WIND SPEED    18   HIGHEST WIND DIRECTION     S (200)
  HIGHEST GUST SPEED    24   HIGHEST GUST DIRECTION     S (200)
  AVERAGE WIND SPEED     7.5


SKY COVER
  POSSIBLE SUNSHINE  MM
  AVERAGE SKY COVER 0.1


WEATHER CONDITIONS
 THE FOLLOWING WEATHER WAS RECORDED TODAY.
  NO SIGNIFICANT WEATHER WAS OBSERVED.


RELATIVE HUMIDITY (PERCENT)
 HIGHEST    87           600 AM
 LOWEST     51           100 PM
 AVERAGE    69

..........................................................


THE FRANKFORT KY CLIMATE NORMALS FOR TOMORROW
                         NORMAL    RECORD    YEAR
 MAXIMUM TEMPERATURE (F)   77        92      1964
                                             1962
                                             1941
 MINIMUM TEMPERATURE (F)   54        38      1984


SUNRISE AND SUNSET
MAY 19 2017...........SUNRISE   625 AM EDT   SUNSET   847 PM EDT
MAY 20 2017...........SUNRISE   625 AM EDT   SUNSET   848 PM EDT


-  INDICATES NEGATIVE NUMBERS.
R  INDICATES RECORD WAS SET OR TIED.
MM INDICATES DATA IS MISSING.
T  INDICATES TRACE AMOUNT.




$$
