000
CDUS43 KLMK 032036
CLIFFT


CLIMATE REPORT
NATIONAL WEATHER SERVICE LOUISVILLE KY
436 PM EDT TUE MAY 3 2016


...................................

...THE FRANKFORT KY CLIMATE SUMMARY FOR MAY 3 2016...
VALID TODAY AS OF 0400 PM LOCAL TIME.

CLIMATE NORMAL PERIOD 1981 TO 2010
CLIMATE RECORD PERIOD 1895 TO 2016


WEATHER ITEM   OBSERVED TIME   RECORD YEAR NORMAL DEPARTURE LAST
                VALUE   (LST)  VALUE       VALUE  FROM      YEAR
                                                  NORMAL
..................................................................
TEMPERATURE (F)
 TODAY
  MAXIMUM         63   1256 PM  90    1959  72     -9       78
                                      1952
  MINIMUM         53    540 AM  30    2005  49      4       47
  AVERAGE         58                        60     -2       63

PRECIPITATION (IN)
  TODAY            0.00          3.05 2011   0.16  -0.16     0.00
  MONTH TO DATE    0.04                      0.48  -0.44     0.00
  SINCE MAR 1      9.19                      8.55   0.64    18.92
  SINCE JAN 1     15.21                     15.10   0.11    22.48

SNOWFALL (IN)
  TODAY           MM            MM      MM  MM     MM       MM
  MONTH TO DATE   MM                        MM     MM       MM
  SINCE MAR 1     MM                        MM     MM       MM
  SINCE JUL 1     MM                        MM     MM       MM
  SNOW DEPTH      MM

DEGREE DAYS
 HEATING
  TODAY            7                         6      1        2
  MONTH TO DATE    9                        18     -9       16
  SINCE MAR 1    675                       957   -282      961
  SINCE JUL 1   3747                      4596   -849     5081

 COOLING
  TODAY            0                         1     -1        0
  MONTH TO DATE    7                         3      4        0
  SINCE MAR 1     33                        23     10        8
  SINCE JAN 1     33                        23     10        8
..................................................................


WIND (MPH)
  HIGHEST WIND SPEED    12   HIGHEST WIND DIRECTION     W (260)
  HIGHEST GUST SPEED    18   HIGHEST GUST DIRECTION     W (270)
  AVERAGE WIND SPEED     5.5


SKY COVER
  POSSIBLE SUNSHINE  MM
  AVERAGE SKY COVER 0.9


WEATHER CONDITIONS
 THE FOLLOWING WEATHER WAS RECORDED TODAY.
  NO SIGNIFICANT WEATHER WAS OBSERVED.


RELATIVE HUMIDITY (PERCENT)
 HIGHEST    83           500 AM
 LOWEST     52           300 PM
 AVERAGE    68

..........................................................


THE FRANKFORT KY CLIMATE NORMALS FOR TOMORROW
                         NORMAL    RECORD    YEAR
 MAXIMUM TEMPERATURE (F)   72        89      1934
                                             1895
 MINIMUM TEMPERATURE (F)   49        30      1971


SUNRISE AND SUNSET
MAY  3 2016...........SUNRISE   640 AM EDT   SUNSET   833 PM EDT
MAY  4 2016...........SUNRISE   639 AM EDT   SUNSET   834 PM EDT


-  INDICATES NEGATIVE NUMBERS.
R  INDICATES RECORD WAS SET OR TIED.
MM INDICATES DATA IS MISSING.
T  INDICATES TRACE AMOUNT.




$$
