000
CDUS43 KLMK 200630
CLIFFT


CLIMATE REPORT
NATIONAL WEATHER SERVICE LOUISVILLE KY
229 AM EDT FRI OCT 20 2017


...................................

...THE FRANKFORT KY CLIMATE SUMMARY FOR OCTOBER 19 2017...

CLIMATE NORMAL PERIOD 1981 TO 2010
CLIMATE RECORD PERIOD 1895 TO 2017


WEATHER ITEM   OBSERVED TIME   RECORD YEAR NORMAL DEPARTURE LAST
                VALUE   (LST)  VALUE       VALUE  FROM      YEAR
                                                  NORMAL
..................................................................
TEMPERATURE (F)
 YESTERDAY
  MAXIMUM         73    400 PM  88    1953  67      6       86
  MINIMUM         42    637 AM  27    1992  43     -1       67
                                      1948
  AVERAGE         58                        55      3       77

PRECIPITATION (IN)
  YESTERDAY        0.00          1.36 1916   0.11  -0.11     0.00
  MONTH TO DATE    3.84                      1.93   1.91     0.09
  SINCE SEP 1      8.80                      5.26   3.54     2.14
  SINCE JAN 1     42.52                     36.57   5.95    38.19

SNOWFALL (IN)
  YESTERDAY       MM            MM      MM  MM     MM       MM
  MONTH TO DATE   MM                        MM     MM       MM
  SINCE SEP 1     MM                        MM     MM       MM
  SINCE JUL 1     MM                        MM     MM       MM
  SNOW DEPTH      MM

DEGREE DAYS
 HEATING
  YESTERDAY        7                        10     -3        0
  MONTH TO DATE   53                       145    -92       44
  SINCE SEP 1     85                       198   -113       62
  SINCE JUL 1     85                       199   -114       62

 COOLING
  YESTERDAY        0                         0      0       12
  MONTH TO DATE   44                        15     29       67
  SINCE SEP 1    186                       148     38      329
  SINCE JAN 1   1273                      1150    123     1620
..................................................................


WIND (MPH)
  HIGHEST WIND SPEED    14   HIGHEST WIND DIRECTION    SW (230)
  HIGHEST GUST SPEED    17   HIGHEST GUST DIRECTION    SW (210)
  AVERAGE WIND SPEED     3.4


SKY COVER
  POSSIBLE SUNSHINE  MM
  AVERAGE SKY COVER 0.0


WEATHER CONDITIONS
 THE FOLLOWING WEATHER WAS RECORDED YESTERDAY.
  FOG
  HAZE


RELATIVE HUMIDITY (PERCENT)
 HIGHEST    89           100 AM
 LOWEST     41           300 PM
 AVERAGE    65

..........................................................


THE FRANKFORT KY CLIMATE NORMALS FOR TODAY
                         NORMAL    RECORD    YEAR
 MAXIMUM TEMPERATURE (F)   67        90      1953
 MINIMUM TEMPERATURE (F)   43        24      1930


SUNRISE AND SUNSET
OCTOBER 20 2017.......SUNRISE   753 AM EDT   SUNSET   655 PM EDT
OCTOBER 21 2017.......SUNRISE   754 AM EDT   SUNSET   653 PM EDT


-  INDICATES NEGATIVE NUMBERS.
R  INDICATES RECORD WAS SET OR TIED.
MM INDICATES DATA IS MISSING.
T  INDICATES TRACE AMOUNT.




$$
