000
CDUS43 KLMK 270637
CLIFFT


CLIMATE REPORT
NATIONAL WEATHER SERVICE LOUISVILLE KY
237 AM EDT SAT AUG 27 2016


...................................

...THE FRANKFORT KY CLIMATE SUMMARY FOR AUGUST 26 2016...

CLIMATE NORMAL PERIOD 1981 TO 2010
CLIMATE RECORD PERIOD 1895 TO 2016


WEATHER ITEM   OBSERVED TIME   RECORD YEAR NORMAL DEPARTURE LAST
                VALUE   (LST)  VALUE       VALUE  FROM      YEAR
                                                  NORMAL
..................................................................
TEMPERATURE (F)
 YESTERDAY
  MAXIMUM         93    552 PM 101    1948  86      7       77
  MINIMUM         69    623 AM  41    1896  63      6       51
  AVERAGE         81                        74      7       64

PRECIPITATION (IN)
  YESTERDAY        0.00          1.35 1914   0.12  -0.12     0.00
  MONTH TO DATE    3.89                      2.79   1.10     2.93
  SINCE JUN 1     15.93                     11.27   4.66    20.16
  SINCE JAN 1     35.59                     30.74   4.85    43.56

SNOWFALL (IN)
  YESTERDAY       MM            MM      MM  MM     MM       MM
  MONTH TO DATE   MM                        MM     MM       MM
  SINCE JUN 1     MM                        MM     MM       MM
  SINCE JUL 1     MM                        MM     MM       MM
  SNOW DEPTH      MM

DEGREE DAYS
 HEATING
  YESTERDAY        0                         0      0        1
  MONTH TO DATE    0                         0      0        1
  SINCE JUN 1      1                        10     -9       17
  SINCE JUL 1      0                         0      0        1

 COOLING
  YESTERDAY       16                         9      7        0
  MONTH TO DATE  358                       274     84      203
  SINCE JUN 1   1095                       860    235      847
  SINCE JAN 1   1210                       959    251     1002
..................................................................


WIND (MPH)
  HIGHEST WIND SPEED     7   HIGHEST WIND DIRECTION     E (100)
  HIGHEST GUST SPEED     9   HIGHEST GUST DIRECTION    SE (120)
  AVERAGE WIND SPEED     1.0


SKY COVER
  POSSIBLE SUNSHINE  MM
  AVERAGE SKY COVER 0.1


WEATHER CONDITIONS
 THE FOLLOWING WEATHER WAS RECORDED YESTERDAY.
  FOG


RELATIVE HUMIDITY (PERCENT)
 HIGHEST    90           100 AM
 LOWEST     44           300 PM
 AVERAGE    67

..........................................................


THE FRANKFORT KY CLIMATE NORMALS FOR TODAY
                         NORMAL    RECORD    YEAR
 MAXIMUM TEMPERATURE (F)   86       104      1936
 MINIMUM TEMPERATURE (F)   63        41      1896


SUNRISE AND SUNSET
AUGUST 27 2016........SUNRISE   705 AM EDT   SUNSET   816 PM EDT
AUGUST 28 2016........SUNRISE   706 AM EDT   SUNSET   814 PM EDT


-  INDICATES NEGATIVE NUMBERS.
R  INDICATES RECORD WAS SET OR TIED.
MM INDICATES DATA IS MISSING.
T  INDICATES TRACE AMOUNT.




$$
