000
CDUS43 KLMK 130640
CLIFFT


CLIMATE REPORT
NATIONAL WEATHER SERVICE LOUISVILLE KY
139 AM EST WED DEC 13 2017


...................................

...THE FRANKFORT KY CLIMATE SUMMARY FOR DECEMBER 12 2017...

CLIMATE NORMAL PERIOD 1981 TO 2010
CLIMATE RECORD PERIOD 1895 TO 2017


WEATHER ITEM   OBSERVED TIME   RECORD YEAR NORMAL DEPARTURE LAST
                VALUE   (LST)  VALUE       VALUE  FROM      YEAR
                                                  NORMAL
..................................................................
TEMPERATURE (F)
 YESTERDAY
  MAXIMUM         45    115 AM  71    2015  45      0       46
  MINIMUM         19   1157 PM  -7    1917  27     -8       27
  AVERAGE         32                        36     -4       37

PRECIPITATION (IN)
  YESTERDAY        T             1.44 1949   0.13  -0.13     0.10
  MONTH TO DATE    0.61                      1.74  -1.13     1.51
  SINCE DEC 1      0.61                      1.74  -1.13     1.51
  SINCE JAN 1     47.52                     43.35   4.17    41.75

SNOWFALL (IN)
  YESTERDAY       MM            MM      MM  MM     MM       MM
  MONTH TO DATE   MM                        MM     MM       MM
  SINCE DEC 1     MM                        MM     MM       MM
  SINCE JUL 1     MM                        MM     MM       MM
  SNOW DEPTH      MM

DEGREE DAYS
 HEATING
  YESTERDAY       33                        29      4       28
  MONTH TO DATE  338                       326     12      344
  SINCE DEC 1    338                       326     12      344
  SINCE JUL 1   1146                      1237    -91      962

 COOLING
  YESTERDAY        0                         0      0        0
  MONTH TO DATE    0                         0      0        0
  SINCE DEC 1      0                         0      0        0
  SINCE JAN 1   1279                      1155    124     1639
..................................................................


WIND (MPH)
  HIGHEST WIND SPEED    22   HIGHEST WIND DIRECTION     N (340)
  HIGHEST GUST SPEED    33   HIGHEST GUST DIRECTION    NW (300)
  AVERAGE WIND SPEED    10.3


SKY COVER
  POSSIBLE SUNSHINE  MM
  AVERAGE SKY COVER 0.6


WEATHER CONDITIONS
 THE FOLLOWING WEATHER WAS RECORDED YESTERDAY.
  LIGHT RAIN
  FOG
  HAZE


RELATIVE HUMIDITY (PERCENT)
 HIGHEST    82           700 AM
 LOWEST     31           500 PM
 AVERAGE    57

..........................................................


THE FRANKFORT KY CLIMATE NORMALS FOR TODAY
                         NORMAL    RECORD    YEAR
 MAXIMUM TEMPERATURE (F)   45        72      1927
 MINIMUM TEMPERATURE (F)   27        -5      1962


SUNRISE AND SUNSET
DECEMBER 13 2017......SUNRISE   748 AM EST   SUNSET   520 PM EST
DECEMBER 14 2017......SUNRISE   748 AM EST   SUNSET   520 PM EST


-  INDICATES NEGATIVE NUMBERS.
R  INDICATES RECORD WAS SET OR TIED.
MM INDICATES DATA IS MISSING.
T  INDICATES TRACE AMOUNT.




$$
