000
CDUS43 KLMK 080645
CLIFFT


CLIMATE REPORT
NATIONAL WEATHER SERVICE LOUISVILLE KY
245 AM EDT FRI SEP 8 2017


...................................

...THE FRANKFORT KY CLIMATE SUMMARY FOR SEPTEMBER 7 2017...

CLIMATE NORMAL PERIOD 1981 TO 2010
CLIMATE RECORD PERIOD 1895 TO 2017


WEATHER ITEM   OBSERVED TIME   RECORD YEAR NORMAL DEPARTURE LAST
                VALUE   (LST)  VALUE       VALUE  FROM      YEAR
                                                  NORMAL
..................................................................
TEMPERATURE (F)
 YESTERDAY
  MAXIMUM         70    233 PM 104    1954  83    -13       93
  MINIMUM         46    636 AM  43    1988  59    -13       67
  AVERAGE         58                        71    -13       80

PRECIPITATION (IN)
  YESTERDAY        0.00          3.32 1970   0.12  -0.12     0.00
  MONTH TO DATE    3.51                      0.79   2.72     0.00
  SINCE SEP 1      3.51                      0.79   2.72     0.00
  SINCE JAN 1     37.23                     32.10   5.13    36.05

SNOWFALL (IN)
  YESTERDAY        0.0          MM      MM  MM     MM       MM
  MONTH TO DATE    0.0                      MM     MM       MM
  SINCE SEP 1      0.0                      MM     MM       MM
  SINCE JUL 1      0.0                      MM     MM       MM
  SNOW DEPTH       0

DEGREE DAYS
 HEATING
  YESTERDAY        7                         0      7        0
  MONTH TO DATE   19                         0     19        0
  SINCE SEP 1     19                         0     19        0
  SINCE JUL 1     19                         1     18        0

 COOLING
  YESTERDAY        0                         6     -6       15
  MONTH TO DATE   14                        50    -36       67
  SINCE SEP 1     14                        50    -36       67
  SINCE JAN 1   1101                      1052     49     1358
..................................................................


WIND (MPH)
  HIGHEST WIND SPEED    13   HIGHEST WIND DIRECTION     W (270)
  HIGHEST GUST SPEED    17   HIGHEST GUST DIRECTION     W (250)
  AVERAGE WIND SPEED     4.3


SKY COVER
  POSSIBLE SUNSHINE  MM
  AVERAGE SKY COVER 0.2


WEATHER CONDITIONS
 THE FOLLOWING WEATHER WAS RECORDED YESTERDAY.
  NO SIGNIFICANT WEATHER WAS OBSERVED.


RELATIVE HUMIDITY (PERCENT)
 HIGHEST    93           500 AM
 LOWEST     42           200 PM
 AVERAGE    68

..........................................................


THE FRANKFORT KY CLIMATE NORMALS FOR TODAY
                         NORMAL    RECORD    YEAR
 MAXIMUM TEMPERATURE (F)   83       101      1939
 MINIMUM TEMPERATURE (F)   59        42      1988


SUNRISE AND SUNSET
SEPTEMBER  8 2017.....SUNRISE   715 AM EDT   SUNSET   758 PM EDT
SEPTEMBER  9 2017.....SUNRISE   716 AM EDT   SUNSET   757 PM EDT


-  INDICATES NEGATIVE NUMBERS.
R  INDICATES RECORD WAS SET OR TIED.
MM INDICATES DATA IS MISSING.
T  INDICATES TRACE AMOUNT.




$$
