000
CDUS43 KLMK 062031
CLIFFT


CLIMATE REPORT
NATIONAL WEATHER SERVICE LOUISVILLE KY
431 PM EDT SUN APR 6 2014


...................................

...THE FRANKFORT KY CLIMATE SUMMARY FOR APRIL 6 2014...
VALID TODAY AS OF 0400 PM LOCAL TIME.

CLIMATE NORMAL PERIOD 1981 TO 2010
CLIMATE RECORD PERIOD 1895 TO 2014


WEATHER ITEM   OBSERVED TIME   RECORD YEAR NORMAL DEPARTURE LAST
                VALUE   (LST)  VALUE       VALUE  FROM      YEAR
                                                  NORMAL
..................................................................
TEMPERATURE (F)
 TODAY
  MAXIMUM         60    259 PM  85    1988  64     -4       71
                                      1929
  MINIMUM         33   1251 AM  23    1995  40     -7       38
                                      1898
  AVERAGE         47                        52     -5       55

PRECIPITATION (IN)
  TODAY            0.00          1.57 1936   0.10  -0.10     0.00
  MONTH TO DATE    2.15                      0.65   1.50     0.00
  SINCE MAR 1      4.37                      5.03  -0.66     4.19
  SINCE JAN 1     10.57                     11.58  -1.01    10.83

SNOWFALL (IN)
  TODAY           MM            MM      MM  MM     MM       MM
  MONTH TO DATE   MM                        MM     MM       MM
  SINCE MAR 1     MM                        MM     MM       MM
  SINCE JUL 1     MM                        MM     MM       MM
  SNOW DEPTH      MM

DEGREE DAYS
 HEATING
  TODAY           18                        13      5       10
  MONTH TO DATE   59                        85    -26      130
  SINCE MAR 1    811                       710    101      946
  SINCE JUL 1   4923                      4349    574     4484

 COOLING
  TODAY            0                         0      0        0
  MONTH TO DATE    0                         0      0        0
  SINCE MAR 1      0                         2     -2        0
  SINCE JAN 1      0                         2     -2        0
..................................................................


WIND (MPH)
  HIGHEST WIND SPEED    17   HIGHEST WIND DIRECTION     E (80)
  HIGHEST GUST SPEED    23   HIGHEST GUST DIRECTION     E (80)
  AVERAGE WIND SPEED     7.2


SKY COVER
  POSSIBLE SUNSHINE  MM
  AVERAGE SKY COVER 0.0


WEATHER CONDITIONS
 THE FOLLOWING WEATHER WAS RECORDED TODAY.
  NO SIGNIFICANT WEATHER WAS OBSERVED.


RELATIVE HUMIDITY (PERCENT)
 HIGHEST    89           100 AM
 LOWEST     39           300 PM
 AVERAGE    64

..........................................................


THE FRANKFORT KY CLIMATE NORMALS FOR TOMORROW
                         NORMAL    RECORD    YEAR
 MAXIMUM TEMPERATURE (F)   64        85      1929
 MINIMUM TEMPERATURE (F)   41        22      2007


SUNRISE AND SUNSET
APRIL  6 2014.........SUNRISE   717 AM EDT   SUNSET   807 PM EDT
APRIL  7 2014.........SUNRISE   716 AM EDT   SUNSET   808 PM EDT


-  INDICATES NEGATIVE NUMBERS.
R  INDICATES RECORD WAS SET OR TIED.
MM INDICATES DATA IS MISSING.
T  INDICATES TRACE AMOUNT.




$$
