000
CDUS43 KLMK 130640
CLIFFT


CLIMATE REPORT
NATIONAL WEATHER SERVICE LOUISVILLE KY
140 AM EST FRI JAN 13 2017


...................................

...THE FRANKFORT KY CLIMATE SUMMARY FOR JANUARY 12 2017...

CLIMATE NORMAL PERIOD 1981 TO 2010
CLIMATE RECORD PERIOD 1895 TO 2017


WEATHER ITEM   OBSERVED TIME   RECORD YEAR NORMAL DEPARTURE LAST
                VALUE   (LST)  VALUE       VALUE  FROM      YEAR
                                                  NORMAL
..................................................................
TEMPERATURE (F)
 YESTERDAY
  MAXIMUM         69    427 PM  76    1916  41     28       36
  MINIMUM         41   1159 PM -21    1918  23     18       14
  AVERAGE         55                        32     23       25

PRECIPITATION (IN)
  YESTERDAY        0.24          2.57 1913   0.12   0.12     0.05
  MONTH TO DATE    1.69                      1.39   0.30     0.74
  SINCE DEC 1      7.16                      5.40   1.76     7.00
  SINCE JAN 1      1.69                      1.39   0.30     0.74

SNOWFALL (IN)
  YESTERDAY        0.0          MM      MM  MM     MM       MM
  MONTH TO DATE    0.0                      MM     MM       MM
  SINCE DEC 1      0.0                      MM     MM       MM
  SINCE JUL 1      0.0                      MM     MM       MM
  SNOW DEPTH       0

DEGREE DAYS
 HEATING
  YESTERDAY       10                        33    -23       40
  MONTH TO DATE  360                       396    -36      375
  SINCE DEC 1   1233                      1317    -84      905
  SINCE JUL 1   1851                      2228   -377     1639

 COOLING
  YESTERDAY        0                         0      0        0
  MONTH TO DATE    0                         0      0        0
  SINCE DEC 1      0                         0      0        1
  SINCE JAN 1      0                         0      0        0
..................................................................


WIND (MPH)
  HIGHEST WIND SPEED    29   HIGHEST WIND DIRECTION    SW (220)
  HIGHEST GUST SPEED    46   HIGHEST GUST DIRECTION    SW (220)
  AVERAGE WIND SPEED    16.4


SKY COVER
  POSSIBLE SUNSHINE  MM
  AVERAGE SKY COVER 1.0


WEATHER CONDITIONS
 THE FOLLOWING WEATHER WAS RECORDED YESTERDAY.
  HEAVY RAIN
  RAIN
  LIGHT RAIN
  FOG


RELATIVE HUMIDITY (PERCENT)
 HIGHEST    84           500 PM
 LOWEST     63           200 PM
 AVERAGE    74

..........................................................


THE FRANKFORT KY CLIMATE NORMALS FOR TODAY
                         NORMAL    RECORD    YEAR
 MAXIMUM TEMPERATURE (F)   41        73      1916
 MINIMUM TEMPERATURE (F)   23        -9      1977


SUNRISE AND SUNSET
JANUARY 13 2017.......SUNRISE   755 AM EST   SUNSET   542 PM EST
JANUARY 14 2017.......SUNRISE   755 AM EST   SUNSET   543 PM EST


-  INDICATES NEGATIVE NUMBERS.
R  INDICATES RECORD WAS SET OR TIED.
MM INDICATES DATA IS MISSING.
T  INDICATES TRACE AMOUNT.




$$
