000
CDUS43 KLMK 242028
CLIFFT


CLIMATE REPORT
NATIONAL WEATHER SERVICE LOUISVILLE KY
428 PM EDT SUN MAY 24 2015


...................................

...THE FRANKFORT KY CLIMATE SUMMARY FOR MAY 24 2015...
VALID TODAY AS OF 0400 PM LOCAL TIME.

CLIMATE NORMAL PERIOD 1981 TO 2010
CLIMATE RECORD PERIOD 1895 TO 2015


WEATHER ITEM   OBSERVED TIME   RECORD YEAR NORMAL DEPARTURE LAST
                VALUE   (LST)  VALUE       VALUE  FROM      YEAR
                                                  NORMAL
..................................................................
TEMPERATURE (F)
 TODAY
  MAXIMUM         84    257 PM  92    1933  78      6       77
  MINIMUM         55    543 AM  36    1931  55      0       49
  AVERAGE         70                        66      4       63

PRECIPITATION (IN)
  TODAY            0.00          1.57 1997   0.16  -0.16     0.00
  MONTH TO DATE    0.65                      3.82  -3.17     5.07
  SINCE MAR 1     19.57                     11.89   7.68    13.90
  SINCE JAN 1     23.13                     18.44   4.69    20.10

SNOWFALL (IN)
  TODAY           MM            MM      MM  MM     MM       MM
  MONTH TO DATE   MM                        MM     MM       MM
  SINCE MAR 1     MM                        MM     MM       MM
  SINCE JUL 1     MM                        MM     MM       MM
  SNOW DEPTH      MM

DEGREE DAYS
 HEATING
  TODAY            0                         2     -2        2
  MONTH TO DATE   58                       100    -42      105
  SINCE MAR 1   1003                      1039    -36     1107
  SINCE JUL 1   5123                      4678    445     5219

 COOLING
  TODAY            5                         4      1        0
  MONTH TO DATE   90                        50     40       63
  SINCE MAR 1     98                        70     28       71
  SINCE JAN 1     98                        70     28       71
..................................................................


WIND (MPH)
  HIGHEST WIND SPEED    18   HIGHEST WIND DIRECTION     S (180)
  HIGHEST GUST SPEED    24   HIGHEST GUST DIRECTION     S (180)
  AVERAGE WIND SPEED     6.8


SKY COVER
  POSSIBLE SUNSHINE  MM
  AVERAGE SKY COVER 0.1


WEATHER CONDITIONS
 THE FOLLOWING WEATHER WAS RECORDED TODAY.
  NO SIGNIFICANT WEATHER WAS OBSERVED.


RELATIVE HUMIDITY (PERCENT)
 HIGHEST    83           500 AM
 LOWEST     37           100 PM
 AVERAGE    60

..........................................................


THE FRANKFORT KY CLIMATE NORMALS FOR TOMORROW
                         NORMAL    RECORD    YEAR
 MAXIMUM TEMPERATURE (F)   78        95      1914
 MINIMUM TEMPERATURE (F)   55        36      1925


SUNRISE AND SUNSET
MAY 24 2015...........SUNRISE   622 AM EDT   SUNSET   851 PM EDT
MAY 25 2015...........SUNRISE   622 AM EDT   SUNSET   852 PM EDT


-  INDICATES NEGATIVE NUMBERS.
R  INDICATES RECORD WAS SET OR TIED.
MM INDICATES DATA IS MISSING.
T  INDICATES TRACE AMOUNT.




$$
