000
CDUS43 KLMK 120627
CLIFFT


CLIMATE REPORT
NATIONAL WEATHER SERVICE LOUISVILLE KY
127 AM EST SUN FEB 12 2017


...................................

...THE FRANKFORT KY CLIMATE SUMMARY FOR FEBRUARY 11 2017...

CLIMATE NORMAL PERIOD 1981 TO 2010
CLIMATE RECORD PERIOD 1895 TO 2017


WEATHER ITEM   OBSERVED TIME   RECORD YEAR NORMAL DEPARTURE LAST
                VALUE   (LST)  VALUE       VALUE  FROM      YEAR
                                                  NORMAL
..................................................................
TEMPERATURE (F)
 YESTERDAY
  MAXIMUM         65    136 PM  78    1932  45     20       30
  MINIMUM         52    806 AM   2    1982  26     26       15
                                      1899
  AVERAGE         59                        36     23       23

PRECIPITATION (IN)
  YESTERDAY        0.00          0.80 1921   0.10  -0.10     0.00
  MONTH TO DATE    1.09                      1.20  -0.11     1.88
  SINCE DEC 1     10.50                      8.47   2.03     9.59
  SINCE JAN 1      5.03                      4.46   0.57     3.33

SNOWFALL (IN)
  YESTERDAY       MM            MM      MM  MM     MM       MM
  MONTH TO DATE   MM                        MM     MM       MM
  SINCE DEC 1     MM                        MM     MM       MM
  SINCE JUL 1     MM                        MM     MM       MM
  SNOW DEPTH      MM

DEGREE DAYS
 HEATING
  YESTERDAY        6                        30    -24       42
  MONTH TO DATE  273                       335    -62      329
  SINCE DEC 1   1906                      2262   -356     1889
  SINCE JUL 1   2524                      3173   -649     2623

 COOLING
  YESTERDAY        0                         0      0        0
  MONTH TO DATE    0                         0      0        0
  SINCE DEC 1      0                         0      0        1
  SINCE JAN 1      0                         0      0        0
..................................................................


WIND (MPH)
  HIGHEST WIND SPEED    18   HIGHEST WIND DIRECTION    SW (230)
  HIGHEST GUST SPEED    26   HIGHEST GUST DIRECTION    SW (230)
  AVERAGE WIND SPEED     9.9


SKY COVER
  POSSIBLE SUNSHINE  MM
  AVERAGE SKY COVER 0.6


WEATHER CONDITIONS
 THE FOLLOWING WEATHER WAS RECORDED YESTERDAY.
  NO SIGNIFICANT WEATHER WAS OBSERVED.


RELATIVE HUMIDITY (PERCENT)
 HIGHEST    84          1000 PM
 LOWEST     32          1200 AM
 AVERAGE    58

..........................................................


THE FRANKFORT KY CLIMATE NORMALS FOR TODAY
                         NORMAL    RECORD    YEAR
 MAXIMUM TEMPERATURE (F)   45        75      1999
 MINIMUM TEMPERATURE (F)   26        -5      1981


SUNRISE AND SUNSET
FEBRUARY 12 2017......SUNRISE   733 AM EST   SUNSET   615 PM EST
FEBRUARY 13 2017......SUNRISE   732 AM EST   SUNSET   616 PM EST


-  INDICATES NEGATIVE NUMBERS.
R  INDICATES RECORD WAS SET OR TIED.
MM INDICATES DATA IS MISSING.
T  INDICATES TRACE AMOUNT.




$$
