000
CDUS43 KLMK 102029
CLIFFT

CLIMATE REPORT
NATIONAL WEATHER SERVICE LOUISVILLE KY
427 PM EDT THU APR 10 2014


...................................

...THE FRANKFORT KY CLIMATE SUMMARY FOR APRIL 10 2014...
VALID TODAY AS OF 0400 PM LOCAL TIME.

CLIMATE NORMAL PERIOD 1981 TO 2010
CLIMATE RECORD PERIOD 1895 TO 2014


WEATHER ITEM   OBSERVED TIME   RECORD YEAR NORMAL DEPARTURE LAST
                VALUE   (LST)  VALUE       VALUE  FROM      YEAR
                                                  NORMAL
..................................................................
TEMPERATURE (F)
 TODAY
  MAXIMUM         73    251 PM  84    2011  65      8       83
                                      2001
                                      1919
  MINIMUM         38    446 AM  23    1997  42     -4       58
                                      1960
  AVERAGE         56                        54      2       71

PRECIPITATION (IN)
  TODAY            0.00          1.85 1943   0.12  -0.12     0.00
  MONTH TO DATE    2.36                      1.14   1.22     0.00
  SINCE MAR 1      4.58                      5.52  -0.94     4.19
  SINCE JAN 1     10.78                     12.07  -1.29    10.83

SNOWFALL (IN)
  TODAY            0.0          MM      MM  MM     MM       MM
  MONTH TO DATE    0.0                      MM     MM       MM
  SINCE MAR 1      0.0                      MM     MM       MM
  SINCE JUL 1      0.0                      MM     MM       MM
  SNOW DEPTH       0

DEGREE DAYS
 HEATING
  TODAY            9                        12     -3        0
  MONTH TO DATE  102                       135    -33      134
  SINCE MAR 1    854                       760     94      950
  SINCE JUL 1   4966                      4399    567     4488

 COOLING
  TODAY            0                         1     -1        6
  MONTH TO DATE    0                         2     -2        8
  SINCE MAR 1      0                         4     -4        8
  SINCE JAN 1      0                         4     -4        8
..................................................................


WIND (MPH)
  HIGHEST WIND SPEED    26   HIGHEST WIND DIRECTION     S (200)
  HIGHEST GUST SPEED    35   HIGHEST GUST DIRECTION     S (200)
  AVERAGE WIND SPEED    11.1


SKY COVER
  POSSIBLE SUNSHINE  MM
  AVERAGE SKY COVER 0.0


WEATHER CONDITIONS
 THE FOLLOWING WEATHER WAS RECORDED TODAY.
  NO SIGNIFICANT WEATHER WAS OBSERVED.


RELATIVE HUMIDITY (PERCENT)
 HIGHEST    79           200 AM
 LOWEST     29           100 PM
 AVERAGE    54

..........................................................


THE FRANKFORT KY CLIMATE NORMALS FOR TOMORROW
                         NORMAL    RECORD    YEAR
 MAXIMUM TEMPERATURE (F)   66        88      1930
 MINIMUM TEMPERATURE (F)   42        24      1996
                                             1989
                                             1960


SUNRISE AND SUNSET
APRIL 10 2014.........SUNRISE   711 AM EDT   SUNSET   811 PM EDT
APRIL 11 2014.........SUNRISE   710 AM EDT   SUNSET   812 PM EDT


-  INDICATES NEGATIVE NUMBERS.
R  INDICATES RECORD WAS SET OR TIED.
MM INDICATES DATA IS MISSING.
T  INDICATES TRACE AMOUNT.




$$
