000
CDUS43 KLMK 252032
CLIFFT


CLIMATE REPORT
NATIONAL WEATHER SERVICE LOUISVILLE KY
431 PM EDT TUE AUG 25 2015


...................................

...THE FRANKFORT KY CLIMATE SUMMARY FOR AUGUST 25 2015...
VALID TODAY AS OF 0400 PM LOCAL TIME.

CLIMATE NORMAL PERIOD 1981 TO 2010
CLIMATE RECORD PERIOD 1895 TO 2015


WEATHER ITEM   OBSERVED TIME   RECORD YEAR NORMAL DEPARTURE LAST
                VALUE   (LST)  VALUE       VALUE  FROM      YEAR
                                                  NORMAL
..................................................................
TEMPERATURE (F)
 TODAY
  MAXIMUM         75    224 PM 102    1948  86    -11       90
                                      1943
  MINIMUM         53    642 AM  46    1942  63    -10       68
  AVERAGE         64                        74    -10       79

PRECIPITATION (IN)
  TODAY            0.00          1.50 1911   0.12  -0.12     0.00
  MONTH TO DATE    2.93                      2.67   0.26     4.23
  SINCE JUN 1     20.16                     11.15   9.01    11.18
  SINCE JAN 1     43.56                     30.62  12.94    31.96

SNOWFALL (IN)
  TODAY           MM            MM      MM  MM     MM       MM
  MONTH TO DATE   MM                        MM     MM       MM
  SINCE JUN 1     MM                        MM     MM       MM
  SINCE JUL 1     MM                        MM     MM       MM
  SNOW DEPTH      MM

DEGREE DAYS
 HEATING
  TODAY            1                         0      1        0
  MONTH TO DATE    1                         0      1        0
  SINCE JUN 1     17                        10      7        6
  SINCE JUL 1      1                         0      1        3

 COOLING
  TODAY            0                         9     -9       14
  MONTH TO DATE  204                       265    -61      238
  SINCE JUN 1    848                       851     -3      728
  SINCE JAN 1   1003                       950     53      850
..................................................................


WIND (MPH)
  HIGHEST WIND SPEED    14   HIGHEST WIND DIRECTION    NW (330)
  HIGHEST GUST SPEED    17   HIGHEST GUST DIRECTION    NW (310)
  AVERAGE WIND SPEED     4.3


SKY COVER
  POSSIBLE SUNSHINE  MM
  AVERAGE SKY COVER 0.1


WEATHER CONDITIONS
 THE FOLLOWING WEATHER WAS RECORDED TODAY.
  NO SIGNIFICANT WEATHER WAS OBSERVED.


RELATIVE HUMIDITY (PERCENT)
 HIGHEST    93           300 AM
 LOWEST     41           100 PM
 AVERAGE    67

..........................................................


THE FRANKFORT KY CLIMATE NORMALS FOR TOMORROW
                         NORMAL    RECORD    YEAR
 MAXIMUM TEMPERATURE (F)   86       101      1948
 MINIMUM TEMPERATURE (F)   63        41      1896


SUNRISE AND SUNSET
AUGUST 25 2015........SUNRISE   703 AM EDT   SUNSET   820 PM EDT
AUGUST 26 2015........SUNRISE   704 AM EDT   SUNSET   818 PM EDT


-  INDICATES NEGATIVE NUMBERS.
R  INDICATES RECORD WAS SET OR TIED.
MM INDICATES DATA IS MISSING.
T  INDICATES TRACE AMOUNT.




$$
