000
CDUS43 KLMK 150628
CLIFFT


CLIMATE REPORT
NATIONAL WEATHER SERVICE LOUISVILLE KY
228 AM EDT SAT APR 15 2017


...................................

...THE FRANKFORT KY CLIMATE SUMMARY FOR APRIL 14 2017...

CLIMATE NORMAL PERIOD 1981 TO 2010
CLIMATE RECORD PERIOD 1895 TO 2017


WEATHER ITEM   OBSERVED TIME   RECORD YEAR NORMAL DEPARTURE LAST
                VALUE   (LST)  VALUE       VALUE  FROM      YEAR
                                                  NORMAL
..................................................................
TEMPERATURE (F)
 YESTERDAY
  MAXIMUM         84    400 PM  86    2006  67     17       73
  MINIMUM         46    605 AM  23    1940  43      3       44
  AVERAGE         65                        55     10       59

PRECIPITATION (IN)
  YESTERDAY        0.00          1.93 1922   0.11  -0.11     0.00
  MONTH TO DATE    0.92                      1.57  -0.65     0.85
  SINCE MAR 1      6.01                      5.95   0.06     6.93
  SINCE JAN 1     12.11                     12.50  -0.39    12.95

SNOWFALL (IN)
  YESTERDAY       MM            MM      MM  MM     MM       MM
  MONTH TO DATE   MM                        MM     MM       MM
  SINCE MAR 1     MM                        MM     MM       MM
  SINCE JUL 1     MM                        MM     MM       MM
  SNOW DEPTH      MM

DEGREE DAYS
 HEATING
  YESTERDAY        0                        11    -11        6
  MONTH TO DATE   97                       181    -84      227
  SINCE MAR 1    630                       806   -176      637
  SINCE JUL 1   3400                      4445  -1045     3709

 COOLING
  YESTERDAY        0                         1     -1        0
  MONTH TO DATE    8                         6      2        0
  SINCE MAR 1     14                         8      6        1
  SINCE JAN 1     17                         8      9        1
..................................................................


WIND (MPH)
  HIGHEST WIND SPEED    12   HIGHEST WIND DIRECTION    SW (220)
  HIGHEST GUST SPEED    14   HIGHEST GUST DIRECTION     N (340)
  AVERAGE WIND SPEED     2.3


SKY COVER
  POSSIBLE SUNSHINE  MM
  AVERAGE SKY COVER 0.0


WEATHER CONDITIONS
 THE FOLLOWING WEATHER WAS RECORDED YESTERDAY.
  NO SIGNIFICANT WEATHER WAS OBSERVED.


RELATIVE HUMIDITY (PERCENT)
 HIGHEST    80           700 AM
 LOWEST     22           300 PM
 AVERAGE    51

..........................................................


THE FRANKFORT KY CLIMATE NORMALS FOR TODAY
                         NORMAL    RECORD    YEAR
 MAXIMUM TEMPERATURE (F)   67        87      1936
 MINIMUM TEMPERATURE (F)   43        25      1907


SUNRISE AND SUNSET
APRIL 15 2017.........SUNRISE   704 AM EDT   SUNSET   816 PM EDT
APRIL 16 2017.........SUNRISE   702 AM EDT   SUNSET   817 PM EDT


-  INDICATES NEGATIVE NUMBERS.
R  INDICATES RECORD WAS SET OR TIED.
MM INDICATES DATA IS MISSING.
T  INDICATES TRACE AMOUNT.




$$
