000
CDUS43 KLMK 150629
CLIFFT


CLIMATE REPORT
NATIONAL WEATHER SERVICE LOUISVILLE KY
227 AM EDT TUE JUL 15 2014


...................................

...THE FRANKFORT KY CLIMATE SUMMARY FOR JULY 14 2014...

CLIMATE NORMAL PERIOD 1981 TO 2010
CLIMATE RECORD PERIOD 1895 TO 2014


WEATHER ITEM   OBSERVED TIME   RECORD YEAR NORMAL DEPARTURE LAST
                VALUE   (LST)  VALUE       VALUE  FROM      YEAR
                                                  NORMAL
..................................................................
TEMPERATURE (F)
 YESTERDAY
  MAXIMUM         84    454 PM 107    1936  87     -3       90
  MINIMUM         67   1159 PM  50    1940  66      1       68
  AVERAGE         76                        76      0       79

PRECIPITATION (IN)
  YESTERDAY        0.18          3.22 2006   0.15   0.03     0.02
  MONTH TO DATE    0.97                      1.87  -0.90     5.63
  SINCE JUN 1      4.89                      5.96  -1.07    12.14
  SINCE JAN 1     25.67                     25.43   0.24    30.81

SNOWFALL (IN)
  YESTERDAY       MM            MM      MM  MM     MM       MM
  MONTH TO DATE   MM                        MM     MM       MM
  SINCE JUN 1     MM                        MM     MM       MM
  SINCE JUL 1     MM                        MM     MM       MM
  SNOW DEPTH      MM

DEGREE DAYS
 HEATING
  YESTERDAY        0                         0      0        0
  MONTH TO DATE    0                         0      0        0
  SINCE JUN 1      3                        10     -7        2
  SINCE JUL 1      0                         0      0        0

 COOLING
  YESTERDAY       11                        11      0       14
  MONTH TO DATE  129                       154    -25      123
  SINCE JUN 1    394                       390      4      364
  SINCE JAN 1    516                       489     27      483
..................................................................


WIND (MPH)
  HIGHEST WIND SPEED    18   HIGHEST WIND DIRECTION    NW (320)
  HIGHEST GUST SPEED    26   HIGHEST GUST DIRECTION    NW (330)
  AVERAGE WIND SPEED     6.6


SKY COVER
  POSSIBLE SUNSHINE  MM
  AVERAGE SKY COVER 0.6


WEATHER CONDITIONS
 THE FOLLOWING WEATHER WAS RECORDED YESTERDAY.
  THUNDERSTORM
  LIGHT RAIN
  FOG


RELATIVE HUMIDITY (PERCENT)
 HIGHEST    93           100 AM
 LOWEST     58           200 PM
 AVERAGE    76

..........................................................


THE FRANKFORT KY CLIMATE NORMALS FOR TODAY
                         NORMAL    RECORD    YEAR
 MAXIMUM TEMPERATURE (F)   87       111      1936
 MINIMUM TEMPERATURE (F)   66        50      1926


SUNRISE AND SUNSET
JULY 15 2014..........SUNRISE   629 AM EDT   SUNSET   902 PM EDT
JULY 16 2014..........SUNRISE   629 AM EDT   SUNSET   902 PM EDT


-  INDICATES NEGATIVE NUMBERS.
R  INDICATES RECORD WAS SET OR TIED.
MM INDICATES DATA IS MISSING.
T  INDICATES TRACE AMOUNT.

$$

SCHOETTMER
