000
CDUS43 KLMK 272029
CLIFFT


CLIMATE REPORT
NATIONAL WEATHER SERVICE LOUISVILLE KY
428 PM EDT THU AUG 27 2015


...................................

...THE FRANKFORT KY CLIMATE SUMMARY FOR AUGUST 27 2015...
VALID TODAY AS OF 0400 PM LOCAL TIME.

CLIMATE NORMAL PERIOD 1981 TO 2010
CLIMATE RECORD PERIOD 1895 TO 2015


WEATHER ITEM   OBSERVED TIME   RECORD YEAR NORMAL DEPARTURE LAST
                VALUE   (LST)  VALUE       VALUE  FROM      YEAR
                                                  NORMAL
..................................................................
TEMPERATURE (F)
 TODAY
  MAXIMUM         78    312 PM 104    1936  86     -8       91
  MINIMUM         54    604 AM  41    1896  63     -9       67
  AVERAGE         66                        74     -8       79

PRECIPITATION (IN)
  TODAY            0.00          2.78 1935   0.11  -0.11     0.92
  MONTH TO DATE    2.93                      2.90   0.03     5.15
  SINCE JUN 1     20.16                     11.38   8.78    12.10
  SINCE JAN 1     43.56                     30.85  12.71    32.88

SNOWFALL (IN)
  TODAY           MM            MM      MM  MM     MM       MM
  MONTH TO DATE   MM                        MM     MM       MM
  SINCE JUN 1     MM                        MM     MM       MM
  SINCE JUL 1     MM                        MM     MM       MM
  SNOW DEPTH      MM

DEGREE DAYS
 HEATING
  TODAY            0                         0      0        0
  MONTH TO DATE    1                         0      1        0
  SINCE JUN 1     17                        10      7        6
  SINCE JUL 1      1                         0      1        3

 COOLING
  TODAY            1                         9     -8       14
  MONTH TO DATE  205                       283    -78      266
  SINCE JUN 1    849                       869    -20      756
  SINCE JAN 1   1004                       968     36      878
..................................................................


WIND (MPH)
  HIGHEST WIND SPEED    13   HIGHEST WIND DIRECTION     E (80)
  HIGHEST GUST SPEED    17   HIGHEST GUST DIRECTION    NE (50)
  AVERAGE WIND SPEED     3.7


SKY COVER
  POSSIBLE SUNSHINE  MM
  AVERAGE SKY COVER 0.3


WEATHER CONDITIONS
 THE FOLLOWING WEATHER WAS RECORDED TODAY.
  FOG


RELATIVE HUMIDITY (PERCENT)
 HIGHEST    93           500 AM
 LOWEST     46           100 PM
 AVERAGE    70

..........................................................


THE FRANKFORT KY CLIMATE NORMALS FOR TOMORROW
                         NORMAL    RECORD    YEAR
 MAXIMUM TEMPERATURE (F)   85       104      1936
 MINIMUM TEMPERATURE (F)   62        47      1896


SUNRISE AND SUNSET
AUGUST 27 2015........SUNRISE   705 AM EDT   SUNSET   817 PM EDT
AUGUST 28 2015........SUNRISE   706 AM EDT   SUNSET   816 PM EDT


-  INDICATES NEGATIVE NUMBERS.
R  INDICATES RECORD WAS SET OR TIED.
MM INDICATES DATA IS MISSING.
T  INDICATES TRACE AMOUNT.




$$
