000
CDUS43 KLMK 100628
CLIFFT


CLIMATE REPORT
NATIONAL WEATHER SERVICE LOUISVILLE KY
127 AM EST WED DEC 10 2014


...................................

...THE FRANKFORT KY CLIMATE SUMMARY FOR DECEMBER 9 2014...

CLIMATE NORMAL PERIOD 1981 TO 2010
CLIMATE RECORD PERIOD 1895 TO 2014


WEATHER ITEM   OBSERVED TIME   RECORD YEAR NORMAL DEPARTURE LAST
                VALUE   (LST)  VALUE       VALUE  FROM      YEAR
                                                  NORMAL
..................................................................
TEMPERATURE (F)
 YESTERDAY
  MAXIMUM         45   1241 AM  70    1946  46     -1       34
                                      1911
  MINIMUM         36   1054 AM  -6    1917  28      8       26
  AVERAGE         41                        37      4       30

PRECIPITATION (IN)
  YESTERDAY        T             1.78 1972   0.15  -0.15      T
  MONTH TO DATE    2.39                      1.30   1.09     2.11
  SINCE DEC 1      2.39                      1.30   1.09     2.11
  SINCE JAN 1     45.04                     42.91   2.13    47.33

SNOWFALL (IN)
  YESTERDAY       MM            MM      MM  MM     MM       MM
  MONTH TO DATE   MM                        MM     MM       MM
  SINCE DEC 1     MM                        MM     MM       MM
  SINCE JUL 1     MM                        MM     MM       MM
  SNOW DEPTH      MM

DEGREE DAYS
 HEATING
  YESTERDAY       24                        28     -4       35
  MONTH TO DATE  211                       240    -29      233
  SINCE DEC 1    211                       240    -29      233
  SINCE JUL 1   1339                      1151    188     1276

 COOLING
  YESTERDAY        0                         0      0        0
  MONTH TO DATE    0                         0      0        0
  SINCE DEC 1      0                         0      0        0
  SINCE JAN 1   1070                      1155    -85     1127
..................................................................


WIND (MPH)
  HIGHEST WIND SPEED    15   HIGHEST WIND DIRECTION    NW (320)
  HIGHEST GUST SPEED    20   HIGHEST GUST DIRECTION    NW (310)
  AVERAGE WIND SPEED     8.2


SKY COVER
  POSSIBLE SUNSHINE  MM
  AVERAGE SKY COVER 1.0


WEATHER CONDITIONS
 THE FOLLOWING WEATHER WAS RECORDED YESTERDAY.
  FOG
  HAZE


RELATIVE HUMIDITY (PERCENT)
 HIGHEST    92          1000 PM
 LOWEST     70          1200 AM
 AVERAGE    81

..........................................................


THE FRANKFORT KY CLIMATE NORMALS FOR TODAY
                         NORMAL    RECORD    YEAR
 MAXIMUM TEMPERATURE (F)   46        70      1952
 MINIMUM TEMPERATURE (F)   27        -8      1917


SUNRISE AND SUNSET
DECEMBER 10 2014......SUNRISE   745 AM EST   SUNSET   520 PM EST
DECEMBER 11 2014......SUNRISE   746 AM EST   SUNSET   520 PM EST


-  INDICATES NEGATIVE NUMBERS.
R  INDICATES RECORD WAS SET OR TIED.
MM INDICATES DATA IS MISSING.
T  INDICATES TRACE AMOUNT.




$$
