000
CDUS43 KLMK 052134 RRB
CLIFFT

CLIMATE REPORT
NATIONAL WEATHER SERVICE LOUISVILLE KY
433 PM EST SUN FEB 5 2017


...................................

...THE FRANKFORT KY CLIMATE SUMMARY FOR FEBRUARY 5 2017...
VALID TODAY AS OF 0400 PM LOCAL TIME.

CLIMATE NORMAL PERIOD 1981 TO 2010
CLIMATE RECORD PERIOD 1895 TO 2017


WEATHER ITEM   OBSERVED TIME   RECORD YEAR NORMAL DEPARTURE LAST
                VALUE   (LST)  VALUE       VALUE  FROM      YEAR
                                                  NORMAL
..................................................................
TEMPERATURE (F)
 TODAY
  MAXIMUM         55    259 PM  73    1962  44     11       44
  MINIMUM         38   1210 AM  -6    1996  25     13       18
  AVERAGE         47                        34     13       31

PRECIPITATION (IN)
  TODAY            0.00          1.55 1908   0.12  -0.12     0.00
  MONTH TO DATE    0.00                      0.56  -0.56     1.72
  SINCE DEC 1      9.41                      7.83   1.58     9.43
  SINCE JAN 1      3.94                      3.82   0.12     3.17

SNOWFALL (IN)
  TODAY           MM            MM      MM  MM     MM       MM
  MONTH TO DATE   MM                        MM     MM       MM
  SINCE DEC 1     MM                        MM     MM       MM
  SINCE JUL 1     MM                        MM     MM       MM
  SNOW DEPTH      MM

DEGREE DAYS
 HEATING
  TODAY           18                        31    -13       34
  MONTH TO DATE  150                       155     -5      112
  SINCE DEC 1   1783                      2082   -299     1672
  SINCE JUL 1   2401                      2993   -592     2406

 COOLING
  TODAY            0                         0      0        0
  MONTH TO DATE    0                         0      0        0
  SINCE DEC 1      0                         0      0        1
  SINCE JAN 1      0                         0      0        0
..................................................................


WIND (MPH)
  HIGHEST WIND SPEED    22   HIGHEST WIND DIRECTION    SW (230)
  HIGHEST GUST SPEED    27   HIGHEST GUST DIRECTION    SW (230)
  AVERAGE WIND SPEED    11.8


SKY COVER
  POSSIBLE SUNSHINE  MM
  AVERAGE SKY COVER 0.6


WEATHER CONDITIONS
 THE FOLLOWING WEATHER WAS RECORDED TODAY.
  NO SIGNIFICANT WEATHER WAS OBSERVED.


RELATIVE HUMIDITY (PERCENT)
 HIGHEST    58          1000 AM
 LOWEST     30           100 AM
 AVERAGE    44

..........................................................


THE FRANKFORT KY CLIMATE NORMALS FOR TOMORROW
                         NORMAL    RECORD    YEAR
 MAXIMUM TEMPERATURE (F)   44        68      2008
                                             1927
                                             1925
 MINIMUM TEMPERATURE (F)   25        -6      1966
                                             1912


SUNRISE AND SUNSET
FEBRUARY  5 2017......SUNRISE   740 AM EST   SUNSET   607 PM EST
FEBRUARY  6 2017......SUNRISE   739 AM EST   SUNSET   608 PM EST


-  INDICATES NEGATIVE NUMBERS.
R  INDICATES RECORD WAS SET OR TIED.
MM INDICATES DATA IS MISSING.
T  INDICATES TRACE AMOUNT.




$$
