000
CDUS43 KLMK 150627
CLIFFT


CLIMATE REPORT
NATIONAL WEATHER SERVICE LOUISVILLE KY
227 AM EDT MON MAY 15 2017


...................................

...THE FRANKFORT KY CLIMATE SUMMARY FOR MAY 14 2017...

CLIMATE NORMAL PERIOD 1981 TO 2010
CLIMATE RECORD PERIOD 1895 TO 2017


WEATHER ITEM   OBSERVED TIME   RECORD YEAR NORMAL DEPARTURE LAST
                VALUE   (LST)  VALUE       VALUE  FROM      YEAR
                                                  NORMAL
..................................................................
TEMPERATURE (F)
 YESTERDAY
  MAXIMUM         83    306 PM  91    1916  75      8       59
  MINIMUM         54    525 AM  33    1996  52      2       46
  AVERAGE         69                        63      6       53

PRECIPITATION (IN)
  YESTERDAY        0.00          2.07 1970   0.16  -0.16     0.04
  MONTH TO DATE    3.10                      2.27   0.83     2.50
  SINCE MAR 1     11.53                     10.34   1.19    11.65
  SINCE JAN 1     17.63                     16.89   0.74    17.67

SNOWFALL (IN)
  YESTERDAY       MM            MM      MM  MM     MM       MM
  MONTH TO DATE   MM                        MM     MM       MM
  SINCE MAR 1     MM                        MM     MM       MM
  SINCE JUL 1     MM                        MM     MM       MM
  SNOW DEPTH      MM

DEGREE DAYS
 HEATING
  YESTERDAY        0                         4     -4       12
  MONTH TO DATE   84                        68     16       61
  SINCE MAR 1    753                      1007   -254      727
  SINCE JUL 1   3523                      4646  -1123     3799

 COOLING
  YESTERDAY        4                         2      2        0
  MONTH TO DATE   17                        20     -3       22
  SINCE MAR 1     90                        40     50       48
  SINCE JAN 1     93                        40     53       48
..................................................................


WIND (MPH)
  HIGHEST WIND SPEED    16   HIGHEST WIND DIRECTION     W (250)
  HIGHEST GUST SPEED    24   HIGHEST GUST DIRECTION     W (250)
  AVERAGE WIND SPEED     6.3


SKY COVER
  POSSIBLE SUNSHINE  MM
  AVERAGE SKY COVER 0.0


WEATHER CONDITIONS
 THE FOLLOWING WEATHER WAS RECORDED YESTERDAY.
  NO SIGNIFICANT WEATHER WAS OBSERVED.


RELATIVE HUMIDITY (PERCENT)
 HIGHEST    83           100 AM
 LOWEST     34           400 PM
 AVERAGE    59

..........................................................


THE FRANKFORT KY CLIMATE NORMALS FOR TODAY
                         NORMAL    RECORD    YEAR
 MAXIMUM TEMPERATURE (F)   75        91      1962
                                             1916
 MINIMUM TEMPERATURE (F)   52        33      1996


SUNRISE AND SUNSET
MAY 15 2017...........SUNRISE   629 AM EDT   SUNSET   844 PM EDT
MAY 16 2017...........SUNRISE   628 AM EDT   SUNSET   845 PM EDT


-  INDICATES NEGATIVE NUMBERS.
R  INDICATES RECORD WAS SET OR TIED.
MM INDICATES DATA IS MISSING.
T  INDICATES TRACE AMOUNT.




$$
