000
CDUS43 KLMK 150626
CLIFFT


CLIMATE REPORT
NATIONAL WEATHER SERVICE LOUISVILLE KY
225 AM EDT SUN MAY 15 2016


...................................

...THE FRANKFORT KY CLIMATE SUMMARY FOR MAY 14 2016...

CLIMATE NORMAL PERIOD 1981 TO 2010
CLIMATE RECORD PERIOD 1895 TO 2016


WEATHER ITEM   OBSERVED TIME   RECORD YEAR NORMAL DEPARTURE LAST
                VALUE   (LST)  VALUE       VALUE  FROM      YEAR
                                                  NORMAL
..................................................................
TEMPERATURE (F)
 YESTERDAY
  MAXIMUM         59    615 AM  91    1916  75    -16       73
  MINIMUM         46   1159 PM  33    1996  52     -6       48
  AVERAGE         53                        63    -10       61

PRECIPITATION (IN)
  YESTERDAY        0.04          2.07 1970   0.16  -0.12     0.00
  MONTH TO DATE    2.50                      2.27   0.23     0.05
  SINCE MAR 1     11.65                     10.34   1.31    18.97
  SINCE JAN 1     17.67                     16.89   0.78    22.53

SNOWFALL (IN)
  YESTERDAY       MM            MM      MM  MM     MM       MM
  MONTH TO DATE    0.0                      MM     MM       MM
  SINCE MAR 1      0.0                      MM     MM       MM
  SINCE JUL 1      0.0                      MM     MM       MM
  SNOW DEPTH      MM

DEGREE DAYS
 HEATING
  YESTERDAY       12                         4      8        4
  MONTH TO DATE   61                        68     -7       31
  SINCE MAR 1    727                      1007   -280      976
  SINCE JUL 1   3799                      4646   -847     5096

 COOLING
  YESTERDAY        0                         2     -2        0
  MONTH TO DATE   22                        20      2       55
  SINCE MAR 1     48                        40      8       63
  SINCE JAN 1     48                        40      8       63
..................................................................


WIND (MPH)
  HIGHEST WIND SPEED    21   HIGHEST WIND DIRECTION    NW (300)
  HIGHEST GUST SPEED    29   HIGHEST GUST DIRECTION     W (290)
  AVERAGE WIND SPEED     8.6


SKY COVER
  POSSIBLE SUNSHINE  MM
  AVERAGE SKY COVER 0.8


WEATHER CONDITIONS
 THE FOLLOWING WEATHER WAS RECORDED YESTERDAY.
  LIGHT RAIN
  FOG


RELATIVE HUMIDITY (PERCENT)
 HIGHEST    86           800 AM
 LOWEST     46           600 PM
 AVERAGE    66

..........................................................


THE FRANKFORT KY CLIMATE NORMALS FOR TODAY
                         NORMAL    RECORD    YEAR
 MAXIMUM TEMPERATURE (F)   75        91      1962
                                             1916
 MINIMUM TEMPERATURE (F)   52        33      1996


SUNRISE AND SUNSET
MAY 15 2016...........SUNRISE   628 AM EDT   SUNSET   844 PM EDT
MAY 16 2016...........SUNRISE   628 AM EDT   SUNSET   845 PM EDT


-  INDICATES NEGATIVE NUMBERS.
R  INDICATES RECORD WAS SET OR TIED.
MM INDICATES DATA IS MISSING.
T  INDICATES TRACE AMOUNT.




$$
