000
CDUS43 KLMK 180632
CLIFFT


CLIMATE REPORT
NATIONAL WEATHER SERVICE LOUISVILLE KY
228 AM EDT MON APR 18 2016


...................................

...THE FRANKFORT KY CLIMATE SUMMARY FOR APRIL 17 2016...

CLIMATE NORMAL PERIOD 1981 TO 2010
CLIMATE RECORD PERIOD 1895 TO 2016


WEATHER ITEM   OBSERVED TIME   RECORD YEAR NORMAL DEPARTURE LAST
                VALUE   (LST)  VALUE       VALUE  FROM      YEAR
                                                  NORMAL
..................................................................
TEMPERATURE (F)
 YESTERDAY
  MAXIMUM         81    422 PM  88    1896  68     13       74
  MINIMUM         43    624 AM  27    1962  44     -1       56
                                      1904
  AVERAGE         62                        56      6       65

PRECIPITATION (IN)
  YESTERDAY        0.00          2.60 1998   0.12  -0.12     0.00
  MONTH TO DATE    0.85                      1.91  -1.06    10.01
  SINCE MAR 1      6.93                      6.29   0.64    17.69
  SINCE JAN 1     12.95                     12.84   0.11    21.25

SNOWFALL (IN)
  YESTERDAY       MM            MM      MM  MM     MM       MM
  MONTH TO DATE   MM                        MM     MM       MM
  SINCE MAR 1     MM                        MM     MM       MM
  SINCE JUL 1     MM                        MM     MM       MM
  SNOW DEPTH      MM

DEGREE DAYS
 HEATING
  YESTERDAY        3                        10     -7        0
  MONTH TO DATE  236                       212     24      118
  SINCE MAR 1    646                       837   -191      790
  SINCE JUL 1   3718                      4476   -758     4910

 COOLING
  YESTERDAY        0                         1     -1        0
  MONTH TO DATE    0                         9     -9        8
  SINCE MAR 1      1                        11    -10        8
  SINCE JAN 1      1                        11    -10        8
..................................................................


WIND (MPH)
  HIGHEST WIND SPEED    10   HIGHEST WIND DIRECTION     E (100)
  HIGHEST GUST SPEED    13   HIGHEST GUST DIRECTION     E (90)
  AVERAGE WIND SPEED     2.1


SKY COVER
  POSSIBLE SUNSHINE  MM
  AVERAGE SKY COVER 0.0


WEATHER CONDITIONS
 THE FOLLOWING WEATHER WAS RECORDED YESTERDAY.
  NO SIGNIFICANT WEATHER WAS OBSERVED.


RELATIVE HUMIDITY (PERCENT)
 HIGHEST    83           400 AM
 LOWEST     20           300 PM
 AVERAGE    52

..........................................................


THE FRANKFORT KY CLIMATE NORMALS FOR TODAY
                         NORMAL    RECORD    YEAR
 MAXIMUM TEMPERATURE (F)   68        90      1914
 MINIMUM TEMPERATURE (F)   44        28      2001
                                             1980
                                             1936


SUNRISE AND SUNSET
APRIL 18 2016.........SUNRISE   659 AM EDT   SUNSET   819 PM EDT
APRIL 19 2016.........SUNRISE   658 AM EDT   SUNSET   820 PM EDT


-  INDICATES NEGATIVE NUMBERS.
R  INDICATES RECORD WAS SET OR TIED.
MM INDICATES DATA IS MISSING.
T  INDICATES TRACE AMOUNT.

$$

SCHOETTMER
