000
CDUS43 KLMK 230625
CLIFFT


CLIMATE REPORT
NATIONAL WEATHER SERVICE LOUISVILLE KY
225 AM EDT MON MAR 23 2015


...................................

...THE FRANKFORT KY CLIMATE SUMMARY FOR MARCH 22 2015...

CLIMATE NORMAL PERIOD 1981 TO 2010
CLIMATE RECORD PERIOD 1895 TO 2015


WEATHER ITEM   OBSERVED TIME   RECORD YEAR NORMAL DEPARTURE LAST
                VALUE   (LST)  VALUE       VALUE  FROM      YEAR
                                                  NORMAL
..................................................................
TEMPERATURE (F)
 YESTERDAY
  MAXIMUM         59    300 PM  84    1907  58      1       57
  MINIMUM         41    830 AM  14    2013  36      5       39
  AVERAGE         50                        47      3       48

PRECIPITATION (IN)
  YESTERDAY        0.00          2.21 1952   0.14  -0.14     0.00
  MONTH TO DATE    7.32                      3.03   4.29     1.20
  SINCE MAR 1      7.32                      3.03   4.29     1.20
  SINCE JAN 1     10.88                      9.58   1.30     7.40

SNOWFALL (IN)
  YESTERDAY       MM            MM      MM  MM     MM       MM
  MONTH TO DATE    0.0                      MM     MM       MM
  SINCE MAR 1      0.0                      MM     MM       MM
  SINCE JUL 1      0.0                      MM     MM       MM
  SNOW DEPTH      MM

DEGREE DAYS
 HEATING
  YESTERDAY       15                        18     -3       17
  MONTH TO DATE  491                       478     13      532
  SINCE MAR 1    491                       478     13      532
  SINCE JUL 1   4611                      4117    494     4644

 COOLING
  YESTERDAY        0                         0      0        0
  MONTH TO DATE    0                         0      0        0
  SINCE MAR 1      0                         0      0        0
  SINCE JAN 1      0                         0      0        0
..................................................................


WIND (MPH)
  HIGHEST WIND SPEED    15   HIGHEST WIND DIRECTION     E (80)
  HIGHEST GUST SPEED    20   HIGHEST GUST DIRECTION    NE (40)
  AVERAGE WIND SPEED     7.6


SKY COVER
  POSSIBLE SUNSHINE  MM
  AVERAGE SKY COVER 0.0


WEATHER CONDITIONS
 THE FOLLOWING WEATHER WAS RECORDED YESTERDAY.
  NO SIGNIFICANT WEATHER WAS OBSERVED.


RELATIVE HUMIDITY (PERCENT)
 HIGHEST    71           300 AM
 LOWEST     26           100 PM
 AVERAGE    49

..........................................................


THE FRANKFORT KY CLIMATE NORMALS FOR TODAY
                         NORMAL    RECORD    YEAR
 MAXIMUM TEMPERATURE (F)   59        83      1939
                                             1907
 MINIMUM TEMPERATURE (F)   36        17      1983
                                             1960


SUNRISE AND SUNSET
MARCH 23 2015.........SUNRISE   739 AM EDT   SUNSET   754 PM EDT
MARCH 24 2015.........SUNRISE   737 AM EDT   SUNSET   755 PM EDT


-  INDICATES NEGATIVE NUMBERS.
R  INDICATES RECORD WAS SET OR TIED.
MM INDICATES DATA IS MISSING.
T  INDICATES TRACE AMOUNT.




$$
