000
CDUS43 KLMK 180636
CLIFFT


CLIMATE REPORT
NATIONAL WEATHER SERVICE LOUISVILLE KY
235 AM EDT MON JUL 18 2016


...................................

...THE FRANKFORT KY CLIMATE SUMMARY FOR JULY 17 2016...

CLIMATE NORMAL PERIOD 1981 TO 2010
CLIMATE RECORD PERIOD 1895 TO 2016


WEATHER ITEM   OBSERVED TIME   RECORD YEAR NORMAL DEPARTURE LAST
                VALUE   (LST)  VALUE       VALUE  FROM      YEAR
                                                  NORMAL
..................................................................
TEMPERATURE (F)
 YESTERDAY
  MAXIMUM         89    505 PM 101    1913  87      2       90
  MINIMUM         65    529 AM  51    2014  66     -1       67
  AVERAGE         77                        76      1       79

PRECIPITATION (IN)
  YESTERDAY        0.00          2.59 1992   0.17  -0.17     1.16
  MONTH TO DATE    2.88                      2.34   0.54     9.22
  SINCE JUN 1      7.31                      6.43   0.88    15.43
  SINCE JAN 1     26.97                     25.90   1.07    38.83

SNOWFALL (IN)
  YESTERDAY       MM            MM      MM  MM     MM       MM
  MONTH TO DATE   MM                        MM     MM       MM
  SINCE JUN 1     MM                        MM     MM       MM
  SINCE JUL 1     MM                        MM     MM       MM
  SNOW DEPTH      MM

DEGREE DAYS
 HEATING
  YESTERDAY        0                         0      0        0
  MONTH TO DATE    0                         0      0        0
  SINCE JUN 1      1                        10     -9       16
  SINCE JUL 1      0                         0      0        0

 COOLING
  YESTERDAY       12                        11      1       14
  MONTH TO DATE  204                       187     17      174
  SINCE JUN 1    521                       423     98      470
  SINCE JAN 1    636                       522    114      625
..................................................................


WIND (MPH)
  HIGHEST WIND SPEED    12   HIGHEST WIND DIRECTION     S (180)
  HIGHEST GUST SPEED    16   HIGHEST GUST DIRECTION    SW (230)
  AVERAGE WIND SPEED     4.3


SKY COVER
  POSSIBLE SUNSHINE  MM
  AVERAGE SKY COVER 0.0


WEATHER CONDITIONS
 THE FOLLOWING WEATHER WAS RECORDED YESTERDAY.
  NO SIGNIFICANT WEATHER WAS OBSERVED.


RELATIVE HUMIDITY (PERCENT)
 HIGHEST    87          1200 AM
 LOWEST     50           300 PM
 AVERAGE    69

..........................................................


THE FRANKFORT KY CLIMATE NORMALS FOR TODAY
                         NORMAL    RECORD    YEAR
 MAXIMUM TEMPERATURE (F)   87       102      1913
 MINIMUM TEMPERATURE (F)   66        54      1985
                                             1984
                                             1933


SUNRISE AND SUNSET
JULY 18 2016..........SUNRISE   631 AM EDT   SUNSET   900 PM EDT
JULY 19 2016..........SUNRISE   632 AM EDT   SUNSET   900 PM EDT


-  INDICATES NEGATIVE NUMBERS.
R  INDICATES RECORD WAS SET OR TIED.
MM INDICATES DATA IS MISSING.
T  INDICATES TRACE AMOUNT.




$$
