000
CDUS43 KLMK 082033
CLIFFT


CLIMATE REPORT
NATIONAL WEATHER SERVICE LOUISVILLE KY
432 PM EDT FRI JUL 8 2016


...................................

...THE FRANKFORT KY CLIMATE SUMMARY FOR JULY 8 2016...
VALID TODAY AS OF 0400 PM LOCAL TIME.

CLIMATE NORMAL PERIOD 1981 TO 2010
CLIMATE RECORD PERIOD 1895 TO 2016


WEATHER ITEM   OBSERVED TIME   RECORD YEAR NORMAL DEPARTURE LAST
                VALUE   (LST)  VALUE       VALUE  FROM      YEAR
                                                  NORMAL
..................................................................
TEMPERATURE (F)
 TODAY
  MAXIMUM         84   1013 AM 106    1936  87     -3       80
  MINIMUM         72    427 AM  50    1984  66      6       71
                                      1983
  AVERAGE         78                        76      2       76

PRECIPITATION (IN)
  TODAY            0.35          1.80 1964   0.14   0.21     0.01
  MONTH TO DATE    2.28                      1.00   1.28     3.12
  SINCE JUN 1      6.71                      5.09   1.62     9.33
  SINCE JAN 1     26.37                     24.56   1.81    32.73

SNOWFALL (IN)
  TODAY           MM            MM      MM  MM     MM       MM
  MONTH TO DATE   MM                        MM     MM       MM
  SINCE JUN 1     MM                        MM     MM       MM
  SINCE JUL 1     MM                        MM     MM       MM
  SNOW DEPTH      MM

DEGREE DAYS
 HEATING
  TODAY            0                         0      0        0
  MONTH TO DATE    0                         0      0        0
  SINCE JUN 1      1                        10     -9       16
  SINCE JUL 1      0                         0      0        0

 COOLING
  TODAY           13                        11      2       11
  MONTH TO DATE   90                        88      2       71
  SINCE JUN 1    407                       324     83      367
  SINCE JAN 1    522                       423     99      522
..................................................................


WIND (MPH)
  HIGHEST WIND SPEED    20   HIGHEST WIND DIRECTION     W (250)
  HIGHEST GUST SPEED    29   HIGHEST GUST DIRECTION     W (250)
  AVERAGE WIND SPEED     6.8


SKY COVER
  POSSIBLE SUNSHINE  MM
  AVERAGE SKY COVER 0.7


WEATHER CONDITIONS
 THE FOLLOWING WEATHER WAS RECORDED TODAY.
  THUNDERSTORM
  HEAVY RAIN
  RAIN
  LIGHT RAIN
  FOG


RELATIVE HUMIDITY (PERCENT)
 HIGHEST    87           600 AM
 LOWEST     74          1000 AM
 AVERAGE    81

..........................................................


THE FRANKFORT KY CLIMATE NORMALS FOR TOMORROW
                         NORMAL    RECORD    YEAR
 MAXIMUM TEMPERATURE (F)   87       108      1936
 MINIMUM TEMPERATURE (F)   66        52      1984
                                             1983
                                             1963


SUNRISE AND SUNSET
JULY  8 2016..........SUNRISE   624 AM EDT   SUNSET   905 PM EDT
JULY  9 2016..........SUNRISE   625 AM EDT   SUNSET   905 PM EDT


-  INDICATES NEGATIVE NUMBERS.
R  INDICATES RECORD WAS SET OR TIED.
MM INDICATES DATA IS MISSING.
T  INDICATES TRACE AMOUNT.




$$
