000
CDUS43 KLMK 172029
CLIFFT


CLIMATE REPORT
NATIONAL WEATHER SERVICE LOUISVILLE KY
428 PM EDT TUE MAY 17 2016


...................................

...THE FRANKFORT KY CLIMATE SUMMARY FOR MAY 17 2016...
VALID TODAY AS OF 0400 PM LOCAL TIME.

CLIMATE NORMAL PERIOD 1981 TO 2010
CLIMATE RECORD PERIOD 1895 TO 2016


WEATHER ITEM   OBSERVED TIME   RECORD YEAR NORMAL DEPARTURE LAST
                VALUE   (LST)  VALUE       VALUE  FROM      YEAR
                                                  NORMAL
..................................................................
TEMPERATURE (F)
 TODAY
  MAXIMUM         54    157 PM  91    1931  76    -22       84
  MINIMUM         48    359 AM  33    1997  53     -5       67
  AVERAGE         51                        64    -13       76

PRECIPITATION (IN)
  TODAY            0.41          1.95 1990   0.15   0.26      T
  MONTH TO DATE    2.95                      2.74   0.21     0.65
  SINCE MAR 1     12.10                     10.81   1.29    19.57
  SINCE JAN 1     18.12                     17.36   0.76    23.13

SNOWFALL (IN)
  TODAY           MM            MM      MM  MM     MM       MM
  MONTH TO DATE   MM                        MM     MM       MM
  SINCE MAR 1     MM                        MM     MM       MM
  SINCE JUL 1     MM                        MM     MM       MM
  SNOW DEPTH      MM

DEGREE DAYS
 HEATING
  TODAY           14                         4     10        0
  MONTH TO DATE  104                        80     24       31
  SINCE MAR 1    770                      1019   -249      976
  SINCE JUL 1   3842                      4658   -816     5096

 COOLING
  TODAY            0                         3     -3       11
  MONTH TO DATE   22                        28     -6       78
  SINCE MAR 1     48                        48      0       86
  SINCE JAN 1     48                        48      0       86
..................................................................


WIND (MPH)
  HIGHEST WIND SPEED    12   HIGHEST WIND DIRECTION    NE (60)
  HIGHEST GUST SPEED    16   HIGHEST GUST DIRECTION     E (70)
  AVERAGE WIND SPEED     6.6


SKY COVER
  POSSIBLE SUNSHINE  MM
  AVERAGE SKY COVER 0.9


WEATHER CONDITIONS
 THE FOLLOWING WEATHER WAS RECORDED TODAY.
  LIGHT RAIN
  FOG


RELATIVE HUMIDITY (PERCENT)
 HIGHEST    93           600 AM
 LOWEST     77           100 PM
 AVERAGE    85

..........................................................


THE FRANKFORT KY CLIMATE NORMALS FOR TOMORROW
                         NORMAL    RECORD    YEAR
 MAXIMUM TEMPERATURE (F)   76        92      1962
 MINIMUM TEMPERATURE (F)   53        35      1973


SUNRISE AND SUNSET
MAY 17 2016...........SUNRISE   627 AM EDT   SUNSET   846 PM EDT
MAY 18 2016...........SUNRISE   626 AM EDT   SUNSET   847 PM EDT


-  INDICATES NEGATIVE NUMBERS.
R  INDICATES RECORD WAS SET OR TIED.
MM INDICATES DATA IS MISSING.
T  INDICATES TRACE AMOUNT.




$$
