000
CDUS43 KLMK 232028
CLIFFT


CLIMATE REPORT
NATIONAL WEATHER SERVICE LOUISVILLE KY
428 PM EDT FRI SEP 23 2016


...................................

...THE FRANKFORT KY CLIMATE SUMMARY FOR SEPTEMBER 23 2016...
VALID TODAY AS OF 0400 PM LOCAL TIME.

CLIMATE NORMAL PERIOD 1981 TO 2010
CLIMATE RECORD PERIOD 1895 TO 2016


WEATHER ITEM   OBSERVED TIME   RECORD YEAR NORMAL DEPARTURE LAST
                VALUE   (LST)  VALUE       VALUE  FROM      YEAR
                                                  NORMAL
..................................................................
TEMPERATURE (F)
 TODAY
  MAXIMUM         91    132 PM  94    2010  77     14       83
                                      2007
                                      1945
  MINIMUM         62    620 AM  33    1982  53      9       51
  AVERAGE         77                        65     12       67

PRECIPITATION (IN)
  TODAY            0.00          2.38 2006   0.10  -0.10     0.00
  MONTH TO DATE    0.92                      2.54  -1.62     1.37
  SINCE SEP 1      0.92                      2.54  -1.62     1.37
  SINCE JAN 1     36.97                     33.85   3.12    45.01

SNOWFALL (IN)
  TODAY           MM            MM      MM  MM     MM       MM
  MONTH TO DATE   MM                        MM     MM       MM
  SINCE SEP 1     MM                        MM     MM       MM
  SINCE JUL 1     MM                        MM     MM       MM
  SNOW DEPTH      MM

DEGREE DAYS
 HEATING
  TODAY            0                         3     -3        0
  MONTH TO DATE    0                        24    -24       17
  SINCE SEP 1      0                        24    -24       17
  SINCE JUL 1      0                        25    -25       18

 COOLING
  TODAY           12                         3      9        2
  MONTH TO DATE  236                       118    118      151
  SINCE SEP 1    236                       118    118      151
  SINCE JAN 1   1527                      1120    407     1189
..................................................................


WIND (MPH)
  HIGHEST WIND SPEED     8   HIGHEST WIND DIRECTION     N (10)
  HIGHEST GUST SPEED    11   HIGHEST GUST DIRECTION    NW (330)
  AVERAGE WIND SPEED     1.4


SKY COVER
  POSSIBLE SUNSHINE  MM
  AVERAGE SKY COVER 0.1


WEATHER CONDITIONS
 THE FOLLOWING WEATHER WAS RECORDED TODAY.
  NO SIGNIFICANT WEATHER WAS OBSERVED.


RELATIVE HUMIDITY (PERCENT)
 HIGHEST    93           300 AM
 LOWEST     40           100 PM
 AVERAGE    67

..........................................................


THE FRANKFORT KY CLIMATE NORMALS FOR TOMORROW
                         NORMAL    RECORD    YEAR
 MAXIMUM TEMPERATURE (F)   76        94      2007
                                             1941
 MINIMUM TEMPERATURE (F)   52        34      1928


SUNRISE AND SUNSET
SEPTEMBER 23 2016.....SUNRISE   729 AM EDT   SUNSET   734 PM EDT
SEPTEMBER 24 2016.....SUNRISE   729 AM EDT   SUNSET   733 PM EDT


-  INDICATES NEGATIVE NUMBERS.
R  INDICATES RECORD WAS SET OR TIED.
MM INDICATES DATA IS MISSING.
T  INDICATES TRACE AMOUNT.




$$
