000
CDUS43 KLMK 022027 RRA
CLIFFT

CLIMATE REPORT
NATIONAL WEATHER SERVICE LOUISVILLE KY
426 PM EDT THU NOV 2 2017


...................................

...THE FRANKFORT KY CLIMATE SUMMARY FOR NOVEMBER 2 2017...
VALID TODAY AS OF 0400 PM LOCAL TIME.

CLIMATE NORMAL PERIOD 1981 TO 2010
CLIMATE RECORD PERIOD 1895 TO 2017


WEATHER ITEM   OBSERVED TIME   RECORD YEAR NORMAL DEPARTURE LAST
                VALUE   (LST)  VALUE       VALUE  FROM      YEAR
                                                  NORMAL
..................................................................
TEMPERATURE (F)
 TODAY
  MAXIMUM         73    249 PM  83    2016  62     11       83
                                      1987
  MINIMUM         58    600 AM  23    2014  40     18       59
                                      1934
  AVERAGE         66                        51     15       71

PRECIPITATION (IN)
  TODAY            0.03          1.33 1919   0.11  -0.08     0.00
  MONTH TO DATE    0.28                      0.26   0.02     0.00
  SINCE SEP 1     10.68                      6.83   3.85     2.70
  SINCE JAN 1     44.40                     38.14   6.26    38.75

SNOWFALL (IN)
  TODAY           MM            MM      MM  MM     MM       MM
  MONTH TO DATE   MM                        MM     MM       MM
  SINCE SEP 1     MM                        MM     MM       MM
  SINCE JUL 1     MM                        MM     MM       MM
  SNOW DEPTH      MM

DEGREE DAYS
 HEATING
  TODAY            0                        14    -14        0
  MONTH TO DATE   15                        28    -13        0
  SINCE SEP 1    274                       368    -94      145
  SINCE JUL 1    274                       369    -95      145

 COOLING
  TODAY            1                         0      1        6
  MONTH TO DATE    1                         0      1       12
  SINCE SEP 1    187                       152     35      348
  SINCE JAN 1   1274                      1154    120     1639
..................................................................


WIND (MPH)
  HIGHEST WIND SPEED    22   HIGHEST WIND DIRECTION     S (200)
  HIGHEST GUST SPEED    27   HIGHEST GUST DIRECTION     S (190)
  AVERAGE WIND SPEED     9.4


SKY COVER
  POSSIBLE SUNSHINE  MM
  AVERAGE SKY COVER 1.0


WEATHER CONDITIONS
 THE FOLLOWING WEATHER WAS RECORDED TODAY.
  NO SIGNIFICANT WEATHER WAS OBSERVED.


RELATIVE HUMIDITY (PERCENT)
 HIGHEST    86           300 AM
 LOWEST     57           200 PM
 AVERAGE    72

..........................................................


THE FRANKFORT KY CLIMATE NORMALS FOR TOMORROW
                         NORMAL    RECORD    YEAR
 MAXIMUM TEMPERATURE (F)   62        84      1987
 MINIMUM TEMPERATURE (F)   40        15      1951


SUNRISE AND SUNSET
NOVEMBER  2 2017......SUNRISE   807 AM EDT   SUNSET   639 PM EDT
NOVEMBER  3 2017......SUNRISE   808 AM EDT   SUNSET   638 PM EDT


-  INDICATES NEGATIVE NUMBERS.
R  INDICATES RECORD WAS SET OR TIED.
MM INDICATES DATA IS MISSING.
T  INDICATES TRACE AMOUNT.




$$
