073
CDUS43 KLMK 090637
CLIFFT


CLIMATE REPORT
NATIONAL WEATHER SERVICE LOUISVILLE KY
137 AM EST MON JAN 9 2017


...................................

...THE FRANKFORT KY CLIMATE SUMMARY FOR JANUARY 8 2017...

CLIMATE NORMAL PERIOD 1981 TO 2010
CLIMATE RECORD PERIOD 1895 TO 2017


WEATHER ITEM   OBSERVED TIME   RECORD YEAR NORMAL DEPARTURE LAST
                VALUE   (LST)  VALUE       VALUE  FROM      YEAR
                                                  NORMAL
..................................................................
TEMPERATURE (F)
 YESTERDAY
  MAXIMUM         24    349 PM  72    1937  41    -17       53
  MINIMUM          5    825 AM -16    1942  23    -18       42
  AVERAGE         15                        32    -17       48

PRECIPITATION (IN)
  YESTERDAY        0.00          1.65 1913   0.10  -0.10     0.30
  MONTH TO DATE    0.76                      0.93  -0.17     0.30
  SINCE DEC 1      6.23                      4.94   1.29     6.56
  SINCE JAN 1      0.76                      0.93  -0.17     0.30

SNOWFALL (IN)
  YESTERDAY       MM            MM      MM  MM     MM       MM
  MONTH TO DATE   MM                        MM     MM       MM
  SINCE DEC 1     MM                        MM     MM       MM
  SINCE JUL 1     MM                        MM     MM       MM
  SNOW DEPTH      MM

DEGREE DAYS
 HEATING
  YESTERDAY       50                        33     17       17
  MONTH TO DATE  278                       264     14      241
  SINCE DEC 1   1151                      1185    -34      771
  SINCE JUL 1   1769                      2096   -327     1505

 COOLING
  YESTERDAY        0                         0      0        0
  MONTH TO DATE    0                         0      0        0
  SINCE DEC 1      0                         0      0        1
  SINCE JAN 1      0                         0      0        0
..................................................................


WIND (MPH)
  HIGHEST WIND SPEED     8   HIGHEST WIND DIRECTION    SE (130)
  HIGHEST GUST SPEED    13   HIGHEST GUST DIRECTION     S (180)
  AVERAGE WIND SPEED     3.8


SKY COVER
  POSSIBLE SUNSHINE  MM
  AVERAGE SKY COVER 0.2


WEATHER CONDITIONS
 THE FOLLOWING WEATHER WAS RECORDED YESTERDAY.
  NO SIGNIFICANT WEATHER WAS OBSERVED.


RELATIVE HUMIDITY (PERCENT)
 HIGHEST    83           800 AM
 LOWEST     40           300 PM
 AVERAGE    62

..........................................................


THE FRANKFORT KY CLIMATE NORMALS FOR TODAY
                         NORMAL    RECORD    YEAR
 MAXIMUM TEMPERATURE (F)   41        70      1930
 MINIMUM TEMPERATURE (F)   23        -4      1970
                                             1968


SUNRISE AND SUNSET
JANUARY  9 2017.......SUNRISE   756 AM EST   SUNSET   538 PM EST
JANUARY 10 2017.......SUNRISE   756 AM EST   SUNSET   539 PM EST


-  INDICATES NEGATIVE NUMBERS.
R  INDICATES RECORD WAS SET OR TIED.
MM INDICATES DATA IS MISSING.
T  INDICATES TRACE AMOUNT.




$$
