000
CDUS43 KLMK 142130
CLIFFT


CLIMATE REPORT
NATIONAL WEATHER SERVICE LOUISVILLE KY
429 PM EST SUN JAN 14 2018


...................................

...THE FRANKFORT KY CLIMATE SUMMARY FOR JANUARY 14 2018...
VALID TODAY AS OF 0400 PM LOCAL TIME.

CLIMATE NORMAL PERIOD 1981 TO 2010
CLIMATE RECORD PERIOD 1895 TO 2018


WEATHER ITEM   OBSERVED TIME   RECORD YEAR NORMAL DEPARTURE LAST
                VALUE   (LST)  VALUE       VALUE  FROM      YEAR
                                                  NORMAL
..................................................................
TEMPERATURE (F)
 TODAY
  MAXIMUM         20    313 PM  70    1950  41    -21       43
                                      1928
  MINIMUM          1    817 AM  -9    1977  23    -22       38
  AVERAGE         11                        32    -21       41

PRECIPITATION (IN)
  TODAY            0.00          1.73 1898   0.12  -0.12     0.38
  MONTH TO DATE    0.75                      1.62  -0.87     2.25
  SINCE DEC 1      2.58                      5.63  -3.05     7.72
  SINCE JAN 1      0.75                      1.62  -0.87     2.25

SNOWFALL (IN)
  TODAY           MM            MM      MM  MM     MM       MM
  MONTH TO DATE   MM                        MM     MM       MM
  SINCE DEC 1     MM                        MM     MM       MM
  SINCE JUL 1     MM                        MM     MM       MM
  SNOW DEPTH      MM

DEGREE DAYS
 HEATING
  TODAY           54                        33     21       24
  MONTH TO DATE  552                       462     90      410
  SINCE DEC 1   1479                      1383     96     1283
  SINCE JUL 1   2287                      2294     -7     1901

 COOLING
  TODAY            0                         0      0        0
  MONTH TO DATE    0                         0      0        0
  SINCE DEC 1      0                         0      0        0
  SINCE JAN 1      0                         0      0        0
..................................................................


WIND (MPH)
  HIGHEST WIND SPEED    12   HIGHEST WIND DIRECTION     E (90)
  HIGHEST GUST SPEED    17   HIGHEST GUST DIRECTION     E (100)
  AVERAGE WIND SPEED     2.6


SKY COVER
  POSSIBLE SUNSHINE  MM
  AVERAGE SKY COVER 0.3


WEATHER CONDITIONS
 THE FOLLOWING WEATHER WAS RECORDED TODAY.
  NO SIGNIFICANT WEATHER WAS OBSERVED.


RELATIVE HUMIDITY (PERCENT)
 HIGHEST    88           500 AM
 LOWEST     45           300 PM
 AVERAGE    67

..........................................................


THE FRANKFORT KY CLIMATE NORMALS FOR TOMORROW
                         NORMAL    RECORD    YEAR
 MAXIMUM TEMPERATURE (F)   41        69      1995
 MINIMUM TEMPERATURE (F)   23         0      1972


SUNRISE AND SUNSET
JANUARY 14 2018.......SUNRISE   755 AM EST   SUNSET   543 PM EST
JANUARY 15 2018.......SUNRISE   755 AM EST   SUNSET   544 PM EST


-  INDICATES NEGATIVE NUMBERS.
R  INDICATES RECORD WAS SET OR TIED.
MM INDICATES DATA IS MISSING.
T  INDICATES TRACE AMOUNT.




$$
