000
CDUS43 KLMK 092029
CLIFFT


CLIMATE REPORT
NATIONAL WEATHER SERVICE LOUISVILLE KY
428 PM EDT TUE SEP 9 2014


...................................

...THE FRANKFORT KY CLIMATE SUMMARY FOR SEPTEMBER 9 2014...
VALID TODAY AS OF 0400 PM LOCAL TIME.

CLIMATE NORMAL PERIOD 1981 TO 2010
CLIMATE RECORD PERIOD 1895 TO 2014


WEATHER ITEM   OBSERVED TIME   RECORD YEAR NORMAL DEPARTURE LAST
                VALUE   (LST)  VALUE       VALUE  FROM      YEAR
                                                  NORMAL
..................................................................
TEMPERATURE (F)
 TODAY
  MAXIMUM         83    245 PM 102    1939  82      1       90
  MINIMUM         56    643 AM  44    1956  59     -3       67
  AVERAGE         70                        70      0       79

PRECIPITATION (IN)
  TODAY            0.00          1.47 1997   0.12  -0.12     0.00
  MONTH TO DATE    0.06                      1.04  -0.98     0.05
  SINCE SEP 1      0.06                      1.04  -0.98     0.05
  SINCE JAN 1     33.35                     32.35   1.00    35.11

SNOWFALL (IN)
  TODAY           MM            MM      MM  MM     MM       MM
  MONTH TO DATE   MM                        MM     MM       MM
  SINCE SEP 1     MM                        MM     MM       MM
  SINCE JUL 1     MM                        MM     MM       MM
  SNOW DEPTH      MM

DEGREE DAYS
 HEATING
  TODAY            0                         0      0        0
  MONTH TO DATE    0                         0      0        0
  SINCE SEP 1      0                         0      0        0
  SINCE JUL 1      3                         1      2        4

 COOLING
  TODAY            5                         6     -1       14
  MONTH TO DATE   87                        62     25       77
  SINCE SEP 1     87                        62     25       77
  SINCE JAN 1   1013                      1064    -51     1013
..................................................................


WIND (MPH)
  HIGHEST WIND SPEED     8   HIGHEST WIND DIRECTION     S (200)
  HIGHEST GUST SPEED    12   HIGHEST GUST DIRECTION    SW (210)
  AVERAGE WIND SPEED     2.1


SKY COVER
  POSSIBLE SUNSHINE  MM
  AVERAGE SKY COVER 0.1


WEATHER CONDITIONS
 THE FOLLOWING WEATHER WAS RECORDED TODAY.
  FOG


RELATIVE HUMIDITY (PERCENT)
 HIGHEST   100           400 AM
 LOWEST     47           200 PM
 AVERAGE    74

..........................................................


THE FRANKFORT KY CLIMATE NORMALS FOR TOMORROW
                         NORMAL    RECORD    YEAR
 MAXIMUM TEMPERATURE (F)   82        99      1925
 MINIMUM TEMPERATURE (F)   58        40      1924


SUNRISE AND SUNSET
SEPTEMBER  9 2014.....SUNRISE   716 AM EDT   SUNSET   757 PM EDT
SEPTEMBER 10 2014.....SUNRISE   717 AM EDT   SUNSET   755 PM EDT


-  INDICATES NEGATIVE NUMBERS.
R  INDICATES RECORD WAS SET OR TIED.
MM INDICATES DATA IS MISSING.
T  INDICATES TRACE AMOUNT.




$$
