369
CDUS43 KLMK 292128 RRA
CLIFFT

CLIMATE REPORT
NATIONAL WEATHER SERVICE LOUISVILLE KY
427 PM EST TUE NOV 29 2016


...................................

...THE FRANKFORT KY CLIMATE SUMMARY FOR NOVEMBER 29 2016...
VALID TODAY AS OF 0400 PM LOCAL TIME.

CLIMATE NORMAL PERIOD 1981 TO 2010
CLIMATE RECORD PERIOD 1895 TO 2016


WEATHER ITEM   OBSERVED TIME   RECORD YEAR NORMAL DEPARTURE LAST
                VALUE   (LST)  VALUE       VALUE  FROM      YEAR
                                                  NORMAL
..................................................................
TEMPERATURE (F)
 TODAY
  MAXIMUM         65    259 PM  74    1927  50     15       46
  MINIMUM         46    806 AM  10    1955  31     15       43
  AVERAGE         56                        41     15       45

PRECIPITATION (IN)
  TODAY            0.00          3.02 1905   0.14  -0.14     0.09
  MONTH TO DATE    1.36                      3.60  -2.24     3.33
  SINCE SEP 1      4.06                     10.17  -6.11    10.96
  SINCE JAN 1     40.11                     41.48  -1.37    54.60

SNOWFALL (IN)
  TODAY           MM            MM      MM  MM     MM       MM
  MONTH TO DATE   MM                        MM     MM       MM
  SINCE SEP 1     MM                        MM     MM       MM
  SINCE JUL 1     MM                        MM     MM       MM
  SNOW DEPTH      MM

DEGREE DAYS
 HEATING
  TODAY            9                        24    -15       20
  MONTH TO DATE  458                       545    -87      449
  SINCE SEP 1    603                       885   -282      714
  SINCE JUL 1    603                       886   -283      715

 COOLING
  TODAY            0                         0      0        0
  MONTH TO DATE   12                         0     12        3
  SINCE SEP 1    348                       152    196      194
  SINCE JAN 1   1639                      1154    485     1232
..................................................................


WIND (MPH)
  HIGHEST WIND SPEED    22   HIGHEST WIND DIRECTION     S (190)
  HIGHEST GUST SPEED    28   HIGHEST GUST DIRECTION    SW (220)
  AVERAGE WIND SPEED    10.8


SKY COVER
  POSSIBLE SUNSHINE  MM
  AVERAGE SKY COVER 0.1


WEATHER CONDITIONS
 THE FOLLOWING WEATHER WAS RECORDED TODAY.
  NO SIGNIFICANT WEATHER WAS OBSERVED.


RELATIVE HUMIDITY (PERCENT)
 HIGHEST    86           600 AM
 LOWEST     44           300 PM
 AVERAGE    65

..........................................................


THE FRANKFORT KY CLIMATE NORMALS FOR TOMORROW
                         NORMAL    RECORD    YEAR
 MAXIMUM TEMPERATURE (F)   50        72      1941
                                             1927
 MINIMUM TEMPERATURE (F)   31        -1      1929


SUNRISE AND SUNSET
NOVEMBER 29 2016......SUNRISE   736 AM EST   SUNSET   520 PM EST
NOVEMBER 30 2016......SUNRISE   737 AM EST   SUNSET   520 PM EST


-  INDICATES NEGATIVE NUMBERS.
R  INDICATES RECORD WAS SET OR TIED.
MM INDICATES DATA IS MISSING.
T  INDICATES TRACE AMOUNT.




$$
