000
CDUS43 KLMK 220701
CLIFFT

CLIMATE REPORT
NATIONAL WEATHER SERVICE LOUISVILLE KY
258 AM EDT SUN MAR 22 2015


...................................

...THE FRANKFORT KY CLIMATE SUMMARY FOR MARCH 21 2015...

CLIMATE NORMAL PERIOD 1981 TO 2010
CLIMATE RECORD PERIOD 1895 TO 2015


WEATHER ITEM   OBSERVED TIME   RECORD YEAR NORMAL DEPARTURE LAST
                VALUE   (LST)  VALUE       VALUE  FROM      YEAR
                                                  NORMAL
..................................................................
TEMPERATURE (F)
 YESTERDAY
  MAXIMUM         67    432 PM  83    1907  58      9       69
  MINIMUM         37    642 AM  18    1986  35      2       32
                                      1965
  AVERAGE         52                        47      5       51

PRECIPITATION (IN)
  YESTERDAY        0.00          1.68 1927   0.14  -0.14     0.00
  MONTH TO DATE    7.32                      2.89   4.43     1.20
  SINCE MAR 1      7.32                      2.89   4.43     1.20
  SINCE JAN 1     10.88                      9.44   1.44     7.40

SNOWFALL (IN)
  YESTERDAY        MM           MM      MM  MM     MM       MM
  MONTH TO DATE    MM                       MM     MM       MM
  SINCE MAR 1      MM                       MM     MM       MM
  SINCE JUL 1      MM                       MM     MM       MM
  SNOW DEPTH       M

DEGREE DAYS
 HEATING
  YESTERDAY       13                        19     -6       14
  MONTH TO DATE  476                       460     16      515
  SINCE MAR 1    476                       460     16      515
  SINCE JUL 1   4596                      4099    497     4627

 COOLING
  YESTERDAY        0                         0      0        0
  MONTH TO DATE    0                         0      0        0
  SINCE MAR 1      0                         0      0        0
  SINCE JAN 1      0                         0      0        0
..................................................................


WIND (MPH)
  HIGHEST WIND SPEED    15   HIGHEST WIND DIRECTION    SW (230)
  HIGHEST GUST SPEED    21   HIGHEST GUST DIRECTION    SW (220)
  AVERAGE WIND SPEED     6.9


SKY COVER
  POSSIBLE SUNSHINE  MM
  AVERAGE SKY COVER 0.3


WEATHER CONDITIONS
 THE FOLLOWING WEATHER WAS RECORDED YESTERDAY.
  FOG
  HAZE


RELATIVE HUMIDITY (PERCENT)
 HIGHEST    92          1200 AM
 LOWEST     40           400 PM
 AVERAGE    66

..........................................................


THE FRANKFORT KY CLIMATE NORMALS FOR TODAY
                         NORMAL    RECORD    YEAR
 MAXIMUM TEMPERATURE (F)   58        84      1907
 MINIMUM TEMPERATURE (F)   36        14      2013


SUNRISE AND SUNSET
MARCH 22 2015.........SUNRISE   740 AM EDT   SUNSET   753 PM EDT
MARCH 23 2015.........SUNRISE   739 AM EDT   SUNSET   754 PM EDT


-  INDICATES NEGATIVE NUMBERS.
R  INDICATES RECORD WAS SET OR TIED.
MM INDICATES DATA IS MISSING.
T  INDICATES TRACE AMOUNT.




$$
