612
CDUS43 KLMK 090628
CLIFFT


CLIMATE REPORT
NATIONAL WEATHER SERVICE LOUISVILLE KY
126 AM EST SAT DEC 9 2017


...................................

...THE FRANKFORT KY CLIMATE SUMMARY FOR DECEMBER 8 2017...

CLIMATE NORMAL PERIOD 1981 TO 2010
CLIMATE RECORD PERIOD 1895 TO 2017


WEATHER ITEM   OBSERVED TIME   RECORD YEAR NORMAL DEPARTURE LAST
                VALUE   (LST)  VALUE       VALUE  FROM      YEAR
                                                  NORMAL
..................................................................
TEMPERATURE (F)
 YESTERDAY
  MAXIMUM         33    346 PM  71    1922  46    -13       36
  MINIMUM         18    224 AM   2    1977  28    -10       24
  AVERAGE         26                        37    -11       30

PRECIPITATION (IN)
  YESTERDAY        0.00          3.13 1924   0.15  -0.15      T
  MONTH TO DATE    0.61                      1.15  -0.54     0.94
  SINCE DEC 1      0.61                      1.15  -0.54     0.94
  SINCE JAN 1     47.52                     42.76   4.76    41.18

SNOWFALL (IN)
  YESTERDAY       MM            MM      MM  MM     MM       MM
  MONTH TO DATE   MM                        MM     MM       MM
  SINCE DEC 1     MM                        MM     MM       MM
  SINCE JUL 1     MM                        MM     MM       MM
  SNOW DEPTH      MM

DEGREE DAYS
 HEATING
  YESTERDAY       39                        28     11       35
  MONTH TO DATE  202                       212    -10      208
  SINCE DEC 1    202                       212    -10      208
  SINCE JUL 1   1010                      1123   -113      826

 COOLING
  YESTERDAY        0                         0      0        0
  MONTH TO DATE    0                         0      0        0
  SINCE DEC 1      0                         0      0        0
  SINCE JAN 1   1279                      1155    124     1639
..................................................................


WIND (MPH)
  HIGHEST WIND SPEED     9   HIGHEST WIND DIRECTION     S (200)
  HIGHEST GUST SPEED    12   HIGHEST GUST DIRECTION     S (200)
  AVERAGE WIND SPEED     3.0


SKY COVER
  POSSIBLE SUNSHINE  MM
  AVERAGE SKY COVER 0.0


WEATHER CONDITIONS
 THE FOLLOWING WEATHER WAS RECORDED YESTERDAY.
  NO SIGNIFICANT WEATHER WAS OBSERVED.


RELATIVE HUMIDITY (PERCENT)
 HIGHEST    77           400 AM
 LOWEST     43           300 PM
 AVERAGE    60

..........................................................


THE FRANKFORT KY CLIMATE NORMALS FOR TODAY
                         NORMAL    RECORD    YEAR
 MAXIMUM TEMPERATURE (F)   46        70      1946
                                             1911
 MINIMUM TEMPERATURE (F)   28        -6      1917


SUNRISE AND SUNSET
DECEMBER  9 2017......SUNRISE   745 AM EST   SUNSET   519 PM EST
DECEMBER 10 2017......SUNRISE   745 AM EST   SUNSET   520 PM EST


-  INDICATES NEGATIVE NUMBERS.
R  INDICATES RECORD WAS SET OR TIED.
MM INDICATES DATA IS MISSING.
T  INDICATES TRACE AMOUNT.




$$
