000
CDUS43 KLMK 092027
CLIFFT


CLIMATE REPORT
NATIONAL WEATHER SERVICE LOUISVILLE KY
427 PM EDT SUN APR 9 2017


...................................

...THE FRANKFORT KY CLIMATE SUMMARY FOR APRIL 9 2017...
VALID TODAY AS OF 0400 PM LOCAL TIME.

CLIMATE NORMAL PERIOD 1981 TO 2010
CLIMATE RECORD PERIOD 1895 TO 2017


WEATHER ITEM   OBSERVED TIME   RECORD YEAR NORMAL DEPARTURE LAST
                VALUE   (LST)  VALUE       VALUE  FROM      YEAR
                                                  NORMAL
..................................................................
TEMPERATURE (F)
 TODAY
  MAXIMUM         78    244 PM  84    2001  65     13       45
                                      1919
                                      1915
  MINIMUM         41    453 AM  22    2007  41      0       32
  AVERAGE         60                        53      7       39

PRECIPITATION (IN)
  TODAY            0.00          1.76 1942   0.12  -0.12     0.00
  MONTH TO DATE    0.72                      1.02  -0.30     0.22
  SINCE MAR 1      5.81                      5.40   0.41     6.30
  SINCE JAN 1     11.91                     11.95  -0.04    12.32

SNOWFALL (IN)
  TODAY           MM            MM      MM  MM     MM       MM
  MONTH TO DATE   MM                        MM     MM       MM
  SINCE MAR 1     MM                        MM     MM       MM
  SINCE JUL 1     MM                        MM     MM       MM
  SNOW DEPTH      MM

DEGREE DAYS
 HEATING
  TODAY            5                        12     -7       26
  MONTH TO DATE   89                       123    -34      162
  SINCE MAR 1    622                       748   -126      572
  SINCE JUL 1   3392                      4387   -995     3644

 COOLING
  TODAY            0                         1     -1        0
  MONTH TO DATE    1                         1      0        0
  SINCE MAR 1      7                         3      4        1
  SINCE JAN 1     10                         3      7        1
..................................................................


WIND (MPH)
  HIGHEST WIND SPEED    22   HIGHEST WIND DIRECTION     S (180)
  HIGHEST GUST SPEED    28   HIGHEST GUST DIRECTION     S (180)
  AVERAGE WIND SPEED     7.9


SKY COVER
  POSSIBLE SUNSHINE  MM
  AVERAGE SKY COVER 0.0


WEATHER CONDITIONS
 THE FOLLOWING WEATHER WAS RECORDED TODAY.
  NO SIGNIFICANT WEATHER WAS OBSERVED.


RELATIVE HUMIDITY (PERCENT)
 HIGHEST    67           400 AM
 LOWEST     19           100 PM
 AVERAGE    43

..........................................................


THE FRANKFORT KY CLIMATE NORMALS FOR TOMORROW
                         NORMAL    RECORD    YEAR
 MAXIMUM TEMPERATURE (F)   65        84      2011
                                             2001
                                             1919
 MINIMUM TEMPERATURE (F)   42        23      1997
                                             1960


SUNRISE AND SUNSET
APRIL  9 2017.........SUNRISE   712 AM EDT   SUNSET   810 PM EDT
APRIL 10 2017.........SUNRISE   711 AM EDT   SUNSET   811 PM EDT


-  INDICATES NEGATIVE NUMBERS.
R  INDICATES RECORD WAS SET OR TIED.
MM INDICATES DATA IS MISSING.
T  INDICATES TRACE AMOUNT.




$$
