000
CDUS43 KLMK 100629
CLIFFT


CLIMATE REPORT
NATIONAL WEATHER SERVICE LOUISVILLE KY
229 AM EDT WED MAY 10 2017


...................................

...THE FRANKFORT KY CLIMATE SUMMARY FOR MAY 9 2017...

CLIMATE NORMAL PERIOD 1981 TO 2010
CLIMATE RECORD PERIOD 1895 TO 2017


WEATHER ITEM   OBSERVED TIME   RECORD YEAR NORMAL DEPARTURE LAST
                VALUE   (LST)  VALUE       VALUE  FROM      YEAR
                                                  NORMAL
..................................................................
TEMPERATURE (F)
 YESTERDAY
  MAXIMUM         81    416 PM  94    1936  74      7       74
  MINIMUM         54    555 AM  32    1947  50      4       56
  AVERAGE         68                        62      6       65

PRECIPITATION (IN)
  YESTERDAY        0.04          1.62 1961   0.16  -0.12     0.01
  MONTH TO DATE    1.34                      1.47  -0.13     0.74
  SINCE MAR 1      9.77                      9.54   0.23     9.89
  SINCE JAN 1     15.87                     16.09  -0.22    15.91

SNOWFALL (IN)
  YESTERDAY       MM            MM      MM  MM     MM       MM
  MONTH TO DATE   MM                        MM     MM       MM
  SINCE MAR 1     MM                        MM     MM       MM
  SINCE JUL 1     MM                        MM     MM       MM
  SNOW DEPTH      MM

DEGREE DAYS
 HEATING
  YESTERDAY        0                         5     -5        0
  MONTH TO DATE   74                        48     26       46
  SINCE MAR 1    743                       987   -244      712
  SINCE JUL 1   3513                      4626  -1113     3784

 COOLING
  YESTERDAY        3                         2      1        0
  MONTH TO DATE    3                        10     -7        7
  SINCE MAR 1     76                        30     46       33
  SINCE JAN 1     79                        30     49       33
..................................................................


WIND (MPH)
  HIGHEST WIND SPEED    16   HIGHEST WIND DIRECTION    SW (240)
  HIGHEST GUST SPEED    24   HIGHEST GUST DIRECTION    SW (240)
  AVERAGE WIND SPEED     5.4


SKY COVER
  POSSIBLE SUNSHINE  MM
  AVERAGE SKY COVER 0.6


WEATHER CONDITIONS
 THE FOLLOWING WEATHER WAS RECORDED YESTERDAY.
  LIGHT RAIN


RELATIVE HUMIDITY (PERCENT)
 HIGHEST    89           600 AM
 LOWEST     45           400 PM
 AVERAGE    67

..........................................................


THE FRANKFORT KY CLIMATE NORMALS FOR TODAY
                         NORMAL    RECORD    YEAR
 MAXIMUM TEMPERATURE (F)   74        93      1936
 MINIMUM TEMPERATURE (F)   51        30      1966
                                             1947


SUNRISE AND SUNSET
MAY 10 2017...........SUNRISE   633 AM EDT   SUNSET   839 PM EDT
MAY 11 2017...........SUNRISE   632 AM EDT   SUNSET   840 PM EDT


-  INDICATES NEGATIVE NUMBERS.
R  INDICATES RECORD WAS SET OR TIED.
MM INDICATES DATA IS MISSING.
T  INDICATES TRACE AMOUNT.




$$
