000
CDUS43 KLMK 140634
CLIFFT


CLIMATE REPORT
NATIONAL WEATHER SERVICE LOUISVILLE KY
134 AM EST SUN DEC 14 2014


...................................

...THE FRANKFORT KY CLIMATE SUMMARY FOR DECEMBER 13 2014...

CLIMATE NORMAL PERIOD 1981 TO 2010
CLIMATE RECORD PERIOD 1895 TO 2014


WEATHER ITEM   OBSERVED TIME   RECORD YEAR NORMAL DEPARTURE LAST
                VALUE   (LST)  VALUE       VALUE  FROM      YEAR
                                                  NORMAL
..................................................................
TEMPERATURE (F)
 YESTERDAY
  MAXIMUM         45    342 PM  72    1927  45      0       43
  MINIMUM         37    405 AM  -5    1962  27     10       18
  AVERAGE         41                        36      5       31

PRECIPITATION (IN)
  YESTERDAY        0.00          1.98 1949   0.13  -0.13     0.06
  MONTH TO DATE    2.39                      1.87   0.52     2.18
  SINCE DEC 1      2.39                      1.87   0.52     2.18
  SINCE JAN 1     45.04                     43.48   1.56    47.40

SNOWFALL (IN)
  YESTERDAY       MM            MM      MM  MM     MM       MM
  MONTH TO DATE   MM                        MM     MM       MM
  SINCE DEC 1     MM                        MM     MM       MM
  SINCE JUL 1     MM                        MM     MM       MM
  SNOW DEPTH      MM

DEGREE DAYS
 HEATING
  YESTERDAY       24                        29     -5       34
  MONTH TO DATE  330                       355    -25      391
  SINCE DEC 1    330                       355    -25      391
  SINCE JUL 1   1458                      1266    192     1434

 COOLING
  YESTERDAY        0                         0      0        0
  MONTH TO DATE    0                         0      0        0
  SINCE DEC 1      0                         0      0        0
  SINCE JAN 1   1070                      1155    -85     1127
..................................................................


WIND (MPH)
  HIGHEST WIND SPEED    10   HIGHEST WIND DIRECTION    NW (300)
  HIGHEST GUST SPEED    16   HIGHEST GUST DIRECTION    NW (300)
  AVERAGE WIND SPEED     3.0


SKY COVER
  POSSIBLE SUNSHINE  MM
  AVERAGE SKY COVER 1.0


WEATHER CONDITIONS
 THE FOLLOWING WEATHER WAS RECORDED YESTERDAY.
  NO SIGNIFICANT WEATHER WAS OBSERVED.


RELATIVE HUMIDITY (PERCENT)
 HIGHEST    82          1200 AM
 LOWEST     65           100 PM
 AVERAGE    74

..........................................................


THE FRANKFORT KY CLIMATE NORMALS FOR TODAY
                         NORMAL    RECORD    YEAR
 MAXIMUM TEMPERATURE (F)   44        72      1927
 MINIMUM TEMPERATURE (F)   26        -3      1962


SUNRISE AND SUNSET
DECEMBER 14 2014......SUNRISE   748 AM EST   SUNSET   520 PM EST
DECEMBER 15 2014......SUNRISE   749 AM EST   SUNSET   521 PM EST


-  INDICATES NEGATIVE NUMBERS.
R  INDICATES RECORD WAS SET OR TIED.
MM INDICATES DATA IS MISSING.
T  INDICATES TRACE AMOUNT.




$$
