000
CDUS43 KLMK 122030
CLIFFT


CLIMATE REPORT
NATIONAL WEATHER SERVICE LOUISVILLE KY
430 PM EDT THU MAY 12 2016


...................................

...THE FRANKFORT KY CLIMATE SUMMARY FOR MAY 12 2016...
VALID TODAY AS OF 0400 PM LOCAL TIME.

CLIMATE NORMAL PERIOD 1981 TO 2010
CLIMATE RECORD PERIOD 1895 TO 2016


WEATHER ITEM   OBSERVED TIME   RECORD YEAR NORMAL DEPARTURE LAST
                VALUE   (LST)  VALUE       VALUE  FROM      YEAR
                                                  NORMAL
..................................................................
TEMPERATURE (F)
 TODAY
  MAXIMUM         79    227 PM  92    1914  74      5       73
  MINIMUM         62    613 AM  34    1941  51     11       51
  AVERAGE         71                        63      8       62

PRECIPITATION (IN)
  TODAY            0.00          1.44 1943   0.16  -0.16     0.00
  MONTH TO DATE    2.19                      1.95   0.24     0.05
  SINCE MAR 1     11.34                     10.02   1.32    18.97
  SINCE JAN 1     17.36                     16.57   0.79    22.53

SNOWFALL (IN)
  TODAY           MM            MM      MM  MM     MM       MM
  MONTH TO DATE    0.0                      MM     MM       MM
  SINCE MAR 1      0.0                      MM     MM       MM
  SINCE JUL 1      0.0                      MM     MM       MM
  SNOW DEPTH      MM

DEGREE DAYS
 HEATING
  TODAY            0                         4     -4        3
  MONTH TO DATE   46                        60    -14       19
  SINCE MAR 1    712                       999   -287      964
  SINCE JUL 1   3784                      4638   -854     5084

 COOLING
  TODAY            6                         2      4        0
  MONTH TO DATE   23                        16      7       55
  SINCE MAR 1     49                        36     13       63
  SINCE JAN 1     49                        36     13       63
..................................................................


WIND (MPH)
  HIGHEST WIND SPEED    17   HIGHEST WIND DIRECTION     S (190)
  HIGHEST GUST SPEED    22   HIGHEST GUST DIRECTION     S (190)
  AVERAGE WIND SPEED     6.8


SKY COVER
  POSSIBLE SUNSHINE  MM
  AVERAGE SKY COVER 0.6


WEATHER CONDITIONS
 THE FOLLOWING WEATHER WAS RECORDED TODAY.
  NO SIGNIFICANT WEATHER WAS OBSERVED.


RELATIVE HUMIDITY (PERCENT)
 HIGHEST    90           300 AM
 LOWEST     58           300 PM
 AVERAGE    74

..........................................................


THE FRANKFORT KY CLIMATE NORMALS FOR TOMORROW
                         NORMAL    RECORD    YEAR
 MAXIMUM TEMPERATURE (F)   75        89      1896
 MINIMUM TEMPERATURE (F)   52        34      1941
                                             1938


SUNRISE AND SUNSET
MAY 12 2016...........SUNRISE   631 AM EDT   SUNSET   841 PM EDT
MAY 13 2016...........SUNRISE   630 AM EDT   SUNSET   842 PM EDT


-  INDICATES NEGATIVE NUMBERS.
R  INDICATES RECORD WAS SET OR TIED.
MM INDICATES DATA IS MISSING.
T  INDICATES TRACE AMOUNT.




$$
