000
CDUS43 KLMK 170627
CLIFFT


CLIMATE REPORT
NATIONAL WEATHER SERVICE LOUISVILLE KY
226 AM EDT THU JUL 17 2014


...................................

...THE FRANKFORT KY CLIMATE SUMMARY FOR JULY 16 2014...

CLIMATE NORMAL PERIOD 1981 TO 2010
CLIMATE RECORD PERIOD 1895 TO 2014


WEATHER ITEM   OBSERVED TIME   RECORD YEAR NORMAL DEPARTURE LAST
                VALUE   (LST)  VALUE       VALUE  FROM      YEAR
                                                  NORMAL
..................................................................
TEMPERATURE (F)
 YESTERDAY
  MAXIMUM         77    422 PM 100    1988  87    -10       93
                                      1980
                                      1931
  MINIMUM         52    558 AM  50    1963  66    -14       69
  AVERAGE         65                        76    -11       81

PRECIPITATION (IN)
  YESTERDAY        0.00          1.32 1947   0.15  -0.15     0.00
  MONTH TO DATE    0.97                      2.17  -1.20     5.63
  SINCE JUN 1      4.89                      6.26  -1.37    12.14
  SINCE JAN 1     25.67                     25.73  -0.06    30.81

SNOWFALL (IN)
  YESTERDAY       MM            MM      MM  MM     MM       MM
  MONTH TO DATE   MM                        MM     MM       MM
  SINCE JUN 1     MM                        MM     MM       MM
  SINCE JUL 1     MM                        MM     MM       MM
  SNOW DEPTH      MM

DEGREE DAYS
 HEATING
  YESTERDAY        0                         0      0        0
  MONTH TO DATE    0                         0      0        0
  SINCE JUN 1      3                        10     -7        2
  SINCE JUL 1      0                         0      0        0

 COOLING
  YESTERDAY        0                        11    -11       16
  MONTH TO DATE  130                       176    -46      154
  SINCE JUN 1    395                       412    -17      395
  SINCE JAN 1    517                       511      6      514
..................................................................


WIND (MPH)
  HIGHEST WIND SPEED    12   HIGHEST WIND DIRECTION    NW (320)
  HIGHEST GUST SPEED    14   HIGHEST GUST DIRECTION     N (340)
  AVERAGE WIND SPEED     3.7


SKY COVER
  POSSIBLE SUNSHINE  MM
  AVERAGE SKY COVER 0.4


WEATHER CONDITIONS
 THE FOLLOWING WEATHER WAS RECORDED YESTERDAY.
  NO SIGNIFICANT WEATHER WAS OBSERVED.


RELATIVE HUMIDITY (PERCENT)
 HIGHEST   100           600 AM
 LOWEST     41           400 PM
 AVERAGE    71

..........................................................


THE FRANKFORT KY CLIMATE NORMALS FOR TODAY
                         NORMAL    RECORD    YEAR
 MAXIMUM TEMPERATURE (F)   87       101      1913
 MINIMUM TEMPERATURE (F)   66        54      1945
                                             1939
                                             1933


SUNRISE AND SUNSET
JULY 17 2014..........SUNRISE   630 AM EDT   SUNSET   901 PM EDT
JULY 18 2014..........SUNRISE   631 AM EDT   SUNSET   900 PM EDT


-  INDICATES NEGATIVE NUMBERS.
R  INDICATES RECORD WAS SET OR TIED.
MM INDICATES DATA IS MISSING.
T  INDICATES TRACE AMOUNT.




$$
