072
CDUS43 KLMK 222027 RRB
CLIFFT

CLIMATE REPORT
NATIONAL WEATHER SERVICE LOUISVILLE KY
426 PM EDT FRI APR 22 2016


...................................

...THE FRANKFORT KY CLIMATE SUMMARY FOR APRIL 22 2016...
VALID TODAY AS OF 0400 PM LOCAL TIME.

CLIMATE NORMAL PERIOD 1981 TO 2010
CLIMATE RECORD PERIOD 1895 TO 2016


WEATHER ITEM   OBSERVED TIME   RECORD YEAR NORMAL DEPARTURE LAST
                VALUE   (LST)  VALUE       VALUE  FROM      YEAR
                                                  NORMAL
..................................................................
TEMPERATURE (F)
 TODAY
  MAXIMUM         69    131 PM  93    1914  69      0       60
  MINIMUM         54    455 AM  29    1986  45      9       38
  AVERAGE         62                        57      5       49

PRECIPITATION (IN)
  TODAY            0.08          1.70 1972   0.13  -0.05     0.09
  MONTH TO DATE    0.96                      2.55  -1.59    10.68
  SINCE MAR 1      7.04                      6.93   0.11    18.36
  SINCE JAN 1     13.06                     13.48  -0.42    21.92

SNOWFALL (IN)
  TODAY           MM            MM      MM  MM     MM       MM
  MONTH TO DATE   MM                        MM     MM       MM
  SINCE MAR 1     MM                        MM     MM       MM
  SINCE JUL 1     MM                        MM     MM       MM
  SNOW DEPTH      MM

DEGREE DAYS
 HEATING
  TODAY            3                         8     -5       16
  MONTH TO DATE  239                       257    -18      159
  SINCE MAR 1    649                       882   -233      831
  SINCE JUL 1   3721                      4521   -800     4951

 COOLING
  TODAY            0                         1     -1        0
  MONTH TO DATE   11                        14     -3        8
  SINCE MAR 1     12                        16     -4        8
  SINCE JAN 1     12                        16     -4        8
..................................................................


WIND (MPH)
  HIGHEST WIND SPEED    21   HIGHEST WIND DIRECTION    NW (320)
  HIGHEST GUST SPEED    29   HIGHEST GUST DIRECTION    NW (320)
  AVERAGE WIND SPEED     8.5


SKY COVER
  POSSIBLE SUNSHINE  MM
  AVERAGE SKY COVER 0.9


WEATHER CONDITIONS
 THE FOLLOWING WEATHER WAS RECORDED TODAY.
  RAIN
  LIGHT RAIN
  FOG


RELATIVE HUMIDITY (PERCENT)
 HIGHEST    93           500 AM
 LOWEST     59           100 PM
 AVERAGE    76

..........................................................


THE FRANKFORT KY CLIMATE NORMALS FOR TOMORROW
                         NORMAL    RECORD    YEAR
 MAXIMUM TEMPERATURE (F)   69        88      1914
 MINIMUM TEMPERATURE (F)   46        27      1986


SUNRISE AND SUNSET
APRIL 22 2016.........SUNRISE   654 AM EDT   SUNSET   823 PM EDT
APRIL 23 2016.........SUNRISE   652 AM EDT   SUNSET   824 PM EDT


-  INDICATES NEGATIVE NUMBERS.
R  INDICATES RECORD WAS SET OR TIED.
MM INDICATES DATA IS MISSING.
T  INDICATES TRACE AMOUNT.




$$
