000
CDUS43 KLMK 250630
CLIFFT


CLIMATE REPORT
NATIONAL WEATHER SERVICE LOUISVILLE KY
129 AM EST FRI NOV 25 2016


...................................

...THE FRANKFORT KY CLIMATE SUMMARY FOR NOVEMBER 24 2016...

CLIMATE NORMAL PERIOD 1981 TO 2010
CLIMATE RECORD PERIOD 1895 TO 2016


WEATHER ITEM   OBSERVED TIME   RECORD YEAR NORMAL DEPARTURE LAST
                VALUE   (LST)  VALUE       VALUE  FROM      YEAR
                                                  NORMAL
..................................................................
TEMPERATURE (F)
 YESTERDAY
  MAXIMUM         54    905 AM  74    1999  53      1       59
  MINIMUM         46   1159 PM  10    1956  33     13       28
                                      1950
  AVERAGE         50                        43      7       44

PRECIPITATION (IN)
  YESTERDAY        0.03          2.15 1900   0.15  -0.12     0.00
  MONTH TO DATE    0.63                      2.91  -2.28     2.58
  SINCE SEP 1      3.33                      9.48  -6.15    10.21
  SINCE JAN 1     39.38                     40.79  -1.41    53.85

SNOWFALL (IN)
  YESTERDAY       MM            MM      MM  MM     MM       MM
  MONTH TO DATE   MM                        MM     MM       MM
  SINCE SEP 1     MM                        MM     MM       MM
  SINCE JUL 1     MM                        MM     MM       MM
  SNOW DEPTH      MM

DEGREE DAYS
 HEATING
  YESTERDAY       15                        22     -7       21
  MONTH TO DATE  360                       427    -67      381
  SINCE SEP 1    505                       767   -262      646
  SINCE JUL 1    505                       768   -263      647

 COOLING
  YESTERDAY        0                         0      0        0
  MONTH TO DATE   12                         0     12        3
  SINCE SEP 1    348                       152    196      194
  SINCE JAN 1   1639                      1154    485     1232
..................................................................


WIND (MPH)
  HIGHEST WIND SPEED    12   HIGHEST WIND DIRECTION    NW (310)
  HIGHEST GUST SPEED    16   HIGHEST GUST DIRECTION    NW (310)
  AVERAGE WIND SPEED     3.8


SKY COVER
  POSSIBLE SUNSHINE  MM
  AVERAGE SKY COVER 1.0


WEATHER CONDITIONS
 THE FOLLOWING WEATHER WAS RECORDED YESTERDAY.
  LIGHT RAIN
  FOG
  HAZE


RELATIVE HUMIDITY (PERCENT)
 HIGHEST    93           400 AM
 LOWEST     80           100 PM
 AVERAGE    87

..........................................................


THE FRANKFORT KY CLIMATE NORMALS FOR TODAY
                         NORMAL    RECORD    YEAR
 MAXIMUM TEMPERATURE (F)   52        73      1915
 MINIMUM TEMPERATURE (F)   33         2      1950


SUNRISE AND SUNSET
NOVEMBER 25 2016......SUNRISE   732 AM EST   SUNSET   521 PM EST
NOVEMBER 26 2016......SUNRISE   733 AM EST   SUNSET   521 PM EST


-  INDICATES NEGATIVE NUMBERS.
R  INDICATES RECORD WAS SET OR TIED.
MM INDICATES DATA IS MISSING.
T  INDICATES TRACE AMOUNT.




$$
