000
CDUS43 KLMK 112034
CLIFFT


CLIMATE REPORT
NATIONAL WEATHER SERVICE LOUISVILLE KY
433 PM EDT MON AUG 11 2014


...................................

...THE FRANKFORT KY CLIMATE SUMMARY FOR AUGUST 11 2014...
VALID TODAY AS OF 0400 PM LOCAL TIME.

CLIMATE NORMAL PERIOD 1981 TO 2010
CLIMATE RECORD PERIOD 1895 TO 2014


WEATHER ITEM   OBSERVED TIME   RECORD YEAR NORMAL DEPARTURE LAST
                VALUE   (LST)  VALUE       VALUE  FROM      YEAR
                                                  NORMAL
..................................................................
TEMPERATURE (F)
 TODAY
  MAXIMUM         85    232 PM  99    1944  87     -2       86
                                      1941
  MINIMUM         69    605 AM  50    1972  65      4       70
  AVERAGE         77                        76      1       78

PRECIPITATION (IN)
  TODAY            0.00          1.15 1966   0.10  -0.10     0.00
  MONTH TO DATE    0.82                      1.12  -0.30     0.88
  SINCE JUN 1      7.77                      9.60  -1.83    15.11
  SINCE JAN 1     28.55                     29.07  -0.52    33.78

SNOWFALL (IN)
  TODAY           MM            MM      MM  MM     MM       MM
  MONTH TO DATE   MM                        MM     MM       MM
  SINCE JUN 1     MM                        MM     MM       MM
  SINCE JUL 1     MM                        MM     MM       MM
  SNOW DEPTH      MM

DEGREE DAYS
 HEATING
  TODAY            0                         0      0        0
  MONTH TO DATE    0                         0      0        0
  SINCE JUN 1      6                        10     -4        3
  SINCE JUL 1      3                         0      3        1

 COOLING
  TODAY           12                        11      1       13
  MONTH TO DATE   98                       121    -23      104
  SINCE JUN 1    588                       707   -119      629
  SINCE JAN 1    710                       806    -96      748
..................................................................


WIND (MPH)
  HIGHEST WIND SPEED    15   HIGHEST WIND DIRECTION    SW (210)
  HIGHEST GUST SPEED    21   HIGHEST GUST DIRECTION    SW (230)
  AVERAGE WIND SPEED     5.9


SKY COVER
  POSSIBLE SUNSHINE  MM
  AVERAGE SKY COVER 0.4


WEATHER CONDITIONS
 THE FOLLOWING WEATHER WAS RECORDED TODAY.
  FOG


RELATIVE HUMIDITY (PERCENT)
 HIGHEST   100           100 AM
 LOWEST     65           300 PM
 AVERAGE    83

..........................................................


THE FRANKFORT KY CLIMATE NORMALS FOR TOMORROW
                         NORMAL    RECORD    YEAR
 MAXIMUM TEMPERATURE (F)   87       100      1943
 MINIMUM TEMPERATURE (F)   65        51      2012
                                             1967


SUNRISE AND SUNSET
AUGUST 11 2014........SUNRISE   651 AM EDT   SUNSET   838 PM EDT
AUGUST 12 2014........SUNRISE   652 AM EDT   SUNSET   837 PM EDT


-  INDICATES NEGATIVE NUMBERS.
R  INDICATES RECORD WAS SET OR TIED.
MM INDICATES DATA IS MISSING.
T  INDICATES TRACE AMOUNT.




$$
