000
CDUS43 KLMK 232135
CLIFFT


CLIMATE REPORT
NATIONAL WEATHER SERVICE LOUISVILLE KY
435 PM EST WED NOV 23 2016


...................................

...THE FRANKFORT KY CLIMATE SUMMARY FOR NOVEMBER 23 2016...
VALID TODAY AS OF 0400 PM LOCAL TIME.

CLIMATE NORMAL PERIOD 1981 TO 2010
CLIMATE RECORD PERIOD 1895 TO 2016


WEATHER ITEM   OBSERVED TIME   RECORD YEAR NORMAL DEPARTURE LAST
                VALUE   (LST)  VALUE       VALUE  FROM      YEAR
                                                  NORMAL
..................................................................
TEMPERATURE (F)
 TODAY
  MAXIMUM         62    257 PM  77    1931  53      9       48
  MINIMUM         36   1215 AM  10    1964  33      3       19
  AVERAGE         49                        43      6       34

PRECIPITATION (IN)
  TODAY            0.05          1.80 1953   0.13  -0.08     0.00
  MONTH TO DATE    0.46                      2.76  -2.30     2.58
  SINCE SEP 1      3.16                      9.33  -6.17    10.21
  SINCE JAN 1     39.21                     40.64  -1.43    53.85

SNOWFALL (IN)
  TODAY           MM            MM      MM  MM     MM       MM
  MONTH TO DATE   MM                        MM     MM       MM
  SINCE SEP 1     MM                        MM     MM       MM
  SINCE JUL 1     MM                        MM     MM       MM
  SNOW DEPTH      MM

DEGREE DAYS
 HEATING
  TODAY           16                        22     -6       31
  MONTH TO DATE  345                       405    -60      360
  SINCE SEP 1    490                       745   -255      625
  SINCE JUL 1    490                       746   -256      626

 COOLING
  TODAY            0                         0      0        0
  MONTH TO DATE   12                         0     12        3
  SINCE SEP 1    348                       152    196      194
  SINCE JAN 1   1639                      1154    485     1232
..................................................................


WIND (MPH)
  HIGHEST WIND SPEED    13   HIGHEST WIND DIRECTION    SE (150)
  HIGHEST GUST SPEED    17   HIGHEST GUST DIRECTION    SE (150)
  AVERAGE WIND SPEED     6.0


SKY COVER
  POSSIBLE SUNSHINE  MM
  AVERAGE SKY COVER 0.4


WEATHER CONDITIONS
 THE FOLLOWING WEATHER WAS RECORDED TODAY.
  LIGHT RAIN


RELATIVE HUMIDITY (PERCENT)
 HIGHEST    85           800 AM
 LOWEST     27           400 PM
 AVERAGE    56

..........................................................


THE FRANKFORT KY CLIMATE NORMALS FOR TOMORROW
                         NORMAL    RECORD    YEAR
 MAXIMUM TEMPERATURE (F)   53        74      1999
 MINIMUM TEMPERATURE (F)   33        10      1956
                                             1950


SUNRISE AND SUNSET
NOVEMBER 23 2016......SUNRISE   730 AM EST   SUNSET   522 PM EST
NOVEMBER 24 2016......SUNRISE   731 AM EST   SUNSET   522 PM EST


-  INDICATES NEGATIVE NUMBERS.
R  INDICATES RECORD WAS SET OR TIED.
MM INDICATES DATA IS MISSING.
T  INDICATES TRACE AMOUNT.




$$
