000
CDUS43 KLMK 220628
CLIFFT


CLIMATE REPORT
NATIONAL WEATHER SERVICE LOUISVILLE KY
228 AM EDT MON SEP 22 2014


...................................

...THE FRANKFORT KY CLIMATE SUMMARY FOR SEPTEMBER 21 2014...

CLIMATE NORMAL PERIOD 1981 TO 2010
CLIMATE RECORD PERIOD 1895 TO 2014


WEATHER ITEM   OBSERVED TIME   RECORD YEAR NORMAL DEPARTURE LAST
                VALUE   (LST)  VALUE       VALUE  FROM      YEAR
                                                  NORMAL
..................................................................
TEMPERATURE (F)
 YESTERDAY
  MAXIMUM         81    136 PM  98    1940  78      3       73
                                      1931
  MINIMUM         57   1155 PM  37    1962  54      3       53
                                      1897
  AVERAGE         69                        66      3       63

PRECIPITATION (IN)
  YESTERDAY        0.00          1.65 1932   0.10  -0.10     1.29
  MONTH TO DATE    2.83                      2.35   0.48     1.71
  SINCE SEP 1      2.83                      2.35   0.48     1.71
  SINCE JAN 1     36.12                     33.66   2.46    36.77

SNOWFALL (IN)
  YESTERDAY       MM            MM      MM  MM     MM       MM
  MONTH TO DATE   MM                        MM     MM       MM
  SINCE SEP 1     MM                        MM     MM       MM
  SINCE JUL 1     MM                        MM     MM       MM
  SNOW DEPTH      MM

DEGREE DAYS
 HEATING
  YESTERDAY        0                         3     -3        2
  MONTH TO DATE   37                        18     19       13
  SINCE SEP 1     37                        18     19       13
  SINCE JUL 1     40                        19     21       17

 COOLING
  YESTERDAY        4                         3      1        0
  MONTH TO DATE  108                       112     -4      141
  SINCE SEP 1    108                       112     -4      141
  SINCE JAN 1   1034                      1114    -80     1077
..................................................................


WIND (MPH)
  HIGHEST WIND SPEED    20   HIGHEST WIND DIRECTION    NW (300)
  HIGHEST GUST SPEED    31   HIGHEST GUST DIRECTION     W (280)
  AVERAGE WIND SPEED     8.5


SKY COVER
  POSSIBLE SUNSHINE  MM
  AVERAGE SKY COVER 0.2


WEATHER CONDITIONS
 THE FOLLOWING WEATHER WAS RECORDED YESTERDAY.
  NO SIGNIFICANT WEATHER WAS OBSERVED.


RELATIVE HUMIDITY (PERCENT)
 HIGHEST    90           800 AM
 LOWEST     32           300 PM
 AVERAGE    61

..........................................................


THE FRANKFORT KY CLIMATE NORMALS FOR TODAY
                         NORMAL    RECORD    YEAR
 MAXIMUM TEMPERATURE (F)   77        97      1936
                                             1931
 MINIMUM TEMPERATURE (F)   53        36      1918


SUNRISE AND SUNSET
SEPTEMBER 22 2014.....SUNRISE   727 AM EDT   SUNSET   737 PM EDT
SEPTEMBER 23 2014.....SUNRISE   728 AM EDT   SUNSET   735 PM EDT


-  INDICATES NEGATIVE NUMBERS.
R  INDICATES RECORD WAS SET OR TIED.
MM INDICATES DATA IS MISSING.
T  INDICATES TRACE AMOUNT.




$$
