000
CDUS43 KLMK 120645
CLIFFT


CLIMATE REPORT
NATIONAL WEATHER SERVICE LOUISVILLE KY
245 AM EDT THU MAY 12 2016


...................................

...THE FRANKFORT KY CLIMATE SUMMARY FOR MAY 11 2016...

CLIMATE NORMAL PERIOD 1981 TO 2010
CLIMATE RECORD PERIOD 1895 TO 2016


WEATHER ITEM   OBSERVED TIME   RECORD YEAR NORMAL DEPARTURE LAST
                VALUE   (LST)  VALUE       VALUE  FROM      YEAR
                                                  NORMAL
..................................................................
TEMPERATURE (F)
 YESTERDAY
  MAXIMUM         84    431 PM  93    1896  74     10       88
  MINIMUM         56    527 AM  32    1954  51      5       64
                                      1947
  AVERAGE         70                        62      8       76

PRECIPITATION (IN)
  YESTERDAY        0.22          1.29 1962   0.16   0.06     0.05
  MONTH TO DATE    2.19                      1.79   0.40     0.05
  SINCE MAR 1     11.34                      9.86   1.48    18.97
  SINCE JAN 1     17.36                     16.41   0.95    22.53

SNOWFALL (IN)
  YESTERDAY        0.0          MM      MM  MM     MM       MM
  MONTH TO DATE    0.0                      MM     MM       MM
  SINCE MAR 1      0.0                      MM     MM       MM
  SINCE JUL 1      0.0                      MM     MM       MM
  SNOW DEPTH       0

DEGREE DAYS
 HEATING
  YESTERDAY        0                         4     -4        0
  MONTH TO DATE   46                        56    -10       16
  SINCE MAR 1    712                       995   -283      961
  SINCE JUL 1   3784                      4634   -850     5081

 COOLING
  YESTERDAY        5                         2      3       11
  MONTH TO DATE   17                        14      3       55
  SINCE MAR 1     43                        34      9       63
  SINCE JAN 1     43                        34      9       63
..................................................................


WIND (MPH)
  HIGHEST WIND SPEED    26   HIGHEST WIND DIRECTION    NW (300)
  HIGHEST GUST SPEED    40   HIGHEST GUST DIRECTION     W (290)
  AVERAGE WIND SPEED     4.9


SKY COVER
  POSSIBLE SUNSHINE  MM
  AVERAGE SKY COVER 0.4


WEATHER CONDITIONS
 THE FOLLOWING WEATHER WAS RECORDED YESTERDAY.
  THUNDERSTORM
  RAIN
  LIGHT RAIN
  FOG
  FOG W/VISIBILITY <= 1/4 MILE


RELATIVE HUMIDITY (PERCENT)
 HIGHEST    93           300 AM
 LOWEST     51           300 PM
 AVERAGE    72

..........................................................


THE FRANKFORT KY CLIMATE NORMALS FOR TODAY
                         NORMAL    RECORD    YEAR
 MAXIMUM TEMPERATURE (F)   74        92      1914
 MINIMUM TEMPERATURE (F)   51        34      1941


SUNRISE AND SUNSET
MAY 12 2016...........SUNRISE   631 AM EDT   SUNSET   841 PM EDT
MAY 13 2016...........SUNRISE   630 AM EDT   SUNSET   842 PM EDT


-  INDICATES NEGATIVE NUMBERS.
R  INDICATES RECORD WAS SET OR TIED.
MM INDICATES DATA IS MISSING.
T  INDICATES TRACE AMOUNT.




$$
