000
CDUS43 KLMK 302029
CLIFFT


CLIMATE REPORT
NATIONAL WEATHER SERVICE LOUISVILLE KY
429 PM EDT SAT SEP 30 2017


...................................

...THE FRANKFORT KY CLIMATE SUMMARY FOR SEPTEMBER 30 2017...
VALID TODAY AS OF 0400 PM LOCAL TIME.

CLIMATE NORMAL PERIOD 1981 TO 2010
CLIMATE RECORD PERIOD 1895 TO 2017


WEATHER ITEM   OBSERVED TIME   RECORD YEAR NORMAL DEPARTURE LAST
                VALUE   (LST)  VALUE       VALUE  FROM      YEAR
                                                  NORMAL
..................................................................
TEMPERATURE (F)
 TODAY
  MAXIMUM         73    258 PM 101    1953  74     -1       65
  MINIMUM         52    635 AM  31    1895  50      2       54
  AVERAGE         63                        62      1       60

PRECIPITATION (IN)
  TODAY            0.00          3.31 1906   0.13  -0.13     0.16
  MONTH TO DATE    4.96                      3.33   1.63     2.05
  SINCE SEP 1      4.96                      3.33   1.63     2.05
  SINCE JAN 1     38.68                     34.64   4.04    38.10

SNOWFALL (IN)
  TODAY           MM            MM      MM  MM     MM       MM
  MONTH TO DATE   MM                        MM     MM       MM
  SINCE SEP 1     MM                        MM     MM       MM
  SINCE JUL 1     MM                        MM     MM       MM
  SNOW DEPTH      MM

DEGREE DAYS
 HEATING
  TODAY            2                         5     -3        5
  MONTH TO DATE   32                        52    -20       18
  SINCE SEP 1     32                        53    -21       18
  SINCE JUL 1     32                        54    -22       18

 COOLING
  TODAY            0                         2     -2        0
  MONTH TO DATE  142                       133      9      262
  SINCE SEP 1    142                       133      9      262
  SINCE JAN 1   1229                      1135     94     1553
..................................................................


WIND (MPH)
  HIGHEST WIND SPEED    16   HIGHEST WIND DIRECTION    NE (40)
  HIGHEST GUST SPEED    21   HIGHEST GUST DIRECTION     E (70)
  AVERAGE WIND SPEED     8.3


SKY COVER
  POSSIBLE SUNSHINE  MM
  AVERAGE SKY COVER 0.0


WEATHER CONDITIONS
 THE FOLLOWING WEATHER WAS RECORDED TODAY.
  NO SIGNIFICANT WEATHER WAS OBSERVED.


RELATIVE HUMIDITY (PERCENT)
 HIGHEST    66           600 AM
 LOWEST     34           300 PM
 AVERAGE    50

..........................................................


THE FRANKFORT KY CLIMATE NORMALS FOR TOMORROW
                         NORMAL    RECORD    YEAR
 MAXIMUM TEMPERATURE (F)   74        98      1953
 MINIMUM TEMPERATURE (F)   49        31      1895


SUNRISE AND SUNSET
SEPTEMBER 30 2017.....SUNRISE   735 AM EDT   SUNSET   724 PM EDT
OCTOBER  1 2017.......SUNRISE   736 AM EDT   SUNSET   722 PM EDT


-  INDICATES NEGATIVE NUMBERS.
R  INDICATES RECORD WAS SET OR TIED.
MM INDICATES DATA IS MISSING.
T  INDICATES TRACE AMOUNT.




$$
