873
CDUS43 KLMK 120632
CLIFFT


CLIMATE REPORT
NATIONAL WEATHER SERVICE LOUISVILLE KY
131 AM EST MON FEB 12 2018


...................................

...THE FRANKFORT KY CLIMATE SUMMARY FOR FEBRUARY 11 2018...

CLIMATE NORMAL PERIOD 1981 TO 2010
CLIMATE RECORD PERIOD 1895 TO 2018


WEATHER ITEM   OBSERVED TIME   RECORD YEAR NORMAL DEPARTURE LAST
                VALUE   (LST)  VALUE       VALUE  FROM      YEAR
                                                  NORMAL
..................................................................
TEMPERATURE (F)
 YESTERDAY
  MAXIMUM         49   1143 AM  78    1932  45      4       65
  MINIMUM         32   1159 PM   2    1982  26      6       52
                                      1899
  AVERAGE         41                        36      5       59

PRECIPITATION (IN)
  YESTERDAY        0.49          0.80 1921   0.10   0.39     0.00
  MONTH TO DATE    2.12                      1.20   0.92     1.09
  SINCE DEC 1      5.53                      8.47  -2.94    10.50
  SINCE JAN 1      3.70                      4.46  -0.76     5.03

SNOWFALL (IN)
  YESTERDAY       MM            MM      MM  MM     MM       MM
  MONTH TO DATE   MM                        MM     MM       MM
  SINCE DEC 1     MM                        MM     MM       MM
  SINCE JUL 1     MM                        MM     MM       MM
  SNOW DEPTH      MM

DEGREE DAYS
 HEATING
  YESTERDAY       24                        30     -6        6
  MONTH TO DATE  351                       335     16      273
  SINCE DEC 1   2336                      2262     74     1906
  SINCE JUL 1   3144                      3173    -29     2524

 COOLING
  YESTERDAY        0                         0      0        0
  MONTH TO DATE    0                         0      0        0
  SINCE DEC 1      0                         0      0        0
  SINCE JAN 1      0                         0      0        0
..................................................................


WIND (MPH)
  HIGHEST WIND SPEED    16   HIGHEST WIND DIRECTION     W (290)
  HIGHEST GUST SPEED    24   HIGHEST GUST DIRECTION    NW (320)
  AVERAGE WIND SPEED     6.0


SKY COVER
  POSSIBLE SUNSHINE  MM
  AVERAGE SKY COVER 1.0


WEATHER CONDITIONS
 THE FOLLOWING WEATHER WAS RECORDED YESTERDAY.
  HEAVY RAIN
  RAIN
  LIGHT RAIN
  FOG
  HAZE


RELATIVE HUMIDITY (PERCENT)
 HIGHEST    96           800 AM
 LOWEST     75           600 PM
 AVERAGE    86

..........................................................


THE FRANKFORT KY CLIMATE NORMALS FOR TODAY
                         NORMAL    RECORD    YEAR
 MAXIMUM TEMPERATURE (F)   45        75      1999
 MINIMUM TEMPERATURE (F)   26        -5      1981


SUNRISE AND SUNSET
FEBRUARY 12 2018......SUNRISE   733 AM EST   SUNSET   615 PM EST
FEBRUARY 13 2018......SUNRISE   732 AM EST   SUNSET   616 PM EST


-  INDICATES NEGATIVE NUMBERS.
R  INDICATES RECORD WAS SET OR TIED.
MM INDICATES DATA IS MISSING.
T  INDICATES TRACE AMOUNT.




$$
