000
CDUS43 KLMK 112136
CLIFFT


CLIMATE REPORT
NATIONAL WEATHER SERVICE LOUISVILLE KY
436 PM EST SAT MAR 11 2017


...................................

...THE FRANKFORT KY CLIMATE SUMMARY FOR MARCH 11 2017...
VALID TODAY AS OF 0400 PM LOCAL TIME.

CLIMATE NORMAL PERIOD 1981 TO 2010
CLIMATE RECORD PERIOD 1895 TO 2017


WEATHER ITEM   OBSERVED TIME   RECORD YEAR NORMAL DEPARTURE LAST
                VALUE   (LST)  VALUE       VALUE  FROM      YEAR
                                                  NORMAL
..................................................................
TEMPERATURE (F)
 TODAY
  MAXIMUM         40    427 PM  77    1973  54    -14       63
  MINIMUM         27    904 AM  12    1996  32     -5       51
  AVERAGE         34                        43     -9       57

PRECIPITATION (IN)
  TODAY            0.00          2.62 1952   0.13  -0.13     0.01
  MONTH TO DATE    2.42                      1.37   1.05     2.57
  SINCE MAR 1      2.42                      1.37   1.05     2.57
  SINCE JAN 1      8.52                      7.92   0.60     8.59

SNOWFALL (IN)
  TODAY           MM            MM      MM  MM     MM       MM
  MONTH TO DATE   MM                        MM     MM       MM
  SINCE MAR 1     MM                        MM     MM       MM
  SINCE JUL 1     MM                        MM     MM       MM
  SNOW DEPTH      MM

DEGREE DAYS
 HEATING
  TODAY           31                        22      9        8
  MONTH TO DATE  200                       258    -58      191
  SINCE MAR 1    200                       258    -58      191
  SINCE JUL 1   2970                      3897   -927     3263

 COOLING
  TODAY            0                         0      0        0
  MONTH TO DATE    0                         0      0        0
  SINCE MAR 1      0                         0      0        0
  SINCE JAN 1      3                         0      3        0
..................................................................


WIND (MPH)
  HIGHEST WIND SPEED    13   HIGHEST WIND DIRECTION     N (10)
  HIGHEST GUST SPEED    17   HIGHEST GUST DIRECTION     N (10)
  AVERAGE WIND SPEED     7.0


SKY COVER
  POSSIBLE SUNSHINE  MM
  AVERAGE SKY COVER 0.2


WEATHER CONDITIONS
 THE FOLLOWING WEATHER WAS RECORDED TODAY.
  NO SIGNIFICANT WEATHER WAS OBSERVED.


RELATIVE HUMIDITY (PERCENT)
 HIGHEST    42           500 AM
 LOWEST     22           300 PM
 AVERAGE    32

..........................................................


THE FRANKFORT KY CLIMATE NORMALS FOR TOMORROW
                         NORMAL    RECORD    YEAR
 MAXIMUM TEMPERATURE (F)   54        78      1990
 MINIMUM TEMPERATURE (F)   33        10      1998


SUNRISE AND SUNSET
MARCH 11 2017.........SUNRISE   656 AM EST   SUNSET   643 PM EST
MARCH 12 2017.........SUNRISE   755 AM EDT   SUNSET   744 PM EDT


-  INDICATES NEGATIVE NUMBERS.
R  INDICATES RECORD WAS SET OR TIED.
MM INDICATES DATA IS MISSING.
T  INDICATES TRACE AMOUNT.




$$
