000
CDUS43 KLMK 192027
CLIFFT


CLIMATE REPORT
NATIONAL WEATHER SERVICE LOUISVILLE KY
427 PM EDT TUE APR 19 2016


...................................

...THE FRANKFORT KY CLIMATE SUMMARY FOR APRIL 19 2016...
VALID TODAY AS OF 0400 PM LOCAL TIME.

CLIMATE NORMAL PERIOD 1981 TO 2010
CLIMATE RECORD PERIOD 1895 TO 2016


WEATHER ITEM   OBSERVED TIME   RECORD YEAR NORMAL DEPARTURE LAST
                VALUE   (LST)  VALUE       VALUE  FROM      YEAR
                                                  NORMAL
..................................................................
TEMPERATURE (F)
 TODAY
  MAXIMUM         84    143 PM  92    1914  68     16       72
  MINIMUM         49    642 AM  24    1983  45      4       57
  AVERAGE         67                        56     11       65

PRECIPITATION (IN)
  TODAY            0.00          1.43 1969   0.13  -0.13     0.47
  MONTH TO DATE    0.85                      2.16  -1.31    10.48
  SINCE MAR 1      6.93                      6.54   0.39    18.16
  SINCE JAN 1     12.95                     13.09  -0.14    21.72

SNOWFALL (IN)
  TODAY           MM            MM      MM  MM     MM       MM
  MONTH TO DATE   MM                        MM     MM       MM
  SINCE MAR 1     MM                        MM     MM       MM
  SINCE JUL 1     MM                        MM     MM       MM
  SNOW DEPTH      MM

DEGREE DAYS
 HEATING
  TODAY            0                         9     -9        0
  MONTH TO DATE  236                       231      5      120
  SINCE MAR 1    646                       856   -210      792
  SINCE JUL 1   3718                      4495   -777     4912

 COOLING
  TODAY            2                         1      1        0
  MONTH TO DATE    2                        11     -9        8
  SINCE MAR 1      3                        13    -10        8
  SINCE JAN 1      3                        13    -10        8
..................................................................


WIND (MPH)
  HIGHEST WIND SPEED    10   HIGHEST WIND DIRECTION    SW (230)
  HIGHEST GUST SPEED    15   HIGHEST GUST DIRECTION    SW (210)
  AVERAGE WIND SPEED     2.9


SKY COVER
  POSSIBLE SUNSHINE  MM
  AVERAGE SKY COVER 0.1


WEATHER CONDITIONS
 THE FOLLOWING WEATHER WAS RECORDED TODAY.
  NO SIGNIFICANT WEATHER WAS OBSERVED.


RELATIVE HUMIDITY (PERCENT)
 HIGHEST    80           400 AM
 LOWEST     22           200 PM
 AVERAGE    51

..........................................................


THE FRANKFORT KY CLIMATE NORMALS FOR TOMORROW
                         NORMAL    RECORD    YEAR
 MAXIMUM TEMPERATURE (F)   69        89      1915
 MINIMUM TEMPERATURE (F)   45        26      1983
                                             1926


SUNRISE AND SUNSET
APRIL 19 2016.........SUNRISE   658 AM EDT   SUNSET   820 PM EDT
APRIL 20 2016.........SUNRISE   656 AM EDT   SUNSET   821 PM EDT


-  INDICATES NEGATIVE NUMBERS.
R  INDICATES RECORD WAS SET OR TIED.
MM INDICATES DATA IS MISSING.
T  INDICATES TRACE AMOUNT.




$$
