000
CDUS43 KLMK 232026
CLIFFT


CLIMATE REPORT
NATIONAL WEATHER SERVICE LOUISVILLE KY
426 PM EDT MON MAR 23 2015


...................................

...THE FRANKFORT KY CLIMATE SUMMARY FOR MARCH 23 2015...
VALID TODAY AS OF 0400 PM LOCAL TIME.

CLIMATE NORMAL PERIOD 1981 TO 2010
CLIMATE RECORD PERIOD 1895 TO 2015


WEATHER ITEM   OBSERVED TIME   RECORD YEAR NORMAL DEPARTURE LAST
                VALUE   (LST)  VALUE       VALUE  FROM      YEAR
                                                  NORMAL
..................................................................
TEMPERATURE (F)
 TODAY
  MAXIMUM         59    259 PM  83    1939  59      0       45
                                      1907
  MINIMUM         33    711 AM  17    1983  36     -3       27
                                      1960
  AVERAGE         46                        47     -1       36

PRECIPITATION (IN)
  TODAY            0.00          1.36 2012   0.13  -0.13     0.00
  MONTH TO DATE    7.32                      3.16   4.16     1.20
  SINCE MAR 1      7.32                      3.16   4.16     1.20
  SINCE JAN 1     10.88                      9.71   1.17     7.40

SNOWFALL (IN)
  TODAY           MM            MM      MM  MM     MM       MM
  MONTH TO DATE   MM                        MM     MM       MM
  SINCE MAR 1     MM                        MM     MM       MM
  SINCE JUL 1     MM                        MM     MM       MM
  SNOW DEPTH      MM

DEGREE DAYS
 HEATING
  TODAY           19                        18      1       29
  MONTH TO DATE  510                       496     14      561
  SINCE MAR 1    510                       496     14      561
  SINCE JUL 1   4630                      4135    495     4673

 COOLING
  TODAY            0                         0      0        0
  MONTH TO DATE    0                         0      0        0
  SINCE MAR 1      0                         0      0        0
  SINCE JAN 1      0                         0      0        0
..................................................................


WIND (MPH)
  HIGHEST WIND SPEED    14   HIGHEST WIND DIRECTION    NE (60)
  HIGHEST GUST SPEED    17   HIGHEST GUST DIRECTION     E (70)
  AVERAGE WIND SPEED     8.1


SKY COVER
  POSSIBLE SUNSHINE  MM
  AVERAGE SKY COVER 0.0


WEATHER CONDITIONS
 THE FOLLOWING WEATHER WAS RECORDED TODAY.
  NO SIGNIFICANT WEATHER WAS OBSERVED.


RELATIVE HUMIDITY (PERCENT)
 HIGHEST    56           600 AM
 LOWEST     30           300 PM
 AVERAGE    43

..........................................................


THE FRANKFORT KY CLIMATE NORMALS FOR TOMORROW
                         NORMAL    RECORD    YEAR
 MAXIMUM TEMPERATURE (F)   59        86      1929
 MINIMUM TEMPERATURE (F)   36        17      1960


SUNRISE AND SUNSET
MARCH 23 2015.........SUNRISE   739 AM EDT   SUNSET   754 PM EDT
MARCH 24 2015.........SUNRISE   737 AM EDT   SUNSET   755 PM EDT


-  INDICATES NEGATIVE NUMBERS.
R  INDICATES RECORD WAS SET OR TIED.
MM INDICATES DATA IS MISSING.
T  INDICATES TRACE AMOUNT.




$$
