000
CDUS43 KLMK 162029
CLIFFT


CLIMATE REPORT
NATIONAL WEATHER SERVICE LOUISVILLE KY
429 PM EDT THU OCT 16 2014


...................................

...THE FRANKFORT KY CLIMATE SUMMARY FOR OCTOBER 16 2014...
VALID TODAY AS OF 0400 PM LOCAL TIME.

CLIMATE NORMAL PERIOD 1981 TO 2010
CLIMATE RECORD PERIOD 1895 TO 2014


WEATHER ITEM   OBSERVED TIME   RECORD YEAR NORMAL DEPARTURE LAST
                VALUE   (LST)  VALUE       VALUE  FROM      YEAR
                                                  NORMAL
..................................................................
TEMPERATURE (F)
 TODAY
  MAXIMUM         59    252 PM  87    1953  68     -9       64
  MINIMUM         53    822 AM  27    1939  44      9       53
  AVERAGE         56                        56      0       59

PRECIPITATION (IN)
  TODAY            0.06          1.32 2006   0.11  -0.05     0.11
  MONTH TO DATE    3.91                      1.61   2.30     3.16
  SINCE SEP 1      6.74                      4.94   1.80     4.88
  SINCE JAN 1     40.03                     36.25   3.78    39.94

SNOWFALL (IN)
  TODAY            0.0          MM      MM  MM     MM       MM
  MONTH TO DATE    0.0                      MM     MM       MM
  SINCE SEP 1      0.0                      MM     MM       MM
  SINCE JUL 1      0.0                      MM     MM       MM
  SNOW DEPTH       0

DEGREE DAYS
 HEATING
  TODAY            9                         9      0        6
  MONTH TO DATE  113                       116     -3       51
  SINCE SEP 1    171                       169      2       77
  SINCE JUL 1    174                       170      4       81

 COOLING
  TODAY            0                         0      0        0
  MONTH TO DATE   16                        15      1       40
  SINCE SEP 1    144                       148     -4      191
  SINCE JAN 1   1070                      1150    -80     1127
..................................................................


WIND (MPH)
  HIGHEST WIND SPEED    12   HIGHEST WIND DIRECTION     W (260)
  HIGHEST GUST SPEED    17   HIGHEST GUST DIRECTION     W (260)
  AVERAGE WIND SPEED     7.5


SKY COVER
  POSSIBLE SUNSHINE  MM
  AVERAGE SKY COVER 1.0


WEATHER CONDITIONS
 THE FOLLOWING WEATHER WAS RECORDED TODAY.
  LIGHT RAIN
  FOG


RELATIVE HUMIDITY (PERCENT)
 HIGHEST   100          1200 AM
 LOWEST     75           200 PM
 AVERAGE    88

..........................................................


THE FRANKFORT KY CLIMATE NORMALS FOR TOMORROW
                         NORMAL    RECORD    YEAR
 MAXIMUM TEMPERATURE (F)   68        88      1938
 MINIMUM TEMPERATURE (F)   44        29      1982


SUNRISE AND SUNSET
OCTOBER 16 2014.......SUNRISE   749 AM EDT   SUNSET   700 PM EDT
OCTOBER 17 2014.......SUNRISE   750 AM EDT   SUNSET   659 PM EDT


-  INDICATES NEGATIVE NUMBERS.
R  INDICATES RECORD WAS SET OR TIED.
MM INDICATES DATA IS MISSING.
T  INDICATES TRACE AMOUNT.




$$
