000
CDUS43 KLMK 020632
CLIFFT


CLIMATE REPORT
NATIONAL WEATHER SERVICE LOUISVILLE KY
232 AM EDT WED APR 2 2014


...................................

...THE FRANKFORT KY CLIMATE SUMMARY FOR APRIL 1 2014...

CLIMATE NORMAL PERIOD 1981 TO 2010
CLIMATE RECORD PERIOD 1895 TO 2014


WEATHER ITEM   OBSERVED TIME   RECORD YEAR NORMAL DEPARTURE LAST
                VALUE   (LST)  VALUE       VALUE  FROM      YEAR
                                                  NORMAL
..................................................................
TEMPERATURE (F)
 YESTERDAY
  MAXIMUM         78    404 PM  83    1986  62     16       51
                                      1981
  MINIMUM         52   1006 PM  16    1969  39     13       32
  AVERAGE         65                        50     15       42

PRECIPITATION (IN)
  YESTERDAY        0.20          2.23 1908   0.12   0.08     0.00
  MONTH TO DATE    0.20                      0.12   0.08     0.00
  SINCE MAR 1      2.42                      4.50  -2.08     4.19
  SINCE JAN 1      8.62                     11.05  -2.43    10.83

SNOWFALL (IN)
  YESTERDAY       MM            MM      MM  MM     MM       MM
  MONTH TO DATE   MM                        MM     MM       MM
  SINCE MAR 1     MM                        MM     MM       MM
  SINCE JUL 1     MM                        MM     MM       MM
  SNOW DEPTH      MM

DEGREE DAYS
 HEATING
  YESTERDAY        0                        15    -15       23
  MONTH TO DATE    0                        15    -15       23
  SINCE MAR 1    752                       640    112      839
  SINCE JUL 1   4864                      4279    585     4377

 COOLING
  YESTERDAY        0                         0      0        0
  MONTH TO DATE    0                         0      0        0
  SINCE MAR 1      0                         2     -2        0
  SINCE JAN 1      0                         2     -2        0
..................................................................


WIND (MPH)
  HIGHEST WIND SPEED    25   HIGHEST WIND DIRECTION    SW (220)
  HIGHEST GUST SPEED    33   HIGHEST GUST DIRECTION    SW (240)
  AVERAGE WIND SPEED    10.5


SKY COVER
  POSSIBLE SUNSHINE  MM
  AVERAGE SKY COVER 0.4


WEATHER CONDITIONS
 THE FOLLOWING WEATHER WAS RECORDED YESTERDAY.
  THUNDERSTORM
  HEAVY RAIN
  LIGHT RAIN


RELATIVE HUMIDITY (PERCENT)
 HIGHEST    72           900 PM
 LOWEST     21           400 PM
 AVERAGE    47

..........................................................


THE FRANKFORT KY CLIMATE NORMALS FOR TODAY
                         NORMAL    RECORD    YEAR
 MAXIMUM TEMPERATURE (F)   63        86      1946
 MINIMUM TEMPERATURE (F)   39        21      1915


SUNRISE AND SUNSET
APRIL  2 2014.........SUNRISE   723 AM EDT   SUNSET   804 PM EDT
APRIL  3 2014.........SUNRISE   722 AM EDT   SUNSET   805 PM EDT


-  INDICATES NEGATIVE NUMBERS.
R  INDICATES RECORD WAS SET OR TIED.
MM INDICATES DATA IS MISSING.
T  INDICATES TRACE AMOUNT.




$$
