000
CDUS43 KLMK 082026
CLIFFT


CLIMATE REPORT
NATIONAL WEATHER SERVICE LOUISVILLE KY
426 PM EDT TUE APR 8 2014


...................................

...THE FRANKFORT KY CLIMATE SUMMARY FOR APRIL 8 2014...
VALID TODAY AS OF 0400 PM LOCAL TIME.

CLIMATE NORMAL PERIOD 1981 TO 2010
CLIMATE RECORD PERIOD 1895 TO 2014


WEATHER ITEM   OBSERVED TIME   RECORD YEAR NORMAL DEPARTURE LAST
                VALUE   (LST)  VALUE       VALUE  FROM      YEAR
                                                  NORMAL
..................................................................
TEMPERATURE (F)
 TODAY
  MAXIMUM         60    231 PM  85    2001  65     -5       74
  MINIMUM         43    709 AM  22    2007  41      2       49
                                      1936
  AVERAGE         52                        53     -1       62

PRECIPITATION (IN)
  TODAY            0.00          2.44 1948   0.13  -0.13     0.00
  MONTH TO DATE    2.35                      0.90   1.45     0.00
  SINCE MAR 1      4.57                      5.28  -0.71     4.19
  SINCE JAN 1     10.77                     11.83  -1.06    10.83

SNOWFALL (IN)
  TODAY           MM            MM      MM  MM     MM       MM
  MONTH TO DATE   MM                        MM     MM       MM
  SINCE MAR 1     MM                        MM     MM       MM
  SINCE JUL 1     MM                        MM     MM       MM
  SNOW DEPTH      MM

DEGREE DAYS
 HEATING
  TODAY           13                        13      0        3
  MONTH TO DATE   81                       111    -30      134
  SINCE MAR 1    833                       736     97      950
  SINCE JUL 1   4945                      4375    570     4488

 COOLING
  TODAY            0                         0      0        0
  MONTH TO DATE    0                         0      0        0
  SINCE MAR 1      0                         2     -2        0
  SINCE JAN 1      0                         2     -2        0
..................................................................


WIND (MPH)
  HIGHEST WIND SPEED    14   HIGHEST WIND DIRECTION    SW (230)
  HIGHEST GUST SPEED    20   HIGHEST GUST DIRECTION     W (260)
  AVERAGE WIND SPEED     8.1


SKY COVER
  POSSIBLE SUNSHINE  MM
  AVERAGE SKY COVER 0.8


WEATHER CONDITIONS
 THE FOLLOWING WEATHER WAS RECORDED TODAY.
  FOG


RELATIVE HUMIDITY (PERCENT)
 HIGHEST    96           700 AM
 LOWEST     47           200 PM
 AVERAGE    72

..........................................................


THE FRANKFORT KY CLIMATE NORMALS FOR TOMORROW
                         NORMAL    RECORD    YEAR
 MAXIMUM TEMPERATURE (F)   65        84      2001
                                             1919
                                             1915
 MINIMUM TEMPERATURE (F)   41        22      2007


SUNRISE AND SUNSET
APRIL  8 2014.........SUNRISE   714 AM EDT   SUNSET   809 PM EDT
APRIL  9 2014.........SUNRISE   713 AM EDT   SUNSET   810 PM EDT


-  INDICATES NEGATIVE NUMBERS.
R  INDICATES RECORD WAS SET OR TIED.
MM INDICATES DATA IS MISSING.
T  INDICATES TRACE AMOUNT.




$$
