000
CDUS43 KLMK 130633
CLIFFT


CLIMATE REPORT
NATIONAL WEATHER SERVICE LOUISVILLE KY
131 AM EST SAT JAN 13 2018


...................................

...THE FRANKFORT KY CLIMATE SUMMARY FOR JANUARY 12 2018...

CLIMATE NORMAL PERIOD 1981 TO 2010
CLIMATE RECORD PERIOD 1895 TO 2018


WEATHER ITEM   OBSERVED TIME   RECORD YEAR NORMAL DEPARTURE LAST
                VALUE   (LST)  VALUE       VALUE  FROM      YEAR
                                                  NORMAL
..................................................................
TEMPERATURE (F)
 YESTERDAY
  MAXIMUM         60    409 AM  76    1916  41     19       69
  MINIMUM         24   1159 PM -21    1918  23      1       41
  AVERAGE         42                        32     10       55

PRECIPITATION (IN)
  YESTERDAY        0.45          2.57 1913   0.12   0.33     0.24
  MONTH TO DATE    0.75                      1.39  -0.64     1.69
  SINCE DEC 1      2.58                      5.40  -2.82     7.16
  SINCE JAN 1      0.75                      1.39  -0.64     1.69

SNOWFALL (IN)
  YESTERDAY       MM            MM      MM  MM     MM       MM
  MONTH TO DATE   MM                        MM     MM       MM
  SINCE DEC 1     MM                        MM     MM       MM
  SINCE JUL 1     MM                        MM     MM       MM
  SNOW DEPTH      MM

DEGREE DAYS
 HEATING
  YESTERDAY       23                        33    -10       10
  MONTH TO DATE  450                       396     54      360
  SINCE DEC 1   1377                      1317     60     1233
  SINCE JUL 1   2185                      2228    -43     1851

 COOLING
  YESTERDAY        0                         0      0        0
  MONTH TO DATE    0                         0      0        0
  SINCE DEC 1      0                         0      0        0
  SINCE JAN 1      0                         0      0        0
..................................................................


WIND (MPH)
  HIGHEST WIND SPEED    28   HIGHEST WIND DIRECTION     N (350)
  HIGHEST GUST SPEED    45   HIGHEST GUST DIRECTION    NW (330)
  AVERAGE WIND SPEED    12.0


SKY COVER
  POSSIBLE SUNSHINE  MM
  AVERAGE SKY COVER 1.0


WEATHER CONDITIONS
 THE FOLLOWING WEATHER WAS RECORDED YESTERDAY.
  RAIN
  LIGHT RAIN
  SNOW
  LIGHT SNOW
  FOG


RELATIVE HUMIDITY (PERCENT)
 HIGHEST    89           900 AM
 LOWEST     78           400 AM
 AVERAGE    84

..........................................................


THE FRANKFORT KY CLIMATE NORMALS FOR TODAY
                         NORMAL    RECORD    YEAR
 MAXIMUM TEMPERATURE (F)   41        73      1916
 MINIMUM TEMPERATURE (F)   23        -9      1977


SUNRISE AND SUNSET
JANUARY 13 2018.......SUNRISE   755 AM EST   SUNSET   542 PM EST
JANUARY 14 2018.......SUNRISE   755 AM EST   SUNSET   543 PM EST


-  INDICATES NEGATIVE NUMBERS.
R  INDICATES RECORD WAS SET OR TIED.
MM INDICATES DATA IS MISSING.
T  INDICATES TRACE AMOUNT.

$$

SCHOETTMER
