000
CDUS43 KLMK 112028 RRB
CLIFFT

CLIMATE REPORT
NATIONAL WEATHER SERVICE LOUISVILLE KY
427 PM EDT SUN SEP 11 2016


...................................

...THE FRANKFORT KY CLIMATE SUMMARY FOR SEPTEMBER 11 2016...
VALID TODAY AS OF 0400 PM LOCAL TIME.

CLIMATE NORMAL PERIOD 1981 TO 2010
CLIMATE RECORD PERIOD 1895 TO 2016


WEATHER ITEM   OBSERVED TIME   RECORD YEAR NORMAL DEPARTURE LAST
                VALUE   (LST)  VALUE       VALUE  FROM      YEAR
                                                  NORMAL
..................................................................
TEMPERATURE (F)
 TODAY
  MAXIMUM         79    256 PM  99    1964  82     -3       83
  MINIMUM         56    629 AM  42    1917  58     -2       59
  AVERAGE         68                        70     -2       71

PRECIPITATION (IN)
  TODAY            0.00          2.68 2014   0.11  -0.11     0.19
  MONTH TO DATE    0.42                      1.27  -0.85     1.34
  SINCE SEP 1      0.42                      1.27  -0.85     1.34
  SINCE JAN 1     36.47                     32.58   3.89    44.98

SNOWFALL (IN)
  TODAY           MM            MM      MM  MM     MM       MM
  MONTH TO DATE   MM                        MM     MM       MM
  SINCE SEP 1     MM                        MM     MM       MM
  SINCE JUL 1     MM                        MM     MM       MM
  SNOW DEPTH      MM

DEGREE DAYS
 HEATING
  TODAY            0                         1     -1        0
  MONTH TO DATE    0                         2     -2        0
  SINCE SEP 1      0                         2     -2        0
  SINCE JUL 1      0                         3     -3        1

 COOLING
  TODAY            3                         5     -2        6
  MONTH TO DATE  115                        73     42      131
  SINCE SEP 1    115                        73     42      131
  SINCE JAN 1   1406                      1075    331     1169
..................................................................


WIND (MPH)
  HIGHEST WIND SPEED    10   HIGHEST WIND DIRECTION    NE (40)
  HIGHEST GUST SPEED    13   HIGHEST GUST DIRECTION    NE (30)
  AVERAGE WIND SPEED     2.1


SKY COVER
  POSSIBLE SUNSHINE  MM
  AVERAGE SKY COVER 0.1


WEATHER CONDITIONS
 THE FOLLOWING WEATHER WAS RECORDED TODAY.
  NO SIGNIFICANT WEATHER WAS OBSERVED.


RELATIVE HUMIDITY (PERCENT)
 HIGHEST    93           100 AM
 LOWEST     39           300 PM
 AVERAGE    66

..........................................................


THE FRANKFORT KY CLIMATE NORMALS FOR TOMORROW
                         NORMAL    RECORD    YEAR
 MAXIMUM TEMPERATURE (F)   81        97      1983
                                             1939
                                             1936
 MINIMUM TEMPERATURE (F)   57        40      1940
                                             1917


SUNRISE AND SUNSET
SEPTEMBER 11 2016.....SUNRISE   718 AM EDT   SUNSET   753 PM EDT
SEPTEMBER 12 2016.....SUNRISE   719 AM EDT   SUNSET   752 PM EDT


-  INDICATES NEGATIVE NUMBERS.
R  INDICATES RECORD WAS SET OR TIED.
MM INDICATES DATA IS MISSING.
T  INDICATES TRACE AMOUNT.




$$
