000
CDUS43 KLMK 090629
CLIFFT


CLIMATE REPORT
NATIONAL WEATHER SERVICE LOUISVILLE KY
228 AM EDT TUE AUG 9 2016


...................................

...THE FRANKFORT KY CLIMATE SUMMARY FOR AUGUST 8 2016...

CLIMATE NORMAL PERIOD 1981 TO 2010
CLIMATE RECORD PERIOD 1895 TO 2016


WEATHER ITEM   OBSERVED TIME   RECORD YEAR NORMAL DEPARTURE LAST
                VALUE   (LST)  VALUE       VALUE  FROM      YEAR
                                                  NORMAL
..................................................................
TEMPERATURE (F)
 YESTERDAY
  MAXIMUM         89    423 PM 102    1930  87      2       84
  MINIMUM         64    442 AM  50    1997  65     -1       63
                                      1989
                                      1957
  AVERAGE         77                        76      1       74

PRECIPITATION (IN)
  YESTERDAY        0.00          2.22 1942   0.10  -0.10     0.00
  MONTH TO DATE    1.92                      0.83   1.09     2.23
  SINCE JUN 1     13.96                      9.31   4.65    19.46
  SINCE JAN 1     33.62                     28.78   4.84    42.86

SNOWFALL (IN)
  YESTERDAY       MM            MM      MM  MM     MM       MM
  MONTH TO DATE   MM                        MM     MM       MM
  SINCE JUN 1     MM                        MM     MM       MM
  SINCE JUL 1     MM                        MM     MM       MM
  SNOW DEPTH      MM

DEGREE DAYS
 HEATING
  YESTERDAY        0                         0      0        0
  MONTH TO DATE    0                         0      0        0
  SINCE JUN 1      1                        10     -9       16
  SINCE JUL 1      0                         0      0        0

 COOLING
  YESTERDAY       12                        11      1        9
  MONTH TO DATE  113                        88     25       76
  SINCE JUN 1    850                       674    176      720
  SINCE JAN 1    965                       773    192      875
..................................................................


WIND (MPH)
  HIGHEST WIND SPEED    14   HIGHEST WIND DIRECTION    NE (40)
  HIGHEST GUST SPEED    20   HIGHEST GUST DIRECTION     E (100)
  AVERAGE WIND SPEED     5.9


SKY COVER
  POSSIBLE SUNSHINE  MM
  AVERAGE SKY COVER 0.1


WEATHER CONDITIONS
 THE FOLLOWING WEATHER WAS RECORDED YESTERDAY.
  NO SIGNIFICANT WEATHER WAS OBSERVED.


RELATIVE HUMIDITY (PERCENT)
 HIGHEST    87          1200 AM
 LOWEST     43           200 PM
 AVERAGE    65

..........................................................


THE FRANKFORT KY CLIMATE NORMALS FOR TODAY
                         NORMAL    RECORD    YEAR
 MAXIMUM TEMPERATURE (F)   87        99      2007
                                             1983
                                             1930
 MINIMUM TEMPERATURE (F)   65        49      1989


SUNRISE AND SUNSET
AUGUST  9 2016........SUNRISE   650 AM EDT   SUNSET   840 PM EDT
AUGUST 10 2016........SUNRISE   650 AM EDT   SUNSET   839 PM EDT


-  INDICATES NEGATIVE NUMBERS.
R  INDICATES RECORD WAS SET OR TIED.
MM INDICATES DATA IS MISSING.
T  INDICATES TRACE AMOUNT.

$$

SCHOETTMER
