000
CDUS43 KLMK 170626
CLIFFT


CLIMATE REPORT
NATIONAL WEATHER SERVICE LOUISVILLE KY
226 AM EDT SUN APR 17 2016


...................................

...THE FRANKFORT KY CLIMATE SUMMARY FOR APRIL 16 2016...

CLIMATE NORMAL PERIOD 1981 TO 2010
CLIMATE RECORD PERIOD 1895 TO 2016


WEATHER ITEM   OBSERVED TIME   RECORD YEAR NORMAL DEPARTURE LAST
                VALUE   (LST)  VALUE       VALUE  FROM      YEAR
                                                  NORMAL
..................................................................
TEMPERATURE (F)
 YESTERDAY
  MAXIMUM         77    329 PM  87    1896  67     10       73
  MINIMUM         48    626 AM  24    2014  44      4       56
  AVERAGE         63                        55      8       65

PRECIPITATION (IN)
  YESTERDAY        0.00          2.65 1947   0.11  -0.11     0.02
  MONTH TO DATE    0.85                      1.79  -0.94    10.01
  SINCE MAR 1      6.93                      6.17   0.76    17.69
  SINCE JAN 1     12.95                     12.72   0.23    21.25

SNOWFALL (IN)
  YESTERDAY       MM            MM      MM  MM     MM       MM
  MONTH TO DATE   MM                        MM     MM       MM
  SINCE MAR 1     MM                        MM     MM       MM
  SINCE JUL 1     MM                        MM     MM       MM
  SNOW DEPTH      MM

DEGREE DAYS
 HEATING
  YESTERDAY        2                        10     -8        0
  MONTH TO DATE  233                       202     31      118
  SINCE MAR 1    643                       827   -184      790
  SINCE JUL 1   3715                      4466   -751     4910

 COOLING
  YESTERDAY        0                         1     -1        0
  MONTH TO DATE    0                         8     -8        8
  SINCE MAR 1      1                        10     -9        8
  SINCE JAN 1      1                        10     -9        8
..................................................................


WIND (MPH)
  HIGHEST WIND SPEED    15   HIGHEST WIND DIRECTION     E (110)
  HIGHEST GUST SPEED    23   HIGHEST GUST DIRECTION     S (190)
  AVERAGE WIND SPEED     4.1


SKY COVER
  POSSIBLE SUNSHINE  MM
  AVERAGE SKY COVER 0.0


WEATHER CONDITIONS
 THE FOLLOWING WEATHER WAS RECORDED YESTERDAY.
  NO SIGNIFICANT WEATHER WAS OBSERVED.


RELATIVE HUMIDITY (PERCENT)
 HIGHEST    64          1100 PM
 LOWEST     25           200 PM
 AVERAGE    45

..........................................................


THE FRANKFORT KY CLIMATE NORMALS FOR TODAY
                         NORMAL    RECORD    YEAR
 MAXIMUM TEMPERATURE (F)   68        88      1896
 MINIMUM TEMPERATURE (F)   44        27      1962
                                             1904


SUNRISE AND SUNSET
APRIL 17 2016.........SUNRISE   701 AM EDT   SUNSET   818 PM EDT
APRIL 18 2016.........SUNRISE   659 AM EDT   SUNSET   819 PM EDT


-  INDICATES NEGATIVE NUMBERS.
R  INDICATES RECORD WAS SET OR TIED.
MM INDICATES DATA IS MISSING.
T  INDICATES TRACE AMOUNT.




$$
