000
CDUS43 KLMK 250631
CLIFFT


CLIMATE REPORT
NATIONAL WEATHER SERVICE LOUISVILLE KY
229 AM EDT THU JUN 25 2015


...................................

...THE FRANKFORT KY CLIMATE SUMMARY FOR JUNE 24 2015...

CLIMATE NORMAL PERIOD 1981 TO 2010
CLIMATE RECORD PERIOD 1895 TO 2015


WEATHER ITEM   OBSERVED TIME   RECORD YEAR NORMAL DEPARTURE LAST
                VALUE   (LST)  VALUE       VALUE  FROM      YEAR
                                                  NORMAL
..................................................................
TEMPERATURE (F)
 YESTERDAY
  MAXIMUM         85    442 PM 102    1914  85      0       85
  MINIMUM         65    517 AM  48    1972  64      1       69
  AVERAGE         75                        75      0       77

PRECIPITATION (IN)
  YESTERDAY        0.00          1.13 1931   0.11  -0.11     0.04
  MONTH TO DATE    4.47                      3.42   1.05     3.39
  SINCE JUN 1      4.47                      3.42   1.05     3.39
  SINCE JAN 1     27.87                     22.89   4.98    24.17

SNOWFALL (IN)
  YESTERDAY       MM            MM      MM  MM     MM       MM
  MONTH TO DATE   MM                        MM     MM       MM
  SINCE JUN 1     MM                        MM     MM       MM
  SINCE JUL 1     MM                        MM     MM       MM
  SNOW DEPTH      MM

DEGREE DAYS
 HEATING
  YESTERDAY        0                         0      0        0
  MONTH TO DATE   16                         9      7        3
  SINCE JUN 1     16                         9      7        3
  SINCE JUL 1   5139                      4699    440     5223

 COOLING
  YESTERDAY       10                        10      0       12
  MONTH TO DATE  248                       175     73      192
  SINCE JUN 1    248                       175     73      192
  SINCE JAN 1    403                       274    129      314
..................................................................


WIND (MPH)
  HIGHEST WIND SPEED     9   HIGHEST WIND DIRECTION     N (340)
  HIGHEST GUST SPEED    13   HIGHEST GUST DIRECTION     N (350)
  AVERAGE WIND SPEED     2.7


SKY COVER
  POSSIBLE SUNSHINE  MM
  AVERAGE SKY COVER 0.0


WEATHER CONDITIONS
 THE FOLLOWING WEATHER WAS RECORDED YESTERDAY.
  NO SIGNIFICANT WEATHER WAS OBSERVED.


RELATIVE HUMIDITY (PERCENT)
 HIGHEST    87           300 AM
 LOWEST     37           400 PM
 AVERAGE    62

..........................................................


THE FRANKFORT KY CLIMATE NORMALS FOR TODAY
                         NORMAL    RECORD    YEAR
 MAXIMUM TEMPERATURE (F)   86       101      1914
 MINIMUM TEMPERATURE (F)   64        48      1936


SUNRISE AND SUNSET
JUNE 25 2015..........SUNRISE   618 AM EDT   SUNSET   907 PM EDT
JUNE 26 2015..........SUNRISE   618 AM EDT   SUNSET   907 PM EDT


-  INDICATES NEGATIVE NUMBERS.
R  INDICATES RECORD WAS SET OR TIED.
MM INDICATES DATA IS MISSING.
T  INDICATES TRACE AMOUNT.




$$
