000
CDUS43 KLMK 150638
CLIFFT


CLIMATE REPORT
NATIONAL WEATHER SERVICE LOUISVILLE KY
237 AM EDT FRI APR 15 2016


...................................

...THE FRANKFORT KY CLIMATE SUMMARY FOR APRIL 14 2016...

CLIMATE NORMAL PERIOD 1981 TO 2010
CLIMATE RECORD PERIOD 1895 TO 2016


WEATHER ITEM   OBSERVED TIME   RECORD YEAR NORMAL DEPARTURE LAST
                VALUE   (LST)  VALUE       VALUE  FROM      YEAR
                                                  NORMAL
..................................................................
TEMPERATURE (F)
 YESTERDAY
  MAXIMUM         73    330 PM  86    2006  67      6       62
  MINIMUM         44    703 AM  23    1940  43      1       53
  AVERAGE         59                        55      4       58

PRECIPITATION (IN)
  YESTERDAY        0.00          1.93 1922   0.11  -0.11     0.51
  MONTH TO DATE    0.85                      1.57  -0.72     9.97
  SINCE MAR 1      6.93                      5.95   0.98    17.65
  SINCE JAN 1     12.95                     12.50   0.45    21.21

SNOWFALL (IN)
  YESTERDAY       MM            MM      MM  MM     MM       MM
  MONTH TO DATE   MM                        MM     MM       MM
  SINCE MAR 1     MM                        MM     MM       MM
  SINCE JUL 1     MM                        MM     MM       MM
  SNOW DEPTH      MM

DEGREE DAYS
 HEATING
  YESTERDAY        6                        11     -5        7
  MONTH TO DATE  227                       181     46      111
  SINCE MAR 1    637                       806   -169      783
  SINCE JUL 1   3709                      4445   -736     4903

 COOLING
  YESTERDAY        0                         1     -1        0
  MONTH TO DATE    0                         6     -6        8
  SINCE MAR 1      1                         8     -7        8
  SINCE JAN 1      1                         8     -7        8
..................................................................


WIND (MPH)
  HIGHEST WIND SPEED    13   HIGHEST WIND DIRECTION     E (80)
  HIGHEST GUST SPEED    19   HIGHEST GUST DIRECTION    NE (50)
  AVERAGE WIND SPEED     6.3


SKY COVER
  POSSIBLE SUNSHINE  MM
  AVERAGE SKY COVER 0.1


WEATHER CONDITIONS
 THE FOLLOWING WEATHER WAS RECORDED YESTERDAY.
  NO SIGNIFICANT WEATHER WAS OBSERVED.


RELATIVE HUMIDITY (PERCENT)
 HIGHEST    50           200 AM
 LOWEST     26           200 PM
 AVERAGE    38

..........................................................


THE FRANKFORT KY CLIMATE NORMALS FOR TODAY
                         NORMAL    RECORD    YEAR
 MAXIMUM TEMPERATURE (F)   67        87      1936
 MINIMUM TEMPERATURE (F)   43        25      1907


SUNRISE AND SUNSET
APRIL 15 2016.........SUNRISE   703 AM EDT   SUNSET   816 PM EDT
APRIL 16 2016.........SUNRISE   702 AM EDT   SUNSET   817 PM EDT


-  INDICATES NEGATIVE NUMBERS.
R  INDICATES RECORD WAS SET OR TIED.
MM INDICATES DATA IS MISSING.
T  INDICATES TRACE AMOUNT.




$$
