000
CDUS43 KLMK 190627
CLIFFT


CLIMATE REPORT
NATIONAL WEATHER SERVICE LOUISVILLE KY
127 AM EST FRI DEC 19 2014


...................................

...THE FRANKFORT KY CLIMATE SUMMARY FOR DECEMBER 18 2014...

CLIMATE NORMAL PERIOD 1981 TO 2010
CLIMATE RECORD PERIOD 1895 TO 2014


WEATHER ITEM   OBSERVED TIME   RECORD YEAR NORMAL DEPARTURE LAST
                VALUE   (LST)  VALUE       VALUE  FROM      YEAR
                                                  NORMAL
..................................................................
TEMPERATURE (F)
 YESTERDAY
  MAXIMUM         32    457 PM  72    1984  43    -11       40
  MINIMUM         28    901 AM   0    1989  25      3       21
  AVERAGE         30                        34     -4       31

PRECIPITATION (IN)
  YESTERDAY        0.00          3.45 2000   0.12  -0.12     0.00
  MONTH TO DATE    2.47                      2.45   0.02     2.78
  SINCE DEC 1      2.47                      2.45   0.02     2.78
  SINCE JAN 1     45.12                     44.06   1.06    48.00

SNOWFALL (IN)
  YESTERDAY       MM            MM      MM  MM     MM       MM
  MONTH TO DATE   MM                        MM     MM       MM
  SINCE DEC 1     MM                        MM     MM       MM
  SINCE JUL 1     MM                        MM     MM       MM
  SNOW DEPTH      MM

DEGREE DAYS
 HEATING
  YESTERDAY       35                        31      4       34
  MONTH TO DATE  456                       506    -50      546
  SINCE DEC 1    456                       506    -50      546
  SINCE JUL 1   1584                      1417    167     1589

 COOLING
  YESTERDAY        0                         0      0        0
  MONTH TO DATE    0                         0      0        0
  SINCE DEC 1      0                         0      0        0
  SINCE JAN 1   1070                      1155    -85     1127
..................................................................


WIND (MPH)
  HIGHEST WIND SPEED     8   HIGHEST WIND DIRECTION     N (10)
  HIGHEST GUST SPEED    10   HIGHEST GUST DIRECTION     N (20)
  AVERAGE WIND SPEED     2.9


SKY COVER
  POSSIBLE SUNSHINE  MM
  AVERAGE SKY COVER 1.0


WEATHER CONDITIONS
 THE FOLLOWING WEATHER WAS RECORDED YESTERDAY.
  NO SIGNIFICANT WEATHER WAS OBSERVED.


RELATIVE HUMIDITY (PERCENT)
 HIGHEST    75           100 AM
 LOWEST     66           400 PM
 AVERAGE    71

..........................................................


THE FRANKFORT KY CLIMATE NORMALS FOR TODAY
                         NORMAL    RECORD    YEAR
 MAXIMUM TEMPERATURE (F)   43        68      2008
                                             1898
 MINIMUM TEMPERATURE (F)   25        -5      1963


SUNRISE AND SUNSET
DECEMBER 19 2014......SUNRISE   751 AM EST   SUNSET   522 PM EST
DECEMBER 20 2014......SUNRISE   752 AM EST   SUNSET   523 PM EST


-  INDICATES NEGATIVE NUMBERS.
R  INDICATES RECORD WAS SET OR TIED.
MM INDICATES DATA IS MISSING.
T  INDICATES TRACE AMOUNT.




$$
