000
CDUS43 KLMK 122055
CLIFFT


CLIMATE REPORT
NATIONAL WEATHER SERVICE LOUISVILLE KY
455 PM EDT SUN MAR 12 2017


...................................

...THE FRANKFORT KY CLIMATE SUMMARY FOR MARCH 12 2017...
VALID TODAY AS OF 0400 PM LOCAL TIME.

CLIMATE NORMAL PERIOD 1981 TO 2010
CLIMATE RECORD PERIOD 1895 TO 2017


WEATHER ITEM   OBSERVED TIME   RECORD YEAR NORMAL DEPARTURE LAST
                VALUE   (LST)  VALUE       VALUE  FROM      YEAR
                                                  NORMAL
..................................................................
TEMPERATURE (F)
 TODAY
  MAXIMUM         42    256 PM  78    1990  54    -12       76
  MINIMUM         21    716 AM  10    1998  33    -12       50
  AVERAGE         32                        44    -12       63

PRECIPITATION (IN)
  TODAY            0.00          1.43 1917   0.14  -0.14     0.28
  MONTH TO DATE    2.42                      1.51   0.91     2.85
  SINCE MAR 1      2.42                      1.51   0.91     2.85
  SINCE JAN 1      8.52                      8.06   0.46     8.87

SNOWFALL (IN)
  TODAY            0.0          MM      MM  MM     MM       MM
  MONTH TO DATE    0.0                      MM     MM       MM
  SINCE MAR 1      0.0                      MM     MM       MM
  SINCE JUL 1      0.0                      MM     MM       MM
  SNOW DEPTH       0

DEGREE DAYS
 HEATING
  TODAY           33                        22     11        2
  MONTH TO DATE  233                       280    -47      193
  SINCE MAR 1    233                       280    -47      193
  SINCE JUL 1   3003                      3919   -916     3265

 COOLING
  TODAY            0                         0      0        0
  MONTH TO DATE    0                         0      0        0
  SINCE MAR 1      0                         0      0        0
  SINCE JAN 1      3                         0      3        0
..................................................................


WIND (MPH)
  HIGHEST WIND SPEED    12   HIGHEST WIND DIRECTION    NE (50)
  HIGHEST GUST SPEED    15   HIGHEST GUST DIRECTION    NE (40)
  AVERAGE WIND SPEED     3.8


SKY COVER
  POSSIBLE SUNSHINE  MM
  AVERAGE SKY COVER 0.0


WEATHER CONDITIONS
 THE FOLLOWING WEATHER WAS RECORDED TODAY.
  NO SIGNIFICANT WEATHER WAS OBSERVED.


RELATIVE HUMIDITY (PERCENT)
 HIGHEST    65           700 AM
 LOWEST     16           200 PM
 AVERAGE    41

..........................................................


THE FRANKFORT KY CLIMATE NORMALS FOR TOMORROW
                         NORMAL    RECORD    YEAR
 MAXIMUM TEMPERATURE (F)   55        80      2007
 MINIMUM TEMPERATURE (F)   33         2      1960


SUNRISE AND SUNSET
MARCH 12 2017.........SUNRISE   755 AM EDT   SUNSET   744 PM EDT
MARCH 13 2017.........SUNRISE   753 AM EDT   SUNSET   745 PM EDT


-  INDICATES NEGATIVE NUMBERS.
R  INDICATES RECORD WAS SET OR TIED.
MM INDICATES DATA IS MISSING.
T  INDICATES TRACE AMOUNT.




$$
