000
CDUS43 KLMK 140627
CLIFFT


CLIMATE REPORT
NATIONAL WEATHER SERVICE LOUISVILLE KY
227 AM EDT WED JUN 14 2017


...................................

...THE FRANKFORT KY CLIMATE SUMMARY FOR JUNE 13 2017...

CLIMATE NORMAL PERIOD 1981 TO 2010
CLIMATE RECORD PERIOD 1895 TO 2017


WEATHER ITEM   OBSERVED TIME   RECORD YEAR NORMAL DEPARTURE LAST
                VALUE   (LST)  VALUE       VALUE  FROM      YEAR
                                                  NORMAL
..................................................................
TEMPERATURE (F)
 YESTERDAY
  MAXIMUM         91    159 PM  95    1954  83      8       89
                                      1943
  MINIMUM         69   1159 PM  43    1903  61      8       64
  AVERAGE         80                        72      8       77

PRECIPITATION (IN)
  YESTERDAY        0.02          1.53 2010   0.15  -0.13     0.00
  MONTH TO DATE    0.52                      2.11  -1.59     1.51
  SINCE JUN 1      0.52                      2.11  -1.59     1.51
  SINCE JAN 1     21.00                     21.58  -0.58    21.17

SNOWFALL (IN)
  YESTERDAY       MM            MM      MM  MM     MM       MM
  MONTH TO DATE   MM                        MM     MM       MM
  SINCE JUN 1     MM                        MM     MM       MM
  SINCE JUL 1     MM                        MM     MM       MM
  SNOW DEPTH      MM

DEGREE DAYS
 HEATING
  YESTERDAY        0                         0      0        0
  MONTH TO DATE    1                         9     -8        1
  SINCE JUN 1      1                         9     -8        1
  SINCE JUL 1   3532                      4699  -1167     3874

 COOLING
  YESTERDAY       15                         7      8       12
  MONTH TO DATE   82                        79      3      106
  SINCE JUN 1     82                        79      3      106
  SINCE JAN 1    268                       178     90      221
..................................................................


WIND (MPH)
  HIGHEST WIND SPEED    15   HIGHEST WIND DIRECTION    SW (230)
  HIGHEST GUST SPEED    20   HIGHEST GUST DIRECTION    SW (210)
  AVERAGE WIND SPEED     5.3


SKY COVER
  POSSIBLE SUNSHINE  MM
  AVERAGE SKY COVER 0.3


WEATHER CONDITIONS
 THE FOLLOWING WEATHER WAS RECORDED YESTERDAY.
  THUNDERSTORM
  LIGHT RAIN


RELATIVE HUMIDITY (PERCENT)
 HIGHEST    90          1100 PM
 LOWEST     50           200 PM
 AVERAGE    70

..........................................................


THE FRANKFORT KY CLIMATE NORMALS FOR TODAY
                         NORMAL    RECORD    YEAR
 MAXIMUM TEMPERATURE (F)   83        94      2000
                                             1954
                                             1943
 MINIMUM TEMPERATURE (F)   62        41      1933


SUNRISE AND SUNSET
JUNE 14 2017..........SUNRISE   616 AM EDT   SUNSET   904 PM EDT
JUNE 15 2017..........SUNRISE   616 AM EDT   SUNSET   905 PM EDT


-  INDICATES NEGATIVE NUMBERS.
R  INDICATES RECORD WAS SET OR TIED.
MM INDICATES DATA IS MISSING.
T  INDICATES TRACE AMOUNT.




$$
