000
CDUS43 KLMK 140629
CLIFFT


CLIMATE REPORT
NATIONAL WEATHER SERVICE LOUISVILLE KY
228 AM EDT THU MAY 14 2015


...................................

...THE FRANKFORT KY CLIMATE SUMMARY FOR MAY 13 2015...

CLIMATE NORMAL PERIOD 1981 TO 2010
CLIMATE RECORD PERIOD 1895 TO 2015


WEATHER ITEM   OBSERVED TIME   RECORD YEAR NORMAL DEPARTURE LAST
                VALUE   (LST)  VALUE       VALUE  FROM      YEAR
                                                  NORMAL
..................................................................
TEMPERATURE (F)
 YESTERDAY
  MAXIMUM         71    420 PM  89    1896  75     -4       85
  MINIMUM         43    549 AM  34    1941  52     -9       63
                                      1938
  AVERAGE         57                        63     -6       74

PRECIPITATION (IN)
  YESTERDAY        0.00          1.72 1929   0.16  -0.16     0.50
  MONTH TO DATE    0.05                      2.11  -2.06     1.88
  SINCE MAR 1     18.97                     10.18   8.79    10.71
  SINCE JAN 1     22.53                     16.73   5.80    16.91

SNOWFALL (IN)
  YESTERDAY       MM            MM      MM  MM     MM       MM
  MONTH TO DATE   MM                        MM     MM       MM
  SINCE MAR 1     MM                        MM     MM       MM
  SINCE JUL 1     MM                        MM     MM       MM
  SNOW DEPTH      MM

DEGREE DAYS
 HEATING
  YESTERDAY        8                         4      4        0
  MONTH TO DATE   27                        64    -37       38
  SINCE MAR 1    972                      1003    -31     1040
  SINCE JUL 1   5092                      4642    450     5152

 COOLING
  YESTERDAY        0                         2     -2        9
  MONTH TO DATE   55                        18     37       42
  SINCE MAR 1     63                        38     25       50
  SINCE JAN 1     63                        38     25       50
..................................................................


WIND (MPH)
  HIGHEST WIND SPEED    12   HIGHEST WIND DIRECTION     N (350)
  HIGHEST GUST SPEED    16   HIGHEST GUST DIRECTION     N (340)
  AVERAGE WIND SPEED     4.4


SKY COVER
  POSSIBLE SUNSHINE  MM
  AVERAGE SKY COVER 0.0


WEATHER CONDITIONS
 THE FOLLOWING WEATHER WAS RECORDED YESTERDAY.
  NO SIGNIFICANT WEATHER WAS OBSERVED.


RELATIVE HUMIDITY (PERCENT)
 HIGHEST    92           500 AM
 LOWEST     35           400 PM
 AVERAGE    64

..........................................................


THE FRANKFORT KY CLIMATE NORMALS FOR TODAY
                         NORMAL    RECORD    YEAR
 MAXIMUM TEMPERATURE (F)   75        91      1916
 MINIMUM TEMPERATURE (F)   52        33      1996


SUNRISE AND SUNSET
MAY 14 2015...........SUNRISE   630 AM EDT   SUNSET   842 PM EDT
MAY 15 2015...........SUNRISE   629 AM EDT   SUNSET   843 PM EDT


-  INDICATES NEGATIVE NUMBERS.
R  INDICATES RECORD WAS SET OR TIED.
MM INDICATES DATA IS MISSING.
T  INDICATES TRACE AMOUNT.

$$

SCHOETTMER
