730
CDUS43 KLMK 212029 RRA
CLIFFT

CLIMATE REPORT
NATIONAL WEATHER SERVICE LOUISVILLE KY
428 PM EDT SAT MAY 21 2016


...................................

...THE FRANKFORT KY CLIMATE SUMMARY FOR MAY 21 2016...
VALID TODAY AS OF 0400 PM LOCAL TIME.

CLIMATE NORMAL PERIOD 1981 TO 2010
CLIMATE RECORD PERIOD 1895 TO 2016


WEATHER ITEM   OBSERVED TIME   RECORD YEAR NORMAL DEPARTURE LAST
                VALUE   (LST)  VALUE       VALUE  FROM      YEAR
                                                  NORMAL
..................................................................
TEMPERATURE (F)
 TODAY
  MAXIMUM         63   1015 AM  96    1941  77    -14       58
  MINIMUM         59   1238 PM  35    2002  54      5       44
  AVERAGE         61                        65     -4       51

PRECIPITATION (IN)
  TODAY            0.09          2.48 1935   0.16  -0.07     0.00
  MONTH TO DATE    4.32                      3.35   0.97     0.65
  SINCE MAR 1     13.47                     11.42   2.05    19.57
  SINCE JAN 1     19.49                     17.97   1.52    23.13

SNOWFALL (IN)
  TODAY           MM            MM      MM  MM     MM       MM
  MONTH TO DATE   MM                        MM     MM       MM
  SINCE MAR 1     MM                        MM     MM       MM
  SINCE JUL 1     MM                        MM     MM       MM
  SNOW DEPTH      MM

DEGREE DAYS
 HEATING
  TODAY            4                         3      1       14
  MONTH TO DATE  128                        92     36       50
  SINCE MAR 1    794                      1031   -237      995
  SINCE JUL 1   3866                      4670   -804     5115

 COOLING
  TODAY            0                         3     -3        0
  MONTH TO DATE   22                        40    -18       85
  SINCE MAR 1     48                        60    -12       93
  SINCE JAN 1     48                        60    -12       93
..................................................................


WIND (MPH)
  HIGHEST WIND SPEED    10   HIGHEST WIND DIRECTION     W (260)
  HIGHEST GUST SPEED    14   HIGHEST GUST DIRECTION     W (250)
  AVERAGE WIND SPEED     2.4


SKY COVER
  POSSIBLE SUNSHINE  MM
  AVERAGE SKY COVER 1.0


WEATHER CONDITIONS
 THE FOLLOWING WEATHER WAS RECORDED TODAY.
  LIGHT RAIN
  FOG


RELATIVE HUMIDITY (PERCENT)
 HIGHEST    93          1200 AM
 LOWEST     84          1000 AM
 AVERAGE    89

..........................................................


THE FRANKFORT KY CLIMATE NORMALS FOR TOMORROW
                         NORMAL    RECORD    YEAR
 MAXIMUM TEMPERATURE (F)   77        95      1941
 MINIMUM TEMPERATURE (F)   54        31      2002


SUNRISE AND SUNSET
MAY 21 2016...........SUNRISE   624 AM EDT   SUNSET   849 PM EDT
MAY 22 2016...........SUNRISE   623 AM EDT   SUNSET   850 PM EDT


-  INDICATES NEGATIVE NUMBERS.
R  INDICATES RECORD WAS SET OR TIED.
MM INDICATES DATA IS MISSING.
T  INDICATES TRACE AMOUNT.




$$
