000
CDUS43 KLMK 220636
CLIFFT


CLIMATE REPORT
NATIONAL WEATHER SERVICE LOUISVILLE KY
136 AM EST TUE NOV 22 2016


...................................

...THE FRANKFORT KY CLIMATE SUMMARY FOR NOVEMBER 21 2016...

CLIMATE NORMAL PERIOD 1981 TO 2010
CLIMATE RECORD PERIOD 1895 TO 2016


WEATHER ITEM   OBSERVED TIME   RECORD YEAR NORMAL DEPARTURE LAST
                VALUE   (LST)  VALUE       VALUE  FROM      YEAR
                                                  NORMAL
..................................................................
TEMPERATURE (F)
 YESTERDAY
  MAXIMUM         46    328 PM  77    1934  54     -8       63
  MINIMUM         20    502 AM  13    2014  34    -14       34
  AVERAGE         33                        44    -11       49

PRECIPITATION (IN)
  YESTERDAY        0.00          1.61 1900   0.12  -0.12     0.09
  MONTH TO DATE    0.41                      2.50  -2.09     2.58
  SINCE SEP 1      3.11                      9.07  -5.96    10.21
  SINCE JAN 1     39.16                     40.38  -1.22    53.85

SNOWFALL (IN)
  YESTERDAY       MM            MM      MM  MM     MM       MM
  MONTH TO DATE   MM                        MM     MM       MM
  SINCE SEP 1     MM                        MM     MM       MM
  SINCE JUL 1     MM                        MM     MM       MM
  SNOW DEPTH      MM

DEGREE DAYS
 HEATING
  YESTERDAY       32                        21     11       16
  MONTH TO DATE  301                       361    -60      292
  SINCE SEP 1    446                       701   -255      557
  SINCE JUL 1    446                       702   -256      558

 COOLING
  YESTERDAY        0                         0      0        0
  MONTH TO DATE   12                         0     12        3
  SINCE SEP 1    348                       152    196      194
  SINCE JAN 1   1639                      1154    485     1232
..................................................................


WIND (MPH)
  HIGHEST WIND SPEED     8   HIGHEST WIND DIRECTION    NE (30)
  HIGHEST GUST SPEED    11   HIGHEST GUST DIRECTION     W (280)
  AVERAGE WIND SPEED     2.0


SKY COVER
  POSSIBLE SUNSHINE  MM
  AVERAGE SKY COVER 0.0


WEATHER CONDITIONS
 THE FOLLOWING WEATHER WAS RECORDED YESTERDAY.
  HAZE


RELATIVE HUMIDITY (PERCENT)
 HIGHEST    84           500 AM
 LOWEST     40           200 PM
 AVERAGE    62

..........................................................


THE FRANKFORT KY CLIMATE NORMALS FOR TODAY
                         NORMAL    RECORD    YEAR
 MAXIMUM TEMPERATURE (F)   53        78      1931
 MINIMUM TEMPERATURE (F)   34        10      1964


SUNRISE AND SUNSET
NOVEMBER 22 2016......SUNRISE   729 AM EST   SUNSET   523 PM EST
NOVEMBER 23 2016......SUNRISE   730 AM EST   SUNSET   522 PM EST


-  INDICATES NEGATIVE NUMBERS.
R  INDICATES RECORD WAS SET OR TIED.
MM INDICATES DATA IS MISSING.
T  INDICATES TRACE AMOUNT.




$$
