000
CDUS43 KLMK 300628
CLIFFT


CLIMATE REPORT
NATIONAL WEATHER SERVICE LOUISVILLE KY
127 AM EST SAT DEC 30 2017


...................................

...THE FRANKFORT KY CLIMATE SUMMARY FOR DECEMBER 29 2017...

CLIMATE NORMAL PERIOD 1981 TO 2010
CLIMATE RECORD PERIOD 1895 TO 2017


WEATHER ITEM   OBSERVED TIME   RECORD YEAR NORMAL DEPARTURE LAST
                VALUE   (LST)  VALUE       VALUE  FROM      YEAR
                                                  NORMAL
..................................................................
TEMPERATURE (F)
 YESTERDAY
  MAXIMUM         32    224 PM  68    1984  42    -10       47
  MINIMUM         14   1251 AM   3    1961  24    -10       36
  AVERAGE         23                        33    -10       42

PRECIPITATION (IN)
  YESTERDAY        0.00          0.78 1915   0.11  -0.11      T
  MONTH TO DATE    1.83                      3.79  -1.96     5.45
  SINCE DEC 1      1.83                      3.79  -1.96     5.45
  SINCE JAN 1     48.74                     45.40   3.34    45.69

SNOWFALL (IN)
  YESTERDAY       MM            MM      MM  MM     MM       MM
  MONTH TO DATE   MM                        MM     MM       MM
  SINCE DEC 1     MM                        MM     MM       MM
  SINCE JUL 1     MM                        MM     MM       MM
  SNOW DEPTH      MM

DEGREE DAYS
 HEATING
  YESTERDAY       42                        32     10       23
  MONTH TO DATE  831                       854    -23      816
  SINCE DEC 1    831                       854    -23      816
  SINCE JUL 1   1639                      1765   -126     1434

 COOLING
  YESTERDAY        0                         0      0        0
  MONTH TO DATE    0                         0      0        0
  SINCE DEC 1      0                         0      0        0
  SINCE JAN 1   1279                      1155    124     1639
..................................................................


WIND (MPH)
  HIGHEST WIND SPEED     9   HIGHEST WIND DIRECTION    SW (240)
  HIGHEST GUST SPEED    14   HIGHEST GUST DIRECTION     W (290)
  AVERAGE WIND SPEED     3.3


SKY COVER
  POSSIBLE SUNSHINE  MM
  AVERAGE SKY COVER 0.7


WEATHER CONDITIONS
 THE FOLLOWING WEATHER WAS RECORDED YESTERDAY.
  NO SIGNIFICANT WEATHER WAS OBSERVED.


RELATIVE HUMIDITY (PERCENT)
 HIGHEST    73          1200 AM
 LOWEST     46          1200 PM
 AVERAGE    60

..........................................................


THE FRANKFORT KY CLIMATE NORMALS FOR TODAY
                         NORMAL    RECORD    YEAR
 MAXIMUM TEMPERATURE (F)   42        69      1984
 MINIMUM TEMPERATURE (F)   24       -16      1917


SUNRISE AND SUNSET
DECEMBER 30 2017......SUNRISE   756 AM EST   SUNSET   529 PM EST
DECEMBER 31 2017......SUNRISE   756 AM EST   SUNSET   530 PM EST


-  INDICATES NEGATIVE NUMBERS.
R  INDICATES RECORD WAS SET OR TIED.
MM INDICATES DATA IS MISSING.
T  INDICATES TRACE AMOUNT.




$$
