000
CDUS43 KLMK 102041
CLIFFT


CLIMATE REPORT
NATIONAL WEATHER SERVICE LOUISVILLE KY
440 PM EDT WED AUG 10 2016


...................................

...THE FRANKFORT KY CLIMATE SUMMARY FOR AUGUST 10 2016...
VALID TODAY AS OF 0400 PM LOCAL TIME.

CLIMATE NORMAL PERIOD 1981 TO 2010
CLIMATE RECORD PERIOD 1895 TO 2016


WEATHER ITEM   OBSERVED TIME   RECORD YEAR NORMAL DEPARTURE LAST
                VALUE   (LST)  VALUE       VALUE  FROM      YEAR
                                                  NORMAL
..................................................................
TEMPERATURE (F)
 TODAY
  MAXIMUM         90    145 PM  99    1911  87      3       85
  MINIMUM         74    614 AM  52    1989  65      9       71
                                      1972
  AVERAGE         82                        76      6       78

PRECIPITATION (IN)
  TODAY            T             2.02 1974   0.09  -0.09     0.02
  MONTH TO DATE    2.59                      1.02   1.57     2.25
  SINCE JUN 1     14.63                      9.50   5.13    19.48
  SINCE JAN 1     34.29                     28.97   5.32    42.88

SNOWFALL (IN)
  TODAY           MM            MM      MM  MM     MM       MM
  MONTH TO DATE   MM                        MM     MM       MM
  SINCE JUN 1     MM                        MM     MM       MM
  SINCE JUL 1     MM                        MM     MM       MM
  SNOW DEPTH      MM

DEGREE DAYS
 HEATING
  TODAY            0                         0      0        0
  MONTH TO DATE    0                         0      0        0
  SINCE JUN 1      1                        10     -9       16
  SINCE JUL 1      0                         0      0        0

 COOLING
  TODAY           17                        11      6       13
  MONTH TO DATE  146                       110     36       98
  SINCE JUN 1    883                       696    187      742
  SINCE JAN 1    998                       795    203      897
..................................................................


WIND (MPH)
  HIGHEST WIND SPEED    18   HIGHEST WIND DIRECTION     S (170)
  HIGHEST GUST SPEED    25   HIGHEST GUST DIRECTION     S (160)
  AVERAGE WIND SPEED     4.9


SKY COVER
  POSSIBLE SUNSHINE  MM
  AVERAGE SKY COVER 0.4


WEATHER CONDITIONS
 THE FOLLOWING WEATHER WAS RECORDED TODAY.
  NO SIGNIFICANT WEATHER WAS OBSERVED.


RELATIVE HUMIDITY (PERCENT)
 HIGHEST    94           100 AM
 LOWEST     56           100 PM
 AVERAGE    75

..........................................................


THE FRANKFORT KY CLIMATE NORMALS FOR TOMORROW
                         NORMAL    RECORD    YEAR
 MAXIMUM TEMPERATURE (F)   87        99      1944
                                             1941
 MINIMUM TEMPERATURE (F)   65        50      1972


SUNRISE AND SUNSET
AUGUST 10 2016........SUNRISE   650 AM EDT   SUNSET   839 PM EDT
AUGUST 11 2016........SUNRISE   651 AM EDT   SUNSET   837 PM EDT


-  INDICATES NEGATIVE NUMBERS.
R  INDICATES RECORD WAS SET OR TIED.
MM INDICATES DATA IS MISSING.
T  INDICATES TRACE AMOUNT.




$$
