000
CDUS43 KLMK 132035
CLIFFT


CLIMATE REPORT
NATIONAL WEATHER SERVICE LOUISVILLE KY
435 PM EDT THU APR 13 2017


...................................

...THE FRANKFORT KY CLIMATE SUMMARY FOR APRIL 13 2017...
VALID TODAY AS OF 0400 PM LOCAL TIME.

CLIMATE NORMAL PERIOD 1981 TO 2010
CLIMATE RECORD PERIOD 1895 TO 2017


WEATHER ITEM   OBSERVED TIME   RECORD YEAR NORMAL DEPARTURE LAST
                VALUE   (LST)  VALUE       VALUE  FROM      YEAR
                                                  NORMAL
..................................................................
TEMPERATURE (F)
 TODAY
  MAXIMUM         80    323 PM  86    1941  66     14       65
                                      1930
  MINIMUM         44    632 AM  23    1939  43      1       37
  AVERAGE         62                        54      8       51

PRECIPITATION (IN)
  TODAY            0.00          2.83 1948   0.11  -0.11     0.00
  MONTH TO DATE    0.92                      1.46  -0.54     0.85
  SINCE MAR 1      6.01                      5.84   0.17     6.93
  SINCE JAN 1     12.11                     12.39  -0.28    12.95

SNOWFALL (IN)
  TODAY           MM            MM      MM  MM     MM       MM
  MONTH TO DATE   MM                        MM     MM       MM
  SINCE MAR 1     MM                        MM     MM       MM
  SINCE JUL 1     MM                        MM     MM       MM
  SNOW DEPTH      MM

DEGREE DAYS
 HEATING
  TODAY            3                        11     -8       14
  MONTH TO DATE   97                       170    -73      221
  SINCE MAR 1    630                       795   -165      631
  SINCE JUL 1   3400                      4434  -1034     3703

 COOLING
  TODAY            0                         1     -1        0
  MONTH TO DATE    8                         5      3        0
  SINCE MAR 1     14                         7      7        1
  SINCE JAN 1     17                         7     10        1
..................................................................


WIND (MPH)
  HIGHEST WIND SPEED    12   HIGHEST WIND DIRECTION    SE (150)
  HIGHEST GUST SPEED    14   HIGHEST GUST DIRECTION    SE (130)
  AVERAGE WIND SPEED     3.5


SKY COVER
  POSSIBLE SUNSHINE  MM
  AVERAGE SKY COVER 0.0


WEATHER CONDITIONS
 THE FOLLOWING WEATHER WAS RECORDED TODAY.
  NO SIGNIFICANT WEATHER WAS OBSERVED.


RELATIVE HUMIDITY (PERCENT)
 HIGHEST    83           600 AM
 LOWEST     19           300 PM
 AVERAGE    51

..........................................................


THE FRANKFORT KY CLIMATE NORMALS FOR TOMORROW
                         NORMAL    RECORD    YEAR
 MAXIMUM TEMPERATURE (F)   67        86      2006
 MINIMUM TEMPERATURE (F)   43        23      1940


SUNRISE AND SUNSET
APRIL 13 2017.........SUNRISE   706 AM EDT   SUNSET   814 PM EDT
APRIL 14 2017.........SUNRISE   705 AM EDT   SUNSET   815 PM EDT


-  INDICATES NEGATIVE NUMBERS.
R  INDICATES RECORD WAS SET OR TIED.
MM INDICATES DATA IS MISSING.
T  INDICATES TRACE AMOUNT.




$$
