000
CDUS43 KLMK 110629
CLIFFT


CLIMATE REPORT
NATIONAL WEATHER SERVICE LOUISVILLE KY
128 AM EST WED JAN 11 2017


...................................

...THE FRANKFORT KY CLIMATE SUMMARY FOR JANUARY 10 2017...

CLIMATE NORMAL PERIOD 1981 TO 2010
CLIMATE RECORD PERIOD 1895 TO 2017


WEATHER ITEM   OBSERVED TIME   RECORD YEAR NORMAL DEPARTURE LAST
                VALUE   (LST)  VALUE       VALUE  FROM      YEAR
                                                  NORMAL
..................................................................
TEMPERATURE (F)
 YESTERDAY
  MAXIMUM         54   1124 PM  68    1930  41     13       49
  MINIMUM         36   1241 AM -10    1982  23     13       11
  AVERAGE         45                        32     13       30

PRECIPITATION (IN)
  YESTERDAY        0.15          2.09 2008   0.12   0.03     0.01
  MONTH TO DATE    0.91                      1.15  -0.24     0.69
  SINCE DEC 1      6.38                      5.16   1.22     6.95
  SINCE JAN 1      0.91                      1.15  -0.24     0.69

SNOWFALL (IN)
  YESTERDAY       MM            MM      MM  MM     MM       MM
  MONTH TO DATE   MM                        MM     MM       MM
  SINCE DEC 1     MM                        MM     MM       MM
  SINCE JUL 1     MM                        MM     MM       MM
  SNOW DEPTH      MM

DEGREE DAYS
 HEATING
  YESTERDAY       20                        33    -13       35
  MONTH TO DATE  335                       330      5      291
  SINCE DEC 1   1208                      1251    -43      821
  SINCE JUL 1   1826                      2162   -336     1555

 COOLING
  YESTERDAY        0                         0      0        0
  MONTH TO DATE    0                         0      0        0
  SINCE DEC 1      0                         0      0        1
  SINCE JAN 1      0                         0      0        0
..................................................................


WIND (MPH)
  HIGHEST WIND SPEED    35   HIGHEST WIND DIRECTION     S (190)
  HIGHEST GUST SPEED    48   HIGHEST GUST DIRECTION     S (180)
  AVERAGE WIND SPEED    16.6


SKY COVER
  POSSIBLE SUNSHINE  MM
  AVERAGE SKY COVER 1.0


WEATHER CONDITIONS
 THE FOLLOWING WEATHER WAS RECORDED YESTERDAY.
  LIGHT RAIN


RELATIVE HUMIDITY (PERCENT)
 HIGHEST    77          1100 PM
 LOWEST     40           100 AM
 AVERAGE    59

..........................................................


THE FRANKFORT KY CLIMATE NORMALS FOR TODAY
                         NORMAL    RECORD    YEAR
 MAXIMUM TEMPERATURE (F)   41        69      1975
 MINIMUM TEMPERATURE (F)   23       -12      1982


SUNRISE AND SUNSET
JANUARY 11 2017.......SUNRISE   756 AM EST   SUNSET   540 PM EST
JANUARY 12 2017.......SUNRISE   756 AM EST   SUNSET   541 PM EST


-  INDICATES NEGATIVE NUMBERS.
R  INDICATES RECORD WAS SET OR TIED.
MM INDICATES DATA IS MISSING.
T  INDICATES TRACE AMOUNT.

$$

SCHOETTMER
