000
CDUS43 KLMK 062130
CLIFFT


CLIMATE REPORT
NATIONAL WEATHER SERVICE LOUISVILLE KY
429 PM EST THU NOV 6 2014


...................................

...THE FRANKFORT KY CLIMATE SUMMARY FOR NOVEMBER 6 2014...
VALID TODAY AS OF 0400 PM LOCAL TIME.

CLIMATE NORMAL PERIOD 1981 TO 2010
CLIMATE RECORD PERIOD 1895 TO 2014


WEATHER ITEM   OBSERVED TIME   RECORD YEAR NORMAL DEPARTURE LAST
                VALUE   (LST)  VALUE       VALUE  FROM      YEAR
                                                  NORMAL
..................................................................
TEMPERATURE (F)
 TODAY
  MAXIMUM         54    329 AM  82    1975  61     -7       71
  MINIMUM         45    201 PM  15    1995  39      6       49
                                      1991
  AVERAGE         50                        50      0       60

PRECIPITATION (IN)
  TODAY            0.07          2.98 1948   0.12  -0.05     0.28
  MONTH TO DATE    0.40                      0.74  -0.34     0.30
  SINCE SEP 1      7.84                      7.31   0.53     7.79
  SINCE JAN 1     41.13                     38.62   2.51    42.85

SNOWFALL (IN)
  TODAY           MM            MM      MM  MM     MM       MM
  MONTH TO DATE   MM                        MM     MM       MM
  SINCE SEP 1     MM                        MM     MM       MM
  SINCE JUL 1     MM                        MM     MM       MM
  SNOW DEPTH      MM

DEGREE DAYS
 HEATING
  TODAY           15                        15      0        5
  MONTH TO DATE  109                        87     22       76
  SINCE SEP 1    458                       427     31      411
  SINCE JUL 1    461                       428     33      415

 COOLING
  TODAY            0                         0      0        0
  MONTH TO DATE    0                         0      0        0
  SINCE SEP 1    144                       152     -8      191
  SINCE JAN 1   1070                      1154    -84     1127
..................................................................


WIND (MPH)
  HIGHEST WIND SPEED    20   HIGHEST WIND DIRECTION    NW (300)
  HIGHEST GUST SPEED    26   HIGHEST GUST DIRECTION    NW (300)
  AVERAGE WIND SPEED     8.3


SKY COVER
  POSSIBLE SUNSHINE  MM
  AVERAGE SKY COVER 0.8


WEATHER CONDITIONS
 THE FOLLOWING WEATHER WAS RECORDED TODAY.
  LIGHT RAIN
  FOG


RELATIVE HUMIDITY (PERCENT)
 HIGHEST    93          1200 AM
 LOWEST     66           100 PM
 AVERAGE    80

..........................................................


THE FRANKFORT KY CLIMATE NORMALS FOR TOMORROW
                         NORMAL    RECORD    YEAR
 MAXIMUM TEMPERATURE (F)   60        79      1938
 MINIMUM TEMPERATURE (F)   39        19      1953


SUNRISE AND SUNSET
NOVEMBER  6 2014......SUNRISE   711 AM EST   SUNSET   535 PM EST
NOVEMBER  7 2014......SUNRISE   712 AM EST   SUNSET   534 PM EST


-  INDICATES NEGATIVE NUMBERS.
R  INDICATES RECORD WAS SET OR TIED.
MM INDICATES DATA IS MISSING.
T  INDICATES TRACE AMOUNT.




$$
