000
CDUS43 KLMK 100628
CLIFFT


CLIMATE REPORT
NATIONAL WEATHER SERVICE LOUISVILLE KY
128 AM EST WED JAN 10 2018


...................................

...THE FRANKFORT KY CLIMATE SUMMARY FOR JANUARY 9 2018...

CLIMATE NORMAL PERIOD 1981 TO 2010
CLIMATE RECORD PERIOD 1895 TO 2018


WEATHER ITEM   OBSERVED TIME   RECORD YEAR NORMAL DEPARTURE LAST
                VALUE   (LST)  VALUE       VALUE  FROM      YEAR
                                                  NORMAL
..................................................................
TEMPERATURE (F)
 YESTERDAY
  MAXIMUM         49    342 PM  70    1930  41      8       38
  MINIMUM         36    921 AM  -4    1970  23     13       17
                                      1968
  AVERAGE         43                        32     11       28

PRECIPITATION (IN)
  YESTERDAY        0.00          1.75 1920   0.10  -0.10     0.00
  MONTH TO DATE    0.20                      1.03  -0.83     0.76
  SINCE DEC 1      2.03                      5.04  -3.01     6.23
  SINCE JAN 1      0.20                      1.03  -0.83     0.76

SNOWFALL (IN)
  YESTERDAY       MM            MM      MM  MM     MM       MM
  MONTH TO DATE   MM                        MM     MM       MM
  SINCE DEC 1     MM                        MM     MM       MM
  SINCE JUL 1     MM                        MM     MM       MM
  SNOW DEPTH      MM

DEGREE DAYS
 HEATING
  YESTERDAY       22                        33    -11       37
  MONTH TO DATE  409                       297    112      315
  SINCE DEC 1   1336                      1218    118     1188
  SINCE JUL 1   2144                      2129     15     1806

 COOLING
  YESTERDAY        0                         0      0        0
  MONTH TO DATE    0                         0      0        0
  SINCE DEC 1      0                         0      0        0
  SINCE JAN 1      0                         0      0        0
..................................................................


WIND (MPH)
  HIGHEST WIND SPEED     9   HIGHEST WIND DIRECTION     E (90)
  HIGHEST GUST SPEED    13   HIGHEST GUST DIRECTION     E (80)
  AVERAGE WIND SPEED     3.0


SKY COVER
  POSSIBLE SUNSHINE  MM
  AVERAGE SKY COVER 0.8


WEATHER CONDITIONS
 THE FOLLOWING WEATHER WAS RECORDED YESTERDAY.
  FOG
  FOG W/VISIBILITY <= 1/4 MILE
  HAZE


RELATIVE HUMIDITY (PERCENT)
 HIGHEST    92          1200 AM
 LOWEST     70           200 PM
 AVERAGE    81

..........................................................


THE FRANKFORT KY CLIMATE NORMALS FOR TODAY
                         NORMAL    RECORD    YEAR
 MAXIMUM TEMPERATURE (F)   41        68      1930
 MINIMUM TEMPERATURE (F)   23       -10      1982


SUNRISE AND SUNSET
JANUARY 10 2018.......SUNRISE   756 AM EST   SUNSET   539 PM EST
JANUARY 11 2018.......SUNRISE   756 AM EST   SUNSET   540 PM EST


-  INDICATES NEGATIVE NUMBERS.
R  INDICATES RECORD WAS SET OR TIED.
MM INDICATES DATA IS MISSING.
T  INDICATES TRACE AMOUNT.




$$
