000
CDUS43 KLMK 120632
CLIFFT


CLIMATE REPORT
NATIONAL WEATHER SERVICE LOUISVILLE KY
231 AM EDT WED APR 12 2017


...................................

...THE FRANKFORT KY CLIMATE SUMMARY FOR APRIL 11 2017...

CLIMATE NORMAL PERIOD 1981 TO 2010
CLIMATE RECORD PERIOD 1895 TO 2017


WEATHER ITEM   OBSERVED TIME   RECORD YEAR NORMAL DEPARTURE LAST
                VALUE   (LST)  VALUE       VALUE  FROM      YEAR
                                                  NORMAL
..................................................................
TEMPERATURE (F)
 YESTERDAY
  MAXIMUM         70    127 AM  88    1930  66      4       68
  MINIMUM         56   1159 PM  24    1996  42     14       46
                                      1989
                                      1960
  AVERAGE         63                        54      9       57

PRECIPITATION (IN)
  YESTERDAY        0.20          1.45 1913   0.11   0.09     0.61
  MONTH TO DATE    0.92                      1.25  -0.33     0.85
  SINCE MAR 1      6.01                      5.63   0.38     6.93
  SINCE JAN 1     12.11                     12.18  -0.07    12.95

SNOWFALL (IN)
  YESTERDAY       MM            MM      MM  MM     MM       MM
  MONTH TO DATE   MM                        MM     MM       MM
  SINCE MAR 1     MM                        MM     MM       MM
  SINCE JUL 1     MM                        MM     MM       MM
  SNOW DEPTH      MM

DEGREE DAYS
 HEATING
  YESTERDAY        2                        12    -10        8
  MONTH TO DATE   91                       147    -56      188
  SINCE MAR 1    624                       772   -148      598
  SINCE JUL 1   3394                      4411  -1017     3670

 COOLING
  YESTERDAY        0                         1     -1        0
  MONTH TO DATE    8                         3      5        0
  SINCE MAR 1     14                         5      9        1
  SINCE JAN 1     17                         5     12        1
..................................................................


WIND (MPH)
  HIGHEST WIND SPEED    16   HIGHEST WIND DIRECTION    SW (220)
  HIGHEST GUST SPEED    22   HIGHEST GUST DIRECTION    SW (220)
  AVERAGE WIND SPEED     6.9


SKY COVER
  POSSIBLE SUNSHINE  MM
  AVERAGE SKY COVER 0.7


WEATHER CONDITIONS
 THE FOLLOWING WEATHER WAS RECORDED YESTERDAY.
  THUNDERSTORM
  RAIN
  LIGHT RAIN
  FOG


RELATIVE HUMIDITY (PERCENT)
 HIGHEST    87           700 PM
 LOWEST     33          1200 AM
 AVERAGE    60

..........................................................


THE FRANKFORT KY CLIMATE NORMALS FOR TODAY
                         NORMAL    RECORD    YEAR
 MAXIMUM TEMPERATURE (F)   66        89      1896
 MINIMUM TEMPERATURE (F)   42        26      1989
                                             1976


SUNRISE AND SUNSET
APRIL 12 2017.........SUNRISE   708 AM EDT   SUNSET   813 PM EDT
APRIL 13 2017.........SUNRISE   706 AM EDT   SUNSET   814 PM EDT


-  INDICATES NEGATIVE NUMBERS.
R  INDICATES RECORD WAS SET OR TIED.
MM INDICATES DATA IS MISSING.
T  INDICATES TRACE AMOUNT.




$$
