000
CDUS43 KLMK 050632
CLIFFT


CLIMATE REPORT
NATIONAL WEATHER SERVICE LOUISVILLE KY
231 AM EDT THU OCT 5 2017


...................................

...THE FRANKFORT KY CLIMATE SUMMARY FOR OCTOBER 4 2017...

CLIMATE NORMAL PERIOD 1981 TO 2010
CLIMATE RECORD PERIOD 1895 TO 2017


WEATHER ITEM   OBSERVED TIME   RECORD YEAR NORMAL DEPARTURE LAST
                VALUE   (LST)  VALUE       VALUE  FROM      YEAR
                                                  NORMAL
..................................................................
TEMPERATURE (F)
 YESTERDAY
  MAXIMUM         83    237 PM  91    1953  73     10       83
  MINIMUM         53    644 AM  30    1987  48      5       55
  AVERAGE         68                        60      8       69

PRECIPITATION (IN)
  YESTERDAY        0.00          1.80 1907   0.11  -0.11     0.00
  MONTH TO DATE    0.00                      0.38  -0.38     0.09
  SINCE SEP 1      4.96                      3.71   1.25     2.14
  SINCE JAN 1     38.68                     35.02   3.66    38.19

SNOWFALL (IN)
  YESTERDAY       MM            MM      MM  MM     MM       MM
  MONTH TO DATE   MM                        MM     MM       MM
  SINCE SEP 1     MM                        MM     MM       MM
  SINCE JUL 1     MM                        MM     MM       MM
  SNOW DEPTH      MM

DEGREE DAYS
 HEATING
  YESTERDAY        0                         6     -6        0
  MONTH TO DATE    3                        23    -20        3
  SINCE SEP 1     35                        76    -41       21
  SINCE JUL 1     35                        77    -42       21

 COOLING
  YESTERDAY        3                         1      2        4
  MONTH TO DATE    7                         6      1        5
  SINCE SEP 1    149                       139     10      267
  SINCE JAN 1   1236                      1141     95     1558
..................................................................


WIND (MPH)
  HIGHEST WIND SPEED    12   HIGHEST WIND DIRECTION    SW (240)
  HIGHEST GUST SPEED    19   HIGHEST GUST DIRECTION    SW (230)
  AVERAGE WIND SPEED     3.1


SKY COVER
  POSSIBLE SUNSHINE  MM
  AVERAGE SKY COVER 0.1


WEATHER CONDITIONS
 THE FOLLOWING WEATHER WAS RECORDED YESTERDAY.
  NO SIGNIFICANT WEATHER WAS OBSERVED.


RELATIVE HUMIDITY (PERCENT)
 HIGHEST    86           200 AM
 LOWEST     40           200 PM
 AVERAGE    63

..........................................................


THE FRANKFORT KY CLIMATE NORMALS FOR TODAY
                         NORMAL    RECORD    YEAR
 MAXIMUM TEMPERATURE (F)   72        92      1959
 MINIMUM TEMPERATURE (F)   48        32      1987
                                             1980


SUNRISE AND SUNSET
OCTOBER  5 2017.......SUNRISE   739 AM EDT   SUNSET   716 PM EDT
OCTOBER  6 2017.......SUNRISE   740 AM EDT   SUNSET   715 PM EDT


-  INDICATES NEGATIVE NUMBERS.
R  INDICATES RECORD WAS SET OR TIED.
MM INDICATES DATA IS MISSING.
T  INDICATES TRACE AMOUNT.

$$

SCHOETTMER
