000
CDUS43 KLMK 082029
CLIFFT


CLIMATE REPORT
NATIONAL WEATHER SERVICE LOUISVILLE KY
429 PM EDT MON SEP 8 2014


...................................

...THE FRANKFORT KY CLIMATE SUMMARY FOR SEPTEMBER 8 2014...
VALID TODAY AS OF 0400 PM LOCAL TIME.

CLIMATE NORMAL PERIOD 1981 TO 2010
CLIMATE RECORD PERIOD 1895 TO 2014


WEATHER ITEM   OBSERVED TIME   RECORD YEAR NORMAL DEPARTURE LAST
                VALUE   (LST)  VALUE       VALUE  FROM      YEAR
                                                  NORMAL
..................................................................
TEMPERATURE (F)
 TODAY
  MAXIMUM         83    254 PM 101    1939  83      0       90
  MINIMUM         54    627 AM  42    1988  59     -5       66
  AVERAGE         69                        71     -2       78

PRECIPITATION (IN)
  TODAY            0.00          1.21 2012   0.13  -0.13     0.01
  MONTH TO DATE    0.06                      0.92  -0.86     0.05
  SINCE SEP 1      0.06                      0.92  -0.86     0.05
  SINCE JAN 1     33.35                     32.23   1.12    35.11

SNOWFALL (IN)
  TODAY           MM            MM      MM  MM     MM       MM
  MONTH TO DATE   MM                        MM     MM       MM
  SINCE SEP 1     MM                        MM     MM       MM
  SINCE JUL 1     MM                        MM     MM       MM
  SNOW DEPTH      MM

DEGREE DAYS
 HEATING
  TODAY            0                         0      0        0
  MONTH TO DATE    0                         0      0        0
  SINCE SEP 1      0                         0      0        0
  SINCE JUL 1      3                         1      2        4

 COOLING
  TODAY            4                         6     -2       13
  MONTH TO DATE   82                        56     26       63
  SINCE SEP 1     82                        56     26       63
  SINCE JAN 1   1008                      1058    -50      999
..................................................................


WIND (MPH)
  HIGHEST WIND SPEED     8   HIGHEST WIND DIRECTION    SE (150)
  HIGHEST GUST SPEED    12   HIGHEST GUST DIRECTION    NE (50)
  AVERAGE WIND SPEED     3.5


SKY COVER
  POSSIBLE SUNSHINE  MM
  AVERAGE SKY COVER 0.1


WEATHER CONDITIONS
 THE FOLLOWING WEATHER WAS RECORDED TODAY.
  NO SIGNIFICANT WEATHER WAS OBSERVED.


RELATIVE HUMIDITY (PERCENT)
 HIGHEST    93           100 AM
 LOWEST     54           100 PM
 AVERAGE    74

..........................................................


THE FRANKFORT KY CLIMATE NORMALS FOR TOMORROW
                         NORMAL    RECORD    YEAR
 MAXIMUM TEMPERATURE (F)   82       102      1939
 MINIMUM TEMPERATURE (F)   59        44      1956


SUNRISE AND SUNSET
SEPTEMBER  8 2014.....SUNRISE   715 AM EDT   SUNSET   759 PM EDT
SEPTEMBER  9 2014.....SUNRISE   716 AM EDT   SUNSET   757 PM EDT


-  INDICATES NEGATIVE NUMBERS.
R  INDICATES RECORD WAS SET OR TIED.
MM INDICATES DATA IS MISSING.
T  INDICATES TRACE AMOUNT.




$$
