000
CDUS43 KLMK 240626
CLIFFT


CLIMATE REPORT
NATIONAL WEATHER SERVICE LOUISVILLE KY
226 AM EDT FRI JUL 24 2015


...................................

...THE FRANKFORT KY CLIMATE SUMMARY FOR JULY 23 2015...

CLIMATE NORMAL PERIOD 1981 TO 2010
CLIMATE RECORD PERIOD 1895 TO 2015


WEATHER ITEM   OBSERVED TIME   RECORD YEAR NORMAL DEPARTURE LAST
                VALUE   (LST)  VALUE       VALUE  FROM      YEAR
                                                  NORMAL
..................................................................
TEMPERATURE (F)
 YESTERDAY
  MAXIMUM         85    507 PM 104    1934  87     -2       87
  MINIMUM         62    331 AM  48    1947  66     -4       70
  AVERAGE         74                        76     -2       79

PRECIPITATION (IN)
  YESTERDAY        0.00          1.40 1895   0.16  -0.16     0.14
  MONTH TO DATE   10.04                      3.29   6.75     1.49
  SINCE JUN 1     16.25                      7.38   8.87     5.41
  SINCE JAN 1     39.65                     26.85  12.80    26.19

SNOWFALL (IN)
  YESTERDAY       MM            MM      MM  MM     MM       MM
  MONTH TO DATE   MM                        MM     MM       MM
  SINCE JUN 1     MM                        MM     MM       MM
  SINCE JUL 1     MM                        MM     MM       MM
  SNOW DEPTH      MM

DEGREE DAYS
 HEATING
  YESTERDAY        0                         0      0        0
  MONTH TO DATE    0                         0      0        1
  SINCE JUN 1     16                        10      6        4
  SINCE JUL 1      0                         0      0        1

 COOLING
  YESTERDAY        9                        11     -2       14
  MONTH TO DATE  251                       253     -2      185
  SINCE JUN 1    547                       489     58      450
  SINCE JAN 1    702                       588    114      572
..................................................................


WIND (MPH)
  HIGHEST WIND SPEED    10   HIGHEST WIND DIRECTION    NE (40)
  HIGHEST GUST SPEED    15   HIGHEST GUST DIRECTION     E (70)
  AVERAGE WIND SPEED     4.1


SKY COVER
  POSSIBLE SUNSHINE  MM
  AVERAGE SKY COVER 0.3


WEATHER CONDITIONS
 THE FOLLOWING WEATHER WAS RECORDED YESTERDAY.
  NO SIGNIFICANT WEATHER WAS OBSERVED.


RELATIVE HUMIDITY (PERCENT)
 HIGHEST    90           200 AM
 LOWEST     43           600 PM
 AVERAGE    67

..........................................................


THE FRANKFORT KY CLIMATE NORMALS FOR TODAY
                         NORMAL    RECORD    YEAR
 MAXIMUM TEMPERATURE (F)   87       105      1934
 MINIMUM TEMPERATURE (F)   66        50      1947


SUNRISE AND SUNSET
JULY 24 2015..........SUNRISE   635 AM EDT   SUNSET   856 PM EDT
JULY 25 2015..........SUNRISE   636 AM EDT   SUNSET   856 PM EDT


-  INDICATES NEGATIVE NUMBERS.
R  INDICATES RECORD WAS SET OR TIED.
MM INDICATES DATA IS MISSING.
T  INDICATES TRACE AMOUNT.




$$
