000
CDUS43 KLMK 052036
CLIFFT


CLIMATE REPORT
NATIONAL WEATHER SERVICE LOUISVILLE KY
436 PM EDT WED APR 5 2017


...................................

...THE FRANKFORT KY CLIMATE SUMMARY FOR APRIL 5 2017...
VALID TODAY AS OF 0400 PM LOCAL TIME.

CLIMATE NORMAL PERIOD 1981 TO 2010
CLIMATE RECORD PERIOD 1895 TO 2017


WEATHER ITEM   OBSERVED TIME   RECORD YEAR NORMAL DEPARTURE LAST
                VALUE   (LST)  VALUE       VALUE  FROM      YEAR
                                                  NORMAL
..................................................................
TEMPERATURE (F)
 TODAY
  MAXIMUM         82    145 PM  88    1934  64     18       49
  MINIMUM         50    600 AM  23    1944  40     10       36
  AVERAGE         66                        52     14       43

PRECIPITATION (IN)
  TODAY            0.00          1.60 1981   0.11  -0.11      T
  MONTH TO DATE    0.18                      0.55  -0.37     0.01
  SINCE MAR 1      5.27                      4.93   0.34     6.09
  SINCE JAN 1     11.37                     11.48  -0.11    12.11

SNOWFALL (IN)
  TODAY           MM            MM      MM  MM     MM       MM
  MONTH TO DATE   MM                        MM     MM       MM
  SINCE MAR 1     MM                        MM     MM       MM
  SINCE JUL 1     MM                        MM     MM       MM
  SNOW DEPTH      MM

DEGREE DAYS
 HEATING
  TODAY            0                        14    -14       22
  MONTH TO DATE   33                        72    -39       77
  SINCE MAR 1    566                       697   -131      487
  SINCE JUL 1   3336                      4336  -1000     3559

 COOLING
  TODAY            1                         0      1        0
  MONTH TO DATE    1                         0      1        0
  SINCE MAR 1      7                         2      5        1
  SINCE JAN 1     10                         2      8        1
..................................................................


WIND (MPH)
  HIGHEST WIND SPEED    25   HIGHEST WIND DIRECTION     S (160)
  HIGHEST GUST SPEED    33   HIGHEST GUST DIRECTION    SE (150)
  AVERAGE WIND SPEED    11.9


SKY COVER
  POSSIBLE SUNSHINE  MM
  AVERAGE SKY COVER 0.1


WEATHER CONDITIONS
 THE FOLLOWING WEATHER WAS RECORDED TODAY.
  NO SIGNIFICANT WEATHER WAS OBSERVED.


RELATIVE HUMIDITY (PERCENT)
 HIGHEST    80           500 AM
 LOWEST     36           200 PM
 AVERAGE    58

..........................................................


THE FRANKFORT KY CLIMATE NORMALS FOR TOMORROW
                         NORMAL    RECORD    YEAR
 MAXIMUM TEMPERATURE (F)   64        85      1988
                                             1929
 MINIMUM TEMPERATURE (F)   40        23      1995
                                             1898


SUNRISE AND SUNSET
APRIL  5 2017.........SUNRISE   718 AM EDT   SUNSET   807 PM EDT
APRIL  6 2017.........SUNRISE   717 AM EDT   SUNSET   808 PM EDT


-  INDICATES NEGATIVE NUMBERS.
R  INDICATES RECORD WAS SET OR TIED.
MM INDICATES DATA IS MISSING.
T  INDICATES TRACE AMOUNT.




$$
