000
CDUS43 KLMK 200633
CLIFFT


CLIMATE REPORT
NATIONAL WEATHER SERVICE LOUISVILLE KY
227 AM EDT MON MAR 20 2017


...................................

...THE FRANKFORT KY CLIMATE SUMMARY FOR MARCH 19 2017...

CLIMATE NORMAL PERIOD 1981 TO 2010
CLIMATE RECORD PERIOD 1895 TO 2017


WEATHER ITEM   OBSERVED TIME   RECORD YEAR NORMAL DEPARTURE LAST
                VALUE   (LST)  VALUE       VALUE  FROM      YEAR
                                                  NORMAL
..................................................................
TEMPERATURE (F)
 YESTERDAY
  MAXIMUM         51    525 PM  81    1948  57     -6       52
                                      1921
                                      1907
  MINIMUM         28    711 AM  15    1967  35     -7       41
                                      1959
  AVERAGE         40                        46     -6       47

PRECIPITATION (IN)
  YESTERDAY        0.00          2.88 1943   0.14  -0.14      T
  MONTH TO DATE    2.54                      2.61  -0.07     3.85
  SINCE MAR 1      2.54                      2.61  -0.07     3.85
  SINCE JAN 1      8.64                      9.16  -0.52     9.87

SNOWFALL (IN)
  YESTERDAY       MM            MM      MM  MM     MM       MM
  MONTH TO DATE   MM                        MM     MM       MM
  SINCE MAR 1     MM                        MM     MM       MM
  SINCE JUL 1     MM                        MM     MM       MM
  SNOW DEPTH      MM

DEGREE DAYS
 HEATING
  YESTERDAY       25                        19      6       18
  MONTH TO DATE  438                       422     16      246
  SINCE MAR 1    438                       422     16      246
  SINCE JUL 1   3208                      4061   -853     3318

 COOLING
  YESTERDAY        0                         0      0        0
  MONTH TO DATE    0                         0      0        0
  SINCE MAR 1      0                         0      0        0
  SINCE JAN 1      3                         0      3        0
..................................................................


WIND (MPH)
  HIGHEST WIND SPEED     9   HIGHEST WIND DIRECTION     N (350)
  HIGHEST GUST SPEED    13   HIGHEST GUST DIRECTION    NE (30)
  AVERAGE WIND SPEED     2.1


SKY COVER
  POSSIBLE SUNSHINE  MM
  AVERAGE SKY COVER 0.4


WEATHER CONDITIONS
 THE FOLLOWING WEATHER WAS RECORDED YESTERDAY.
  NO SIGNIFICANT WEATHER WAS OBSERVED.


RELATIVE HUMIDITY (PERCENT)
 HIGHEST    85           600 AM
 LOWEST     41           400 PM
 AVERAGE    63

..........................................................


THE FRANKFORT KY CLIMATE NORMALS FOR TODAY
                         NORMAL    RECORD    YEAR
 MAXIMUM TEMPERATURE (F)   58        83      2012
 MINIMUM TEMPERATURE (F)   35        17      1923


SUNRISE AND SUNSET
MARCH 20 2017.........SUNRISE   743 AM EDT   SUNSET   752 PM EDT
MARCH 21 2017.........SUNRISE   741 AM EDT   SUNSET   753 PM EDT


-  INDICATES NEGATIVE NUMBERS.
R  INDICATES RECORD WAS SET OR TIED.
MM INDICATES DATA IS MISSING.
T  INDICATES TRACE AMOUNT.




$$
