000
CDUS43 KLMK 052033
CLIFFT


CLIMATE REPORT
NATIONAL WEATHER SERVICE LOUISVILLE KY
432 PM EDT FRI MAY 5 2017


...................................

...THE FRANKFORT KY CLIMATE SUMMARY FOR MAY 5 2017...
VALID TODAY AS OF 0400 PM LOCAL TIME.

CLIMATE NORMAL PERIOD 1981 TO 2010
CLIMATE RECORD PERIOD 1895 TO 2017


WEATHER ITEM   OBSERVED TIME   RECORD YEAR NORMAL DEPARTURE LAST
                VALUE   (LST)  VALUE       VALUE  FROM      YEAR
                                                  NORMAL
..................................................................
TEMPERATURE (F)
 TODAY
  MAXIMUM         60   1210 AM  90    1949  73    -13       57
  MINIMUM         48    259 PM  32    2011  49     -1       43
  AVERAGE         54                        61     -7       50

PRECIPITATION (IN)
  TODAY            0.57          2.06 1958   0.17   0.40     0.04
  MONTH TO DATE    1.18                      0.82   0.36     0.30
  SINCE MAR 1      9.61                      8.89   0.72     9.45
  SINCE JAN 1     15.71                     15.44   0.27    15.47

SNOWFALL (IN)
  TODAY           MM            MM      MM  MM     MM       MM
  MONTH TO DATE   MM                        MM     MM       MM
  SINCE MAR 1     MM                        MM     MM       MM
  SINCE JUL 1     MM                        MM     MM       MM
  SNOW DEPTH      MM

DEGREE DAYS
 HEATING
  TODAY           11                         5      6       15
  MONTH TO DATE   36                        28      8       36
  SINCE MAR 1    705                       967   -262      702
  SINCE JUL 1   3475                      4606  -1131     3774

 COOLING
  TODAY            0                         1     -1        0
  MONTH TO DATE    0                         5     -5        7
  SINCE MAR 1     73                        25     48       33
  SINCE JAN 1     76                        25     51       33
..................................................................


WIND (MPH)
  HIGHEST WIND SPEED    20   HIGHEST WIND DIRECTION    NW (320)
  HIGHEST GUST SPEED    24   HIGHEST GUST DIRECTION    NW (320)
  AVERAGE WIND SPEED     9.5


SKY COVER
  POSSIBLE SUNSHINE  MM
  AVERAGE SKY COVER 1.0


WEATHER CONDITIONS
 THE FOLLOWING WEATHER WAS RECORDED TODAY.
  HEAVY RAIN
  RAIN
  LIGHT RAIN
  FOG
  HAZE


RELATIVE HUMIDITY (PERCENT)
 HIGHEST    93           600 AM
 LOWEST     80          1100 AM
 AVERAGE    87

..........................................................


THE FRANKFORT KY CLIMATE NORMALS FOR TOMORROW
                         NORMAL    RECORD    YEAR
 MAXIMUM TEMPERATURE (F)   73        92      1949
 MINIMUM TEMPERATURE (F)   50        33      1957
                                             1954


SUNRISE AND SUNSET
MAY  5 2017...........SUNRISE   638 AM EDT   SUNSET   835 PM EDT
MAY  6 2017...........SUNRISE   637 AM EDT   SUNSET   836 PM EDT


-  INDICATES NEGATIVE NUMBERS.
R  INDICATES RECORD WAS SET OR TIED.
MM INDICATES DATA IS MISSING.
T  INDICATES TRACE AMOUNT.




$$
