000
CDUS43 KLMK 132027 RRB
CLIFFT

CLIMATE REPORT
NATIONAL WEATHER SERVICE LOUISVILLE KY
427 PM EDT TUE SEP 13 2016


...................................

...THE FRANKFORT KY CLIMATE SUMMARY FOR SEPTEMBER 13 2016...
VALID TODAY AS OF 0400 PM LOCAL TIME.

CLIMATE NORMAL PERIOD 1981 TO 2010
CLIMATE RECORD PERIOD 1895 TO 2016


WEATHER ITEM   OBSERVED TIME   RECORD YEAR NORMAL DEPARTURE LAST
                VALUE   (LST)  VALUE       VALUE  FROM      YEAR
                                                  NORMAL
..................................................................
TEMPERATURE (F)
 TODAY
  MAXIMUM         87    252 PM 101    1939  81      6       69
  MINIMUM         55    447 AM  42    1953  57     -2       48
                                      1940
                                      1902
  AVERAGE         71                        69      2       59

PRECIPITATION (IN)
  TODAY            0.00          1.60 1947   0.13  -0.13     0.00
  MONTH TO DATE    0.42                      1.53  -1.11     1.35
  SINCE SEP 1      0.42                      1.53  -1.11     1.35
  SINCE JAN 1     36.47                     32.84   3.63    44.99

SNOWFALL (IN)
  TODAY           MM            MM      MM  MM     MM       MM
  MONTH TO DATE   MM                        MM     MM       MM
  SINCE SEP 1     MM                        MM     MM       MM
  SINCE JUL 1     MM                        MM     MM       MM
  SNOW DEPTH      MM

DEGREE DAYS
 HEATING
  TODAY            0                         1     -1        6
  MONTH TO DATE    0                         4     -4       10
  SINCE SEP 1      0                         4     -4       10
  SINCE JUL 1      0                         5     -5       11

 COOLING
  TODAY            6                         5      1        0
  MONTH TO DATE  125                        83     42      131
  SINCE SEP 1    125                        83     42      131
  SINCE JAN 1   1416                      1085    331     1169
..................................................................


WIND (MPH)
  HIGHEST WIND SPEED    10   HIGHEST WIND DIRECTION     W (250)
  HIGHEST GUST SPEED    13   HIGHEST GUST DIRECTION     W (280)
  AVERAGE WIND SPEED     2.2


SKY COVER
  POSSIBLE SUNSHINE  MM
  AVERAGE SKY COVER 0.0


WEATHER CONDITIONS
 THE FOLLOWING WEATHER WAS RECORDED TODAY.
  NO SIGNIFICANT WEATHER WAS OBSERVED.


RELATIVE HUMIDITY (PERCENT)
 HIGHEST    93           400 AM
 LOWEST     32           300 PM
 AVERAGE    63

..........................................................


THE FRANKFORT KY CLIMATE NORMALS FOR TOMORROW
                         NORMAL    RECORD    YEAR
 MAXIMUM TEMPERATURE (F)   80       103      1939
 MINIMUM TEMPERATURE (F)   57        36      1902


SUNRISE AND SUNSET
SEPTEMBER 13 2016.....SUNRISE   720 AM EDT   SUNSET   750 PM EDT
SEPTEMBER 14 2016.....SUNRISE   721 AM EDT   SUNSET   748 PM EDT


-  INDICATES NEGATIVE NUMBERS.
R  INDICATES RECORD WAS SET OR TIED.
MM INDICATES DATA IS MISSING.
T  INDICATES TRACE AMOUNT.




$$
