000
CDUS43 KLMK 202132
CLIFFT


CLIMATE REPORT
NATIONAL WEATHER SERVICE LOUISVILLE KY
430 PM EST FRI FEB 20 2015


...................................

...THE FRANKFORT KY CLIMATE SUMMARY FOR FEBRUARY 20 2015...
VALID TODAY AS OF 0400 PM LOCAL TIME.

CLIMATE NORMAL PERIOD 1981 TO 2010
CLIMATE RECORD PERIOD 1895 TO 2015


WEATHER ITEM   OBSERVED TIME   RECORD YEAR NORMAL DEPARTURE LAST
                VALUE   (LST)  VALUE       VALUE  FROM      YEAR
                                                  NORMAL
..................................................................
TEMPERATURE (F)
 TODAY
  MAXIMUM         16    401 PM  72    1939  48    -32       70
  MINIMUM        -21R   630 AM  -3    1896  28    -49       38
  AVERAGE         -2                        38    -40       54

PRECIPITATION (IN)
  TODAY            0.00          1.16 1996   0.13  -0.13     0.38
  MONTH TO DATE    0.94                      2.24  -1.30     3.77
  SINCE DEC 1      5.55                      9.51  -3.96    10.99
  SINCE JAN 1      2.40                      5.50  -3.10     6.05

SNOWFALL (IN)
  TODAY           MM            MM      MM  MM     MM       MM
  MONTH TO DATE   MM                        MM     MM       MM
  SINCE DEC 1     MM                        MM     MM       MM
  SINCE JUL 1     MM                        MM     MM       MM
  SNOW DEPTH      MM

DEGREE DAYS
 HEATING
  TODAY           67                        27     40       11
  MONTH TO DATE  794                       590    204      704
  SINCE DEC 1   2669                      2517    152     2806
  SINCE JUL 1   3797                      3428    369     3849

 COOLING
  TODAY            0                         0      0        0
  MONTH TO DATE    0                         0      0        0
  SINCE DEC 1      0                         0      0        0
  SINCE JAN 1      0                         0      0        0
..................................................................


WIND (MPH)
  HIGHEST WIND SPEED    13   HIGHEST WIND DIRECTION    SE (120)
  HIGHEST GUST SPEED    17   HIGHEST GUST DIRECTION    SE (150)
  AVERAGE WIND SPEED     3.7


SKY COVER
  POSSIBLE SUNSHINE  MM
  AVERAGE SKY COVER 0.2


WEATHER CONDITIONS
 THE FOLLOWING WEATHER WAS RECORDED TODAY.
  FOG
  HAZE


RELATIVE HUMIDITY (PERCENT)
 HIGHEST    86           900 AM
 LOWEST     42           400 PM
 AVERAGE    64

..........................................................


THE FRANKFORT KY CLIMATE NORMALS FOR TOMORROW
                         NORMAL    RECORD    YEAR
 MAXIMUM TEMPERATURE (F)   48        72      1997
 MINIMUM TEMPERATURE (F)   28         3      1963


SUNRISE AND SUNSET
FEBRUARY 20 2015......SUNRISE   724 AM EST   SUNSET   623 PM EST
FEBRUARY 21 2015......SUNRISE   723 AM EST   SUNSET   624 PM EST


-  INDICATES NEGATIVE NUMBERS.
R  INDICATES RECORD WAS SET OR TIED.
MM INDICATES DATA IS MISSING.
T  INDICATES TRACE AMOUNT.




$$
