000
CDUS43 KLMK 182034
CLIFFT


CLIMATE REPORT
NATIONAL WEATHER SERVICE LOUISVILLE KY
434 PM EDT MON APR 18 2016


...................................

...THE FRANKFORT KY CLIMATE SUMMARY FOR APRIL 18 2016...
VALID TODAY AS OF 0400 PM LOCAL TIME.

CLIMATE NORMAL PERIOD 1981 TO 2010
CLIMATE RECORD PERIOD 1895 TO 2016


WEATHER ITEM   OBSERVED TIME   RECORD YEAR NORMAL DEPARTURE LAST
                VALUE   (LST)  VALUE       VALUE  FROM      YEAR
                                                  NORMAL
..................................................................
TEMPERATURE (F)
 TODAY
  MAXIMUM         84    249 PM  90    1914  68     16       78
  MINIMUM         45    618 AM  28    2001  44      1       48
                                      1980
                                      1936
  AVERAGE         65                        56      9       63

PRECIPITATION (IN)
  TODAY            0.00          1.35 1940   0.12  -0.12     0.00
  MONTH TO DATE    0.85                      2.03  -1.18    10.01
  SINCE MAR 1      6.93                      6.41   0.52    17.69
  SINCE JAN 1     12.95                     12.96  -0.01    21.25

SNOWFALL (IN)
  TODAY           MM            MM      MM  MM     MM       MM
  MONTH TO DATE   MM                        MM     MM       MM
  SINCE MAR 1     MM                        MM     MM       MM
  SINCE JUL 1     MM                        MM     MM       MM
  SNOW DEPTH      MM

DEGREE DAYS
 HEATING
  TODAY            0                        10    -10        2
  MONTH TO DATE  236                       222     14      120
  SINCE MAR 1    646                       847   -201      792
  SINCE JUL 1   3718                      4486   -768     4912

 COOLING
  TODAY            0                         1     -1        0
  MONTH TO DATE    0                        10    -10        8
  SINCE MAR 1      1                        12    -11        8
  SINCE JAN 1      1                        12    -11        8
..................................................................


WIND (MPH)
  HIGHEST WIND SPEED    12   HIGHEST WIND DIRECTION     E (110)
  HIGHEST GUST SPEED    14   HIGHEST GUST DIRECTION     S (200)
  AVERAGE WIND SPEED     1.4


SKY COVER
  POSSIBLE SUNSHINE  MM
  AVERAGE SKY COVER 0.0


WEATHER CONDITIONS
 THE FOLLOWING WEATHER WAS RECORDED TODAY.
  NO SIGNIFICANT WEATHER WAS OBSERVED.


RELATIVE HUMIDITY (PERCENT)
 HIGHEST    82           400 AM
 LOWEST     18           200 PM
 AVERAGE    50

..........................................................


THE FRANKFORT KY CLIMATE NORMALS FOR TOMORROW
                         NORMAL    RECORD    YEAR
 MAXIMUM TEMPERATURE (F)   68        92      1914
 MINIMUM TEMPERATURE (F)   45        24      1983


SUNRISE AND SUNSET
APRIL 18 2016.........SUNRISE   659 AM EDT   SUNSET   819 PM EDT
APRIL 19 2016.........SUNRISE   658 AM EDT   SUNSET   820 PM EDT


-  INDICATES NEGATIVE NUMBERS.
R  INDICATES RECORD WAS SET OR TIED.
MM INDICATES DATA IS MISSING.
T  INDICATES TRACE AMOUNT.




$$
