000
CDUS43 KLMK 110632
CLIFFT


CLIMATE REPORT
NATIONAL WEATHER SERVICE LOUISVILLE KY
231 AM EDT MON AUG 11 2014


...................................

...THE FRANKFORT KY CLIMATE SUMMARY FOR AUGUST 10 2014...

CLIMATE NORMAL PERIOD 1981 TO 2010
CLIMATE RECORD PERIOD 1895 TO 2014


WEATHER ITEM   OBSERVED TIME   RECORD YEAR NORMAL DEPARTURE LAST
                VALUE   (LST)  VALUE       VALUE  FROM      YEAR
                                                  NORMAL
..................................................................
TEMPERATURE (F)
 YESTERDAY
  MAXIMUM         84    118 PM  99    1911  87     -3       81
  MINIMUM         71   1159 PM  52    1989  65      6       72
                                      1972
  AVERAGE         78                        76      2       77

PRECIPITATION (IN)
  YESTERDAY        0.30          2.02 1974   0.09   0.21     0.22
  MONTH TO DATE    0.82                      1.02  -0.20     0.88
  SINCE JUN 1      7.77                      9.50  -1.73    15.11
  SINCE JAN 1     28.55                     28.97  -0.42    33.78

SNOWFALL (IN)
  YESTERDAY       MM            MM      MM  MM     MM       MM
  MONTH TO DATE   MM                        MM     MM       MM
  SINCE JUN 1     MM                        MM     MM       MM
  SINCE JUL 1     MM                        MM     MM       MM
  SNOW DEPTH      MM

DEGREE DAYS
 HEATING
  YESTERDAY        0                         0      0        0
  MONTH TO DATE    0                         0      0        0
  SINCE JUN 1      6                        10     -4        3
  SINCE JUL 1      3                         0      3        1

 COOLING
  YESTERDAY       13                        11      2       12
  MONTH TO DATE   86                       110    -24       91
  SINCE JUN 1    576                       696   -120      616
  SINCE JAN 1    698                       795    -97      735
..................................................................


WIND (MPH)
  HIGHEST WIND SPEED    15   HIGHEST WIND DIRECTION     S (200)
  HIGHEST GUST SPEED    19   HIGHEST GUST DIRECTION     S (190)
  AVERAGE WIND SPEED     3.0


SKY COVER
  POSSIBLE SUNSHINE  MM
  AVERAGE SKY COVER 0.7


WEATHER CONDITIONS
 THE FOLLOWING WEATHER WAS RECORDED YESTERDAY.
  THUNDERSTORM
  HEAVY RAIN
  RAIN
  LIGHT RAIN
  FOG


RELATIVE HUMIDITY (PERCENT)
 HIGHEST    93          1200 AM
 LOWEST     65           100 PM
 AVERAGE    79

..........................................................


THE FRANKFORT KY CLIMATE NORMALS FOR TODAY
                         NORMAL    RECORD    YEAR
 MAXIMUM TEMPERATURE (F)   87        99      1944
                                             1941
 MINIMUM TEMPERATURE (F)   65        50      1972


SUNRISE AND SUNSET
AUGUST 11 2014........SUNRISE   651 AM EDT   SUNSET   838 PM EDT
AUGUST 12 2014........SUNRISE   652 AM EDT   SUNSET   837 PM EDT


-  INDICATES NEGATIVE NUMBERS.
R  INDICATES RECORD WAS SET OR TIED.
MM INDICATES DATA IS MISSING.
T  INDICATES TRACE AMOUNT.




$$
