000
CDUS43 KLMK 210637
CLIFFT


CLIMATE REPORT
NATIONAL WEATHER SERVICE LOUISVILLE KY
237 AM EDT SAT MAR 21 2015


...................................

...THE FRANKFORT KY CLIMATE SUMMARY FOR MARCH 20 2015...

CLIMATE NORMAL PERIOD 1981 TO 2010
CLIMATE RECORD PERIOD 1895 TO 2015


WEATHER ITEM   OBSERVED TIME   RECORD YEAR NORMAL DEPARTURE LAST
                VALUE   (LST)  VALUE       VALUE  FROM      YEAR
                                                  NORMAL
..................................................................
TEMPERATURE (F)
 YESTERDAY
  MAXIMUM         49    134 PM  83    2012  58     -9       57
  MINIMUM         42    451 AM  17    1923  35      7       30
  AVERAGE         46                        46      0       44

PRECIPITATION (IN)
  YESTERDAY        0.01          2.22 2002   0.14  -0.13     0.00
  MONTH TO DATE    7.32                      2.75   4.57     1.20
  SINCE MAR 1      7.32                      2.75   4.57     1.20
  SINCE JAN 1     10.88                      9.30   1.58     7.40

SNOWFALL (IN)
  YESTERDAY       MM            MM      MM  MM     MM       MM
  MONTH TO DATE   MM                        MM     MM       MM
  SINCE MAR 1     MM                        MM     MM       MM
  SINCE JUL 1     MM                        MM     MM       MM
  SNOW DEPTH      MM

DEGREE DAYS
 HEATING
  YESTERDAY       19                        19      0       21
  MONTH TO DATE  463                       441     22      501
  SINCE MAR 1    463                       441     22      501
  SINCE JUL 1   4583                      4080    503     4613

 COOLING
  YESTERDAY        0                         0      0        0
  MONTH TO DATE    0                         0      0        0
  SINCE MAR 1      0                         0      0        0
  SINCE JAN 1      0                         0      0        0
..................................................................


WIND (MPH)
  HIGHEST WIND SPEED     9   HIGHEST WIND DIRECTION     W (280)
  HIGHEST GUST SPEED    16   HIGHEST GUST DIRECTION     W (270)
  AVERAGE WIND SPEED     3.8


SKY COVER
  POSSIBLE SUNSHINE  MM
  AVERAGE SKY COVER 0.9


WEATHER CONDITIONS
 THE FOLLOWING WEATHER WAS RECORDED YESTERDAY.
  LIGHT RAIN
  FOG


RELATIVE HUMIDITY (PERCENT)
 HIGHEST   100           700 AM
 LOWEST     71           300 PM
 AVERAGE    86

..........................................................


THE FRANKFORT KY CLIMATE NORMALS FOR TODAY
                         NORMAL    RECORD    YEAR
 MAXIMUM TEMPERATURE (F)   58        83      1907
 MINIMUM TEMPERATURE (F)   35        18      1986
                                             1965


SUNRISE AND SUNSET
MARCH 21 2015.........SUNRISE   742 AM EDT   SUNSET   752 PM EDT
MARCH 22 2015.........SUNRISE   740 AM EDT   SUNSET   753 PM EDT


-  INDICATES NEGATIVE NUMBERS.
R  INDICATES RECORD WAS SET OR TIED.
MM INDICATES DATA IS MISSING.
T  INDICATES TRACE AMOUNT.




$$
