000
CDUS43 KLMK 150629
CLIFFT


CLIMATE REPORT
NATIONAL WEATHER SERVICE LOUISVILLE KY
228 AM EDT WED OCT 15 2014


...................................

...THE FRANKFORT KY CLIMATE SUMMARY FOR OCTOBER 14 2014...

CLIMATE NORMAL PERIOD 1981 TO 2010
CLIMATE RECORD PERIOD 1895 TO 2014


WEATHER ITEM   OBSERVED TIME   RECORD YEAR NORMAL DEPARTURE LAST
                VALUE   (LST)  VALUE       VALUE  FROM      YEAR
                                                  NORMAL
..................................................................
TEMPERATURE (F)
 YESTERDAY
  MAXIMUM         70   1213 AM  87    1969  69      1       75
  MINIMUM         55   1159 PM  25    1988  45     10       50
  AVERAGE         63                        57      6       63

PRECIPITATION (IN)
  YESTERDAY        1.29          1.89 1919   0.10   1.19     0.00
  MONTH TO DATE    3.66                      1.39   2.27     3.05
  SINCE SEP 1      6.49                      4.72   1.77     4.77
  SINCE JAN 1     39.78                     36.03   3.75    39.83

SNOWFALL (IN)
  YESTERDAY       MM            MM      MM  MM     MM       MM
  MONTH TO DATE   MM                        MM     MM       MM
  SINCE SEP 1     MM                        MM     MM       MM
  SINCE JUL 1     MM                        MM     MM       MM
  SNOW DEPTH      MM

DEGREE DAYS
 HEATING
  YESTERDAY        2                         9     -7        2
  MONTH TO DATE   94                        98     -4       45
  SINCE SEP 1    152                       151      1       71
  SINCE JUL 1    155                       152      3       75

 COOLING
  YESTERDAY        0                         0      0        0
  MONTH TO DATE   16                        15      1       39
  SINCE SEP 1    144                       148     -4      190
  SINCE JAN 1   1070                      1150    -80     1126
..................................................................


WIND (MPH)
  HIGHEST WIND SPEED    24   HIGHEST WIND DIRECTION    SE (150)
  HIGHEST GUST SPEED    33   HIGHEST GUST DIRECTION    SE (150)
  AVERAGE WIND SPEED    12.2


SKY COVER
  POSSIBLE SUNSHINE  MM
  AVERAGE SKY COVER 0.9


WEATHER CONDITIONS
 THE FOLLOWING WEATHER WAS RECORDED YESTERDAY.
  HEAVY RAIN
  RAIN
  LIGHT RAIN
  FOG


RELATIVE HUMIDITY (PERCENT)
 HIGHEST    93           200 AM
 LOWEST     57           400 PM
 AVERAGE    75

..........................................................


THE FRANKFORT KY CLIMATE NORMALS FOR TODAY
                         NORMAL    RECORD    YEAR
 MAXIMUM TEMPERATURE (F)   69        87      1897
 MINIMUM TEMPERATURE (F)   44        24      1937


SUNRISE AND SUNSET
OCTOBER 15 2014.......SUNRISE   748 AM EDT   SUNSET   702 PM EDT
OCTOBER 16 2014.......SUNRISE   749 AM EDT   SUNSET   700 PM EDT


-  INDICATES NEGATIVE NUMBERS.
R  INDICATES RECORD WAS SET OR TIED.
MM INDICATES DATA IS MISSING.
T  INDICATES TRACE AMOUNT.

$$

SCHOETTMER
