000
CDUS43 KLMK 010630
CLIFFT


CLIMATE REPORT
NATIONAL WEATHER SERVICE LOUISVILLE KY
230 AM EDT TUE JUL 1 2014


...................................

...THE FRANKFORT KY CLIMATE SUMMARY FOR JUNE 30 2014...

CLIMATE NORMAL PERIOD 1981 TO 2010
CLIMATE RECORD PERIOD 1895 TO 2014


WEATHER ITEM   OBSERVED TIME   RECORD YEAR NORMAL DEPARTURE LAST
                VALUE   (LST)  VALUE       VALUE  FROM      YEAR
                                                  NORMAL
..................................................................
TEMPERATURE (F)
 YESTERDAY
  MAXIMUM         87    440 PM 102    1913  86      1       80
  MINIMUM         68    217 AM  48    1923  65      3       61
  AVERAGE         78                        76      2       71

PRECIPITATION (IN)
  YESTERDAY        0.09          2.80 1895   0.11  -0.02     0.00
  MONTH TO DATE    3.92                      4.09  -0.17     6.51
  SINCE JUN 1      3.92                      4.09  -0.17     6.51
  SINCE JAN 1     24.70                     23.56   1.14    25.18

SNOWFALL (IN)
  YESTERDAY       MM            MM      MM  MM     MM       MM
  MONTH TO DATE   MM                        MM     MM       MM
  SINCE JUN 1     MM                        MM     MM       MM
  SINCE JUL 1     MM                        MM     MM       MM
  SNOW DEPTH      MM

DEGREE DAYS
 HEATING
  YESTERDAY        0                         0      0        0
  MONTH TO DATE    3                         9     -6        2
  SINCE JUN 1      3                        10     -7        2
  SINCE JUL 1   5223                      4700    523     4781

 COOLING
  YESTERDAY       13                        11      2        6
  MONTH TO DATE  265                       236     29      241
  SINCE JUN 1    265                       236     29      241
  SINCE JAN 1    387                       335     52      360
..................................................................


WIND (MPH)
  HIGHEST WIND SPEED    18   HIGHEST WIND DIRECTION     S (190)
  HIGHEST GUST SPEED    23   HIGHEST GUST DIRECTION     S (180)
  AVERAGE WIND SPEED     7.2


SKY COVER
  POSSIBLE SUNSHINE  MM
  AVERAGE SKY COVER 0.5


WEATHER CONDITIONS
 THE FOLLOWING WEATHER WAS RECORDED YESTERDAY.
  THUNDERSTORM
  HEAVY RAIN
  LIGHT RAIN
  FOG


RELATIVE HUMIDITY (PERCENT)
 HIGHEST   100           600 AM
 LOWEST     63           400 PM
 AVERAGE    82

..........................................................


THE FRANKFORT KY CLIMATE NORMALS FOR TODAY
                         NORMAL    RECORD    YEAR
 MAXIMUM TEMPERATURE (F)   86       101      2012
                                             1952
 MINIMUM TEMPERATURE (F)   65        48      1937


SUNRISE AND SUNSET
JULY  1 2014..........SUNRISE   620 AM EDT   SUNSET   907 PM EDT
JULY  2 2014..........SUNRISE   621 AM EDT   SUNSET   907 PM EDT


-  INDICATES NEGATIVE NUMBERS.
R  INDICATES RECORD WAS SET OR TIED.
MM INDICATES DATA IS MISSING.
T  INDICATES TRACE AMOUNT.




$$
