000
CDUS43 KLMK 032127
CLIFFT


CLIMATE REPORT
NATIONAL WEATHER SERVICE LOUISVILLE KY
426 PM EST FRI FEB 3 2017


...................................

...THE FRANKFORT KY CLIMATE SUMMARY FOR FEBRUARY 3 2017...
VALID TODAY AS OF 0400 PM LOCAL TIME.

CLIMATE NORMAL PERIOD 1981 TO 2010
CLIMATE RECORD PERIOD 1895 TO 2017


WEATHER ITEM   OBSERVED TIME   RECORD YEAR NORMAL DEPARTURE LAST
                VALUE   (LST)  VALUE       VALUE  FROM      YEAR
                                                  NORMAL
..................................................................
TEMPERATURE (F)
 TODAY
  MAXIMUM         31    259 PM  66    1924  44    -13       63
  MINIMUM         21    828 AM -11    1951  25     -4       38
  AVERAGE         26                        34     -8       51

PRECIPITATION (IN)
  TODAY            0.00          1.60 1989   0.11  -0.11     1.14
  MONTH TO DATE    0.00                      0.33  -0.33     1.72
  SINCE DEC 1      9.41                      7.60   1.81     9.43
  SINCE JAN 1      3.94                      3.59   0.35     3.17

SNOWFALL (IN)
  TODAY           MM            MM      MM  MM     MM       MM
  MONTH TO DATE   MM                        MM     MM       MM
  SINCE DEC 1     MM                        MM     MM       MM
  SINCE JUL 1     MM                        MM     MM       MM
  SNOW DEPTH      MM

DEGREE DAYS
 HEATING
  TODAY           39                        31      8       14
  MONTH TO DATE   90                        93     -3       44
  SINCE DEC 1   1723                      2020   -297     1604
  SINCE JUL 1   2341                      2931   -590     2338

 COOLING
  TODAY            0                         0      0        0
  MONTH TO DATE    0                         0      0        0
  SINCE DEC 1      0                         0      0        1
  SINCE JAN 1      0                         0      0        0
..................................................................


WIND (MPH)
  HIGHEST WIND SPEED    15   HIGHEST WIND DIRECTION    NW (320)
  HIGHEST GUST SPEED    20   HIGHEST GUST DIRECTION     N (340)
  AVERAGE WIND SPEED     4.9


SKY COVER
  POSSIBLE SUNSHINE  MM
  AVERAGE SKY COVER 0.3


WEATHER CONDITIONS
 THE FOLLOWING WEATHER WAS RECORDED TODAY.
  NO SIGNIFICANT WEATHER WAS OBSERVED.


RELATIVE HUMIDITY (PERCENT)
 HIGHEST    68           700 AM
 LOWEST     32           400 PM
 AVERAGE    50

..........................................................


THE FRANKFORT KY CLIMATE NORMALS FOR TOMORROW
                         NORMAL    RECORD    YEAR
 MAXIMUM TEMPERATURE (F)   44        66      1962
                                             1928
 MINIMUM TEMPERATURE (F)   25       -11      1912


SUNRISE AND SUNSET
FEBRUARY  3 2017......SUNRISE   742 AM EST   SUNSET   605 PM EST
FEBRUARY  4 2017......SUNRISE   741 AM EST   SUNSET   606 PM EST


-  INDICATES NEGATIVE NUMBERS.
R  INDICATES RECORD WAS SET OR TIED.
MM INDICATES DATA IS MISSING.
T  INDICATES TRACE AMOUNT.




$$
