000
CDUS43 KLMK 242033
CLIFFT


CLIMATE REPORT
NATIONAL WEATHER SERVICE LOUISVILLE KY
432 PM EDT FRI JUL 24 2015


...................................

...THE FRANKFORT KY CLIMATE SUMMARY FOR JULY 24 2015...
VALID TODAY AS OF 0400 PM LOCAL TIME.

CLIMATE NORMAL PERIOD 1981 TO 2010
CLIMATE RECORD PERIOD 1895 TO 2015


WEATHER ITEM   OBSERVED TIME   RECORD YEAR NORMAL DEPARTURE LAST
                VALUE   (LST)  VALUE       VALUE  FROM      YEAR
                                                  NORMAL
..................................................................
TEMPERATURE (F)
 TODAY
  MAXIMUM         86    251 PM 105    1934  87     -1       79
  MINIMUM         60    559 AM  50    1947  66     -6       60
  AVERAGE         73                        76     -3       70

PRECIPITATION (IN)
  TODAY            0.00          1.35 1895   0.16  -0.16     0.00
  MONTH TO DATE   10.04                      3.45   6.59     1.49
  SINCE JUN 1     16.25                      7.54   8.71     5.41
  SINCE JAN 1     39.65                     27.01  12.64    26.19

SNOWFALL (IN)
  TODAY           MM            MM      MM  MM     MM       MM
  MONTH TO DATE   MM                        MM     MM       MM
  SINCE JUN 1     MM                        MM     MM       MM
  SINCE JUL 1     MM                        MM     MM       MM
  SNOW DEPTH      MM

DEGREE DAYS
 HEATING
  TODAY            0                         0      0        0
  MONTH TO DATE    0                         0      0        1
  SINCE JUN 1     16                        10      6        4
  SINCE JUL 1      0                         0      0        1

 COOLING
  TODAY            8                        11     -3        5
  MONTH TO DATE  259                       264     -5      190
  SINCE JUN 1    555                       500     55      455
  SINCE JAN 1    710                       599    111      577
..................................................................


WIND (MPH)
  HIGHEST WIND SPEED    10   HIGHEST WIND DIRECTION    NE (60)
  HIGHEST GUST SPEED    14   HIGHEST GUST DIRECTION     E (90)
  AVERAGE WIND SPEED     2.5


SKY COVER
  POSSIBLE SUNSHINE  MM
  AVERAGE SKY COVER 0.1


WEATHER CONDITIONS
 THE FOLLOWING WEATHER WAS RECORDED TODAY.
  NO SIGNIFICANT WEATHER WAS OBSERVED.


RELATIVE HUMIDITY (PERCENT)
 HIGHEST    93           300 AM
 LOWEST     43           200 PM
 AVERAGE    68

..........................................................


THE FRANKFORT KY CLIMATE NORMALS FOR TOMORROW
                         NORMAL    RECORD    YEAR
 MAXIMUM TEMPERATURE (F)   87       107      1934
 MINIMUM TEMPERATURE (F)   66        53      2014
                                             1932


SUNRISE AND SUNSET
JULY 24 2015..........SUNRISE   635 AM EDT   SUNSET   856 PM EDT
JULY 25 2015..........SUNRISE   636 AM EDT   SUNSET   856 PM EDT


-  INDICATES NEGATIVE NUMBERS.
R  INDICATES RECORD WAS SET OR TIED.
MM INDICATES DATA IS MISSING.
T  INDICATES TRACE AMOUNT.




$$
