000
CDUS43 KLMK 312045
CLIFFT


CLIMATE REPORT
NATIONAL WEATHER SERVICE LOUISVILLE KY
445 PM EDT MON MAR 31 2014


...................................

...THE FRANKFORT KY CLIMATE SUMMARY FOR MARCH 31 2014...
VALID TODAY AS OF 0400 PM LOCAL TIME.

CLIMATE NORMAL PERIOD 1981 TO 2010
CLIMATE RECORD PERIOD 1895 TO 2014


WEATHER ITEM   OBSERVED TIME   RECORD YEAR NORMAL DEPARTURE LAST
                VALUE   (LST)  VALUE       VALUE  FROM      YEAR
                                                  NORMAL
..................................................................
TEMPERATURE (F)
 TODAY
  MAXIMUM         67    259 PM  82    1998  62      5       59
                                      1977
  MINIMUM         28    630 AM  16    1969  38    -10       43
  AVERAGE         48                        50     -2       51

PRECIPITATION (IN)
  TODAY            0.00          2.19 1908   0.17  -0.17     0.10
  MONTH TO DATE    2.22                      4.38  -2.16     4.19
  SINCE MAR 1      2.22                      4.38  -2.16     4.19
  SINCE JAN 1      8.42                     10.93  -2.51    10.83

SNOWFALL (IN)
  TODAY            0.0          MM      MM  MM     MM       MM
  MONTH TO DATE    0.0                      MM     MM       MM
  SINCE MAR 1      0.0                      MM     MM       MM
  SINCE JUL 1      0.0                      MM     MM       MM
  SNOW DEPTH       0

DEGREE DAYS
 HEATING
  TODAY           17                        15      2       14
  MONTH TO DATE  752                       628    124      816
  SINCE MAR 1    752                       625    127      816
  SINCE JUL 1   4864                      4264    600     4354

 COOLING
  TODAY            0                         0      0        0
  MONTH TO DATE    0                         2     -2        0
  SINCE MAR 1      0                         2     -2        0
  SINCE JAN 1      0                         2     -2        0
..................................................................


WIND (MPH)
  HIGHEST WIND SPEED    13   HIGHEST WIND DIRECTION     E (110)
  HIGHEST GUST SPEED    18   HIGHEST GUST DIRECTION    SE (150)
  AVERAGE WIND SPEED     3.3


SKY COVER
  POSSIBLE SUNSHINE  MM
  AVERAGE SKY COVER 0.0


WEATHER CONDITIONS
 THE FOLLOWING WEATHER WAS RECORDED TODAY.
  NO SIGNIFICANT WEATHER WAS OBSERVED.


RELATIVE HUMIDITY (PERCENT)
 HIGHEST   100           700 AM
 LOWEST     26           300 PM
 AVERAGE    63

..........................................................


THE FRANKFORT KY CLIMATE NORMALS FOR TOMORROW
                         NORMAL    RECORD    YEAR
 MAXIMUM TEMPERATURE (F)   62        83      1986
                                             1981
 MINIMUM TEMPERATURE (F)   39        16      1969


SUNRISE AND SUNSET
MARCH 31 2014.........SUNRISE   726 AM EDT   SUNSET   802 PM EDT
APRIL  1 2014.........SUNRISE   725 AM EDT   SUNSET   803 PM EDT


-  INDICATES NEGATIVE NUMBERS.
R  INDICATES RECORD WAS SET OR TIED.
MM INDICATES DATA IS MISSING.
T  INDICATES TRACE AMOUNT.




$$
