000
CDUS43 KLMK 200641
CLIFFT


CLIMATE REPORT
NATIONAL WEATHER SERVICE LOUISVILLE KY
141 AM EST SUN NOV 20 2016


...................................

...THE FRANKFORT KY CLIMATE SUMMARY FOR NOVEMBER 19 2016...

CLIMATE NORMAL PERIOD 1981 TO 2010
CLIMATE RECORD PERIOD 1895 TO 2016


WEATHER ITEM   OBSERVED TIME   RECORD YEAR NORMAL DEPARTURE LAST
                VALUE   (LST)  VALUE       VALUE  FROM      YEAR
                                                  NORMAL
..................................................................
TEMPERATURE (F)
 YESTERDAY
  MAXIMUM         67   1200 AM  79    1985  55     12       59
  MINIMUM         35   1005 PM  11    2014  35      0       35
  AVERAGE         51                        45      6       47

PRECIPITATION (IN)
  YESTERDAY        0.16          3.22 1957   0.13   0.03     0.00
  MONTH TO DATE    0.41                      2.25  -1.84     2.49
  SINCE SEP 1      3.11                      8.82  -5.71    10.12
  SINCE JAN 1     39.16                     40.13  -0.97    53.76

SNOWFALL (IN)
  YESTERDAY       MM            MM      MM  MM     MM       MM
  MONTH TO DATE   MM                        MM     MM       MM
  SINCE SEP 1     MM                        MM     MM       MM
  SINCE JUL 1     MM                        MM     MM       MM
  SNOW DEPTH      MM

DEGREE DAYS
 HEATING
  YESTERDAY       14                        20     -6       18
  MONTH TO DATE  237                       319    -82      250
  SINCE SEP 1    382                       659   -277      515
  SINCE JUL 1    382                       660   -278      516

 COOLING
  YESTERDAY        0                         0      0        0
  MONTH TO DATE   12                         0     12        3
  SINCE SEP 1    348                       152    196      194
  SINCE JAN 1   1639                      1154    485     1232
..................................................................


WIND (MPH)
  HIGHEST WIND SPEED    20   HIGHEST WIND DIRECTION     W (280)
  HIGHEST GUST SPEED    30   HIGHEST GUST DIRECTION     W (280)
  AVERAGE WIND SPEED    10.9


SKY COVER
  POSSIBLE SUNSHINE  MM
  AVERAGE SKY COVER 0.9


WEATHER CONDITIONS
 THE FOLLOWING WEATHER WAS RECORDED YESTERDAY.
  RAIN
  LIGHT RAIN
  FOG


RELATIVE HUMIDITY (PERCENT)
 HIGHEST    83           300 AM
 LOWEST     45          1200 AM
 AVERAGE    64

..........................................................


THE FRANKFORT KY CLIMATE NORMALS FOR TODAY
                         NORMAL    RECORD    YEAR
 MAXIMUM TEMPERATURE (F)   54        78      1985
 MINIMUM TEMPERATURE (F)   34        10      1914


SUNRISE AND SUNSET
NOVEMBER 20 2016......SUNRISE   727 AM EST   SUNSET   524 PM EST
NOVEMBER 21 2016......SUNRISE   728 AM EST   SUNSET   523 PM EST


-  INDICATES NEGATIVE NUMBERS.
R  INDICATES RECORD WAS SET OR TIED.
MM INDICATES DATA IS MISSING.
T  INDICATES TRACE AMOUNT.




$$
