000
CDUS43 KLMK 240628
CLIFFT


CLIMATE REPORT
NATIONAL WEATHER SERVICE LOUISVILLE KY
227 AM EDT WED JUN 24 2015


...................................

...THE FRANKFORT KY CLIMATE SUMMARY FOR JUNE 23 2015...

CLIMATE NORMAL PERIOD 1981 TO 2010
CLIMATE RECORD PERIOD 1895 TO 2015


WEATHER ITEM   OBSERVED TIME   RECORD YEAR NORMAL DEPARTURE LAST
                VALUE   (LST)  VALUE       VALUE  FROM      YEAR
                                                  NORMAL
..................................................................
TEMPERATURE (F)
 YESTERDAY
  MAXIMUM         90    406 PM 101    1914  85      5       90
  MINIMUM         73   1159 PM  45    1992  64      9       67
  AVERAGE         82                        74      8       79

PRECIPITATION (IN)
  YESTERDAY        0.00          3.96 1960   0.11  -0.11     0.01
  MONTH TO DATE    4.47                      3.31   1.16     3.35
  SINCE JUN 1      4.47                      3.31   1.16     3.35
  SINCE JAN 1     27.87                     22.78   5.09    24.13

SNOWFALL (IN)
  YESTERDAY       MM            MM      MM  MM     MM       MM
  MONTH TO DATE   MM                        MM     MM       MM
  SINCE JUN 1     MM                        MM     MM       MM
  SINCE JUL 1     MM                        MM     MM       MM
  SNOW DEPTH      MM

DEGREE DAYS
 HEATING
  YESTERDAY        0                         0      0        0
  MONTH TO DATE   16                         9      7        3
  SINCE JUN 1     16                         9      7        3
  SINCE JUL 1   5139                      4699    440     5223

 COOLING
  YESTERDAY       17                        10      7       14
  MONTH TO DATE  238                       165     73      180
  SINCE JUN 1    238                       165     73      180
  SINCE JAN 1    393                       264    129      302
..................................................................


WIND (MPH)
  HIGHEST WIND SPEED    16   HIGHEST WIND DIRECTION    SW (230)
  HIGHEST GUST SPEED    24   HIGHEST GUST DIRECTION     W (250)
  AVERAGE WIND SPEED     8.9


SKY COVER
  POSSIBLE SUNSHINE  MM
  AVERAGE SKY COVER 0.4


WEATHER CONDITIONS
 THE FOLLOWING WEATHER WAS RECORDED YESTERDAY.
  THUNDERSTORM


RELATIVE HUMIDITY (PERCENT)
 HIGHEST    87           700 AM
 LOWEST     56           400 PM
 AVERAGE    72

..........................................................


THE FRANKFORT KY CLIMATE NORMALS FOR TODAY
                         NORMAL    RECORD    YEAR
 MAXIMUM TEMPERATURE (F)   85       102      1914
 MINIMUM TEMPERATURE (F)   64        48      1972


SUNRISE AND SUNSET
JUNE 24 2015..........SUNRISE   617 AM EDT   SUNSET   907 PM EDT
JUNE 25 2015..........SUNRISE   618 AM EDT   SUNSET   907 PM EDT


-  INDICATES NEGATIVE NUMBERS.
R  INDICATES RECORD WAS SET OR TIED.
MM INDICATES DATA IS MISSING.
T  INDICATES TRACE AMOUNT.




$$
