000
CDUS43 KLMK 192128
CLIFFT

CLIMATE REPORT
NATIONAL WEATHER SERVICE LOUISVILLE KY
426 PM EST WED NOV 19 2014


...................................

...THE FRANKFORT KY CLIMATE SUMMARY FOR NOVEMBER 19 2014...
VALID TODAY AS OF 0400 PM LOCAL TIME.

CLIMATE NORMAL PERIOD 1981 TO 2010
CLIMATE RECORD PERIOD 1895 TO 2014


WEATHER ITEM   OBSERVED TIME   RECORD YEAR NORMAL DEPARTURE LAST
                VALUE   (LST)  VALUE       VALUE  FROM      YEAR
                                                  NORMAL
..................................................................
TEMPERATURE (F)
 TODAY
  MAXIMUM         45    259 PM  79    1985  55    -10       44
  MINIMUM         11R   213 AM  13    1959  35    -24       26
  AVERAGE         28                        45    -17       35

PRECIPITATION (IN)
  TODAY            0.00          3.22 1957   0.13  -0.13     0.00
  MONTH TO DATE    1.14                      2.25  -1.11     2.19
  SINCE SEP 1      8.58                      8.82  -0.24     9.68
  SINCE JAN 1     41.87                     40.13   1.74    44.74

SNOWFALL (IN)
  TODAY           MM            MM      MM  MM     MM       MM
  MONTH TO DATE   MM                        MM     MM       MM
  SINCE SEP 1     MM                        MM     MM       MM
  SINCE JUL 1     MM                        MM     MM       MM
  SNOW DEPTH      MM

DEGREE DAYS
 HEATING
  TODAY           37                        20     17       30
  MONTH TO DATE  501                       319    182      367
  SINCE SEP 1    850                       659    191      702
  SINCE JUL 1    853                       660    193      706

 COOLING
  TODAY            0                         0      0        0
  MONTH TO DATE    0                         0      0        0
  SINCE SEP 1    144                       152     -8      191
  SINCE JAN 1   1070                      1154    -84     1127
..................................................................


WIND (MPH)
  HIGHEST WIND SPEED    29   HIGHEST WIND DIRECTION    SW (220)
  HIGHEST GUST SPEED    41   HIGHEST GUST DIRECTION    SW (210)
  AVERAGE WIND SPEED    11.3


SKY COVER
  POSSIBLE SUNSHINE  MM
  AVERAGE SKY COVER 0.3


WEATHER CONDITIONS
 THE FOLLOWING WEATHER WAS RECORDED TODAY.
  NO SIGNIFICANT WEATHER WAS OBSERVED.


RELATIVE HUMIDITY (PERCENT)
 HIGHEST    83          1200 AM
 LOWEST     45           300 PM
 AVERAGE    64

..........................................................


THE FRANKFORT KY CLIMATE NORMALS FOR TOMORROW
                         NORMAL    RECORD    YEAR
 MAXIMUM TEMPERATURE (F)   54        78      1985
 MINIMUM TEMPERATURE (F)   34        10      1914


SUNRISE AND SUNSET
NOVEMBER 19 2014......SUNRISE   725 AM EST   SUNSET   525 PM EST
NOVEMBER 20 2014......SUNRISE   726 AM EST   SUNSET   524 PM EST


-  INDICATES NEGATIVE NUMBERS.
R  INDICATES RECORD WAS SET OR TIED.
MM INDICATES DATA IS MISSING.
T  INDICATES TRACE AMOUNT.




$$
