000
CDUS43 KLMK 100628
CLIFFT


CLIMATE REPORT
NATIONAL WEATHER SERVICE LOUISVILLE KY
127 AM EST FRI MAR 10 2017


...................................

...THE FRANKFORT KY CLIMATE SUMMARY FOR MARCH 9 2017...

CLIMATE NORMAL PERIOD 1981 TO 2010
CLIMATE RECORD PERIOD 1895 TO 2017


WEATHER ITEM   OBSERVED TIME   RECORD YEAR NORMAL DEPARTURE LAST
                VALUE   (LST)  VALUE       VALUE  FROM      YEAR
                                                  NORMAL
..................................................................
TEMPERATURE (F)
 YESTERDAY
  MAXIMUM         72    428 PM  81    1974  53     19       72
  MINIMUM         39    652 AM   1    1960  32      7       54
  AVERAGE         56                        42     14       63

PRECIPITATION (IN)
  YESTERDAY        0.00          2.19 1964   0.13  -0.13     0.00
  MONTH TO DATE    2.42                      1.12   1.30     0.89
  SINCE MAR 1      2.42                      1.12   1.30     0.89
  SINCE JAN 1      8.52                      7.67   0.85     6.91

SNOWFALL (IN)
  YESTERDAY       MM            MM      MM  MM     MM       MM
  MONTH TO DATE   MM                        MM     MM       MM
  SINCE MAR 1     MM                        MM     MM       MM
  SINCE JUL 1     MM                        MM     MM       MM
  SNOW DEPTH      MM

DEGREE DAYS
 HEATING
  YESTERDAY        9                        23    -14        2
  MONTH TO DATE  149                       214    -65      181
  SINCE MAR 1    149                       214    -65      181
  SINCE JUL 1   2919                      3853   -934     3253

 COOLING
  YESTERDAY        0                         0      0        0
  MONTH TO DATE    0                         0      0        0
  SINCE MAR 1      0                         0      0        0
  SINCE JAN 1      3                         0      3        0
..................................................................


WIND (MPH)
  HIGHEST WIND SPEED    24   HIGHEST WIND DIRECTION    SW (230)
  HIGHEST GUST SPEED    32   HIGHEST GUST DIRECTION     N (10)
  AVERAGE WIND SPEED    10.1


SKY COVER
  POSSIBLE SUNSHINE  MM
  AVERAGE SKY COVER 0.0


WEATHER CONDITIONS
 THE FOLLOWING WEATHER WAS RECORDED YESTERDAY.
  NO SIGNIFICANT WEATHER WAS OBSERVED.


RELATIVE HUMIDITY (PERCENT)
 HIGHEST    54           500 AM
 LOWEST     19           300 PM
 AVERAGE    37

..........................................................


THE FRANKFORT KY CLIMATE NORMALS FOR TODAY
                         NORMAL    RECORD    YEAR
 MAXIMUM TEMPERATURE (F)   54        78      1974
 MINIMUM TEMPERATURE (F)   32        10      1984


SUNRISE AND SUNSET
MARCH 10 2017.........SUNRISE   658 AM EST   SUNSET   642 PM EST
MARCH 11 2017.........SUNRISE   656 AM EST   SUNSET   643 PM EST


-  INDICATES NEGATIVE NUMBERS.
R  INDICATES RECORD WAS SET OR TIED.
MM INDICATES DATA IS MISSING.
T  INDICATES TRACE AMOUNT.




$$
