476
CDUS43 KLMK 200628
CLIFFT


CLIMATE REPORT
NATIONAL WEATHER SERVICE LOUISVILLE KY
228 AM EDT SAT AUG 20 2016


...................................

...THE FRANKFORT KY CLIMATE SUMMARY FOR AUGUST 19 2016...

CLIMATE NORMAL PERIOD 1981 TO 2010
CLIMATE RECORD PERIOD 1895 TO 2016


WEATHER ITEM   OBSERVED TIME   RECORD YEAR NORMAL DEPARTURE LAST
                VALUE   (LST)  VALUE       VALUE  FROM      YEAR
                                                  NORMAL
..................................................................
TEMPERATURE (F)
 YESTERDAY
  MAXIMUM         85    351 PM 105    1936  87     -2       87
  MINIMUM         70   1248 AM  50    1953  64      6       71
                                      1943
  AVERAGE         78                        75      3       79

PRECIPITATION (IN)
  YESTERDAY        0.00          1.74 1980   0.11  -0.11     0.06
  MONTH TO DATE    3.33                      1.97   1.36     2.32
  SINCE JUN 1     15.37                     10.45   4.92    19.55
  SINCE JAN 1     35.03                     29.92   5.11    42.95

SNOWFALL (IN)
  YESTERDAY       MM            MM      MM  MM     MM       MM
  MONTH TO DATE    0.0                      MM     MM       MM
  SINCE JUN 1      0.0                      MM     MM       MM
  SINCE JUL 1      0.0                      MM     MM       MM
  SNOW DEPTH      MM

DEGREE DAYS
 HEATING
  YESTERDAY        0                         0      0        0
  MONTH TO DATE    0                         0      0        0
  SINCE JUN 1      1                        10     -9       16
  SINCE JUL 1      0                         0      0        0

 COOLING
  YESTERDAY       13                        10      3       14
  MONTH TO DATE  281                       206     75      178
  SINCE JUN 1   1018                       792    226      822
  SINCE JAN 1   1133                       891    242      977
..................................................................


WIND (MPH)
  HIGHEST WIND SPEED    12   HIGHEST WIND DIRECTION     S (200)
  HIGHEST GUST SPEED    15   HIGHEST GUST DIRECTION    SW (220)
  AVERAGE WIND SPEED     4.5


SKY COVER
  POSSIBLE SUNSHINE  MM
  AVERAGE SKY COVER 0.5


WEATHER CONDITIONS
 THE FOLLOWING WEATHER WAS RECORDED YESTERDAY.
  FOG


RELATIVE HUMIDITY (PERCENT)
 HIGHEST    93           100 AM
 LOWEST     61           300 PM
 AVERAGE    77

..........................................................


THE FRANKFORT KY CLIMATE NORMALS FOR TODAY
                         NORMAL    RECORD    YEAR
 MAXIMUM TEMPERATURE (F)   87       104      1936
 MINIMUM TEMPERATURE (F)   64        47      1932


SUNRISE AND SUNSET
AUGUST 20 2016........SUNRISE   659 AM EDT   SUNSET   826 PM EDT
AUGUST 21 2016........SUNRISE   700 AM EDT   SUNSET   824 PM EDT


-  INDICATES NEGATIVE NUMBERS.
R  INDICATES RECORD WAS SET OR TIED.
MM INDICATES DATA IS MISSING.
T  INDICATES TRACE AMOUNT.




$$
