050
CDUS43 KLMK 290649
CLIFFT


CLIMATE REPORT
NATIONAL WEATHER SERVICE LOUISVILLE KY
148 AM EST FRI JAN 29 2016


...................................

...THE FRANKFORT KY CLIMATE SUMMARY FOR JANUARY 28 2016...

CLIMATE NORMAL PERIOD 1981 TO 2010
CLIMATE RECORD PERIOD 1895 TO 2016


WEATHER ITEM   OBSERVED TIME   RECORD YEAR NORMAL DEPARTURE LAST
                VALUE   (LST)  VALUE       VALUE  FROM      YEAR
                                                  NORMAL
..................................................................
TEMPERATURE (F)
 YESTERDAY
  MAXIMUM         47    452 PM  70    1944  43      4       37
  MINIMUM         19    222 AM -20    1963  24     -5       12
  AVERAGE         33                        33      0       25

PRECIPITATION (IN)
  YESTERDAY        0.00          1.27 1994   0.09  -0.09     0.00
  MONTH TO DATE    1.42                      2.96  -1.54     1.39
  SINCE DEC 1      7.68                      6.97   0.71     4.54
  SINCE JAN 1      1.42                      2.96  -1.54     1.39

SNOWFALL (IN)
  YESTERDAY       MM            MM      MM  MM     MM       MM
  MONTH TO DATE   MM                        MM     MM       MM
  SINCE DEC 1     MM                        MM     MM       MM
  SINCE JUL 1     MM                        MM     MM       MM
  SNOW DEPTH      MM

DEGREE DAYS
 HEATING
  YESTERDAY       32                        32      0       40
  MONTH TO DATE  978                       915     63      963
  SINCE DEC 1   1508                      1836   -328     1781
  SINCE JUL 1   2242                      2747   -505     2909

 COOLING
  YESTERDAY        0                         0      0        0
  MONTH TO DATE    0                         0      0        0
  SINCE DEC 1      1                         0      1        0
  SINCE JAN 1      0                         0      0        0
..................................................................


WIND (MPH)
  HIGHEST WIND SPEED    20   HIGHEST WIND DIRECTION    SW (230)
  HIGHEST GUST SPEED    24   HIGHEST GUST DIRECTION    SW (240)
  AVERAGE WIND SPEED     9.5


SKY COVER
  POSSIBLE SUNSHINE  MM
  AVERAGE SKY COVER 0.3


WEATHER CONDITIONS
 THE FOLLOWING WEATHER WAS RECORDED YESTERDAY.
  NO SIGNIFICANT WEATHER WAS OBSERVED.


RELATIVE HUMIDITY (PERCENT)
 HIGHEST    84           200 AM
 LOWEST     49           200 PM
 AVERAGE    67

..........................................................


THE FRANKFORT KY CLIMATE NORMALS FOR TODAY
                         NORMAL    RECORD    YEAR
 MAXIMUM TEMPERATURE (F)   43        70      1947
 MINIMUM TEMPERATURE (F)   24       -20      1963


SUNRISE AND SUNSET
JANUARY 29 2016.......SUNRISE   747 AM EST   SUNSET   558 PM EST
JANUARY 30 2016.......SUNRISE   746 AM EST   SUNSET   600 PM EST


-  INDICATES NEGATIVE NUMBERS.
R  INDICATES RECORD WAS SET OR TIED.
MM INDICATES DATA IS MISSING.
T  INDICATES TRACE AMOUNT.




$$
