000
CDUS43 KLMK 170637
CLIFFT


CLIMATE REPORT
NATIONAL WEATHER SERVICE LOUISVILLE KY
137 AM EST TUE FEB 17 2015


...................................

...THE FRANKFORT KY CLIMATE SUMMARY FOR FEBRUARY 16 2015...

CLIMATE NORMAL PERIOD 1981 TO 2010
CLIMATE RECORD PERIOD 1895 TO 2015


WEATHER ITEM   OBSERVED TIME   RECORD YEAR NORMAL DEPARTURE LAST
                VALUE   (LST)  VALUE       VALUE  FROM      YEAR
                                                  NORMAL
..................................................................
TEMPERATURE (F)
 YESTERDAY
  MAXIMUM         18   1257 AM  75    1954  46    -28       36
  MINIMUM          8   1155 PM  -1    1905  27    -19       25
  AVERAGE         13                        36    -23       31

PRECIPITATION (IN)
  YESTERDAY        0.40          2.87 1903   0.11   0.29     0.01
  MONTH TO DATE    0.91                      1.74  -0.83     2.96
  SINCE DEC 1      5.52                      9.01  -3.49    10.18
  SINCE JAN 1      2.37                      5.00  -2.63     5.24

SNOWFALL (IN)
  YESTERDAY       MM            MM      MM  MM     MM       MM
  MONTH TO DATE   MM                        MM     MM       MM
  SINCE DEC 1     MM                        MM     MM       MM
  SINCE JUL 1     MM                        MM     MM       MM
  SNOW DEPTH      MM

DEGREE DAYS
 HEATING
  YESTERDAY       52                        28     24       34
  MONTH TO DATE  550                       479     71      622
  SINCE DEC 1   2425                      2406     19     2724
  SINCE JUL 1   3553                      3317    236     3767

 COOLING
  YESTERDAY        0                         0      0        0
  MONTH TO DATE    0                         0      0        0
  SINCE DEC 1      0                         0      0        0
  SINCE JAN 1      0                         0      0        0
..................................................................


WIND (MPH)
  HIGHEST WIND SPEED    16   HIGHEST WIND DIRECTION     E (70)
  HIGHEST GUST SPEED    22   HIGHEST GUST DIRECTION     E (90)
  AVERAGE WIND SPEED     8.9


SKY COVER
  POSSIBLE SUNSHINE  MM
  AVERAGE SKY COVER 1.0


WEATHER CONDITIONS
 THE FOLLOWING WEATHER WAS RECORDED YESTERDAY.
  HEAVY SNOW
  SNOW
  LIGHT SNOW
  FOG
  HAZE


RELATIVE HUMIDITY (PERCENT)
 HIGHEST    84           600 AM
 LOWEST     43          1200 AM
 AVERAGE    64

..........................................................


THE FRANKFORT KY CLIMATE NORMALS FOR TODAY
                         NORMAL    RECORD    YEAR
 MAXIMUM TEMPERATURE (F)   47        73      1927
 MINIMUM TEMPERATURE (F)   27         0      1903


SUNRISE AND SUNSET
FEBRUARY 17 2015......SUNRISE   728 AM EST   SUNSET   620 PM EST
FEBRUARY 18 2015......SUNRISE   726 AM EST   SUNSET   621 PM EST


-  INDICATES NEGATIVE NUMBERS.
R  INDICATES RECORD WAS SET OR TIED.
MM INDICATES DATA IS MISSING.
T  INDICATES TRACE AMOUNT.




$$
