000
CDUS43 KLMK 050919
CLIFFT


CLIMATE REPORT
NATIONAL WEATHER SERVICE LOUISVILLE KY
417 AM EST TUE DEC 5 2017


...................................

...THE FRANKFORT KY CLIMATE SUMMARY FOR DECEMBER 4 2017...

CLIMATE NORMAL PERIOD 1981 TO 2010
CLIMATE RECORD PERIOD 1895 TO 2017


WEATHER ITEM   OBSERVED TIME   RECORD YEAR NORMAL DEPARTURE LAST
                VALUE   (LST)  VALUE       VALUE  FROM      YEAR
                                                  NORMAL
..................................................................
TEMPERATURE (F)
 YESTERDAY
  MAXIMUM         69    240 PM  78    1982  48     21       48
  MINIMUM         31    537 AM   9    1942  29      2       38
  AVERAGE         50                        39     11       43

PRECIPITATION (IN)
  YESTERDAY        T             2.30 1978   0.13  -0.13     0.13
  MONTH TO DATE    T                         0.56  -0.56     0.13
  SINCE DEC 1      T                         0.56  -0.56     0.13
  SINCE JAN 1     46.91                     42.17   4.74    40.37

SNOWFALL (IN)
  YESTERDAY       MM            MM      MM  MM     MM       MM
  MONTH TO DATE   MM                        MM     MM       MM
  SINCE DEC 1     MM                        MM     MM       MM
  SINCE JUL 1     MM                        MM     MM       MM
  SNOW DEPTH      MM

DEGREE DAYS
 HEATING
  YESTERDAY       15                        26    -11       22
  MONTH TO DATE   82                       103    -21      100
  SINCE DEC 1     82                       103    -21      100
  SINCE JUL 1    890                      1014   -124      718

 COOLING
  YESTERDAY        0                         0      0        0
  MONTH TO DATE    0                         0      0        0
  SINCE DEC 1      0                         0      0        0
  SINCE JAN 1   1279                      1155    124     1639
..................................................................


WIND (MPH)
  HIGHEST WIND SPEED    23   HIGHEST WIND DIRECTION     S (190)
  HIGHEST GUST SPEED    38   HIGHEST GUST DIRECTION     S (190)
  AVERAGE WIND SPEED     8.0


SKY COVER
  POSSIBLE SUNSHINE  MM
  AVERAGE SKY COVER 0.2


WEATHER CONDITIONS
 THE FOLLOWING WEATHER WAS RECORDED YESTERDAY.
  NO SIGNIFICANT WEATHER WAS OBSERVED.


RELATIVE HUMIDITY (PERCENT)
 HIGHEST    85           300 AM
 LOWEST     32           200 PM
 AVERAGE    59

..........................................................


THE FRANKFORT KY CLIMATE NORMALS FOR TODAY
                         NORMAL    RECORD    YEAR
 MAXIMUM TEMPERATURE (F)   48        73      1998
 MINIMUM TEMPERATURE (F)   29        10      2002


SUNRISE AND SUNSET
DECEMBER  5 2017......SUNRISE   741 AM EST   SUNSET   519 PM EST
DECEMBER  6 2017......SUNRISE   742 AM EST   SUNSET   519 PM EST


-  INDICATES NEGATIVE NUMBERS.
R  INDICATES RECORD WAS SET OR TIED.
MM INDICATES DATA IS MISSING.
T  INDICATES TRACE AMOUNT.




$$
