000
CDUS43 KLMK 062033
CLIFFT


CLIMATE REPORT
NATIONAL WEATHER SERVICE LOUISVILLE KY
432 PM EDT SAT MAY 6 2017


...................................

...THE FRANKFORT KY CLIMATE SUMMARY FOR MAY 6 2017...
VALID TODAY AS OF 0400 PM LOCAL TIME.

CLIMATE NORMAL PERIOD 1981 TO 2010
CLIMATE RECORD PERIOD 1895 TO 2017


WEATHER ITEM   OBSERVED TIME   RECORD YEAR NORMAL DEPARTURE LAST
                VALUE   (LST)  VALUE       VALUE  FROM      YEAR
                                                  NORMAL
..................................................................
TEMPERATURE (F)
 TODAY
  MAXIMUM         60    326 PM  92    1949  73    -13       72
  MINIMUM         43    648 AM  33    1957  50     -7       47
                                      1954
  AVERAGE         52                        61     -9       60

PRECIPITATION (IN)
  TODAY            0.03          1.90 1996   0.17  -0.14     0.00
  MONTH TO DATE    1.28                      0.99   0.29     0.30
  SINCE MAR 1      9.71                      9.06   0.65     9.45
  SINCE JAN 1     15.81                     15.61   0.20    15.47

SNOWFALL (IN)
  TODAY           MM            MM      MM  MM     MM       MM
  MONTH TO DATE   MM                        MM     MM       MM
  SINCE MAR 1     MM                        MM     MM       MM
  SINCE JUL 1     MM                        MM     MM       MM
  SNOW DEPTH      MM

DEGREE DAYS
 HEATING
  TODAY           13                         5      8        5
  MONTH TO DATE   50                        33     17       41
  SINCE MAR 1    719                       972   -253      707
  SINCE JUL 1   3489                      4611  -1122     3779

 COOLING
  TODAY            0                         1     -1        0
  MONTH TO DATE    0                         6     -6        7
  SINCE MAR 1     73                        26     47       33
  SINCE JAN 1     76                        26     50       33
..................................................................


WIND (MPH)
  HIGHEST WIND SPEED    12   HIGHEST WIND DIRECTION    NW (320)
  HIGHEST GUST SPEED    18   HIGHEST GUST DIRECTION    SW (220)
  AVERAGE WIND SPEED     5.8


SKY COVER
  POSSIBLE SUNSHINE  MM
  AVERAGE SKY COVER 0.6


WEATHER CONDITIONS
 THE FOLLOWING WEATHER WAS RECORDED TODAY.
  LIGHT RAIN


RELATIVE HUMIDITY (PERCENT)
 HIGHEST    89           300 AM
 LOWEST     57           200 PM
 AVERAGE    73

..........................................................


THE FRANKFORT KY CLIMATE NORMALS FOR TOMORROW
                         NORMAL    RECORD    YEAR
 MAXIMUM TEMPERATURE (F)   73        91      1940
                                             1934
 MINIMUM TEMPERATURE (F)   50        32      1974


SUNRISE AND SUNSET
MAY  6 2017...........SUNRISE   637 AM EDT   SUNSET   836 PM EDT
MAY  7 2017...........SUNRISE   636 AM EDT   SUNSET   837 PM EDT


-  INDICATES NEGATIVE NUMBERS.
R  INDICATES RECORD WAS SET OR TIED.
MM INDICATES DATA IS MISSING.
T  INDICATES TRACE AMOUNT.




$$
