000
CDUS43 KLMK 130626
CLIFFT


CLIMATE REPORT
NATIONAL WEATHER SERVICE LOUISVILLE KY
226 AM EDT TUE JUN 13 2017


...................................

...THE FRANKFORT KY CLIMATE SUMMARY FOR JUNE 12 2017...

CLIMATE NORMAL PERIOD 1981 TO 2010
CLIMATE RECORD PERIOD 1895 TO 2017


WEATHER ITEM   OBSERVED TIME   RECORD YEAR NORMAL DEPARTURE LAST
                VALUE   (LST)  VALUE       VALUE  FROM      YEAR
                                                  NORMAL
..................................................................
TEMPERATURE (F)
 YESTERDAY
  MAXIMUM         92    208 PM  97    1931  83      9       93
  MINIMUM         68    548 AM  42    1972  61      7       68
  AVERAGE         80                        72      8       81

PRECIPITATION (IN)
  YESTERDAY        0.00          2.43 1965   0.14  -0.14     0.00
  MONTH TO DATE    0.50                      1.96  -1.46     1.51
  SINCE JUN 1      0.50                      1.96  -1.46     1.51
  SINCE JAN 1     20.98                     21.43  -0.45    21.17

SNOWFALL (IN)
  YESTERDAY       MM            MM      MM  MM     MM       MM
  MONTH TO DATE   MM                        MM     MM       MM
  SINCE JUN 1     MM                        MM     MM       MM
  SINCE JUL 1     MM                        MM     MM       MM
  SNOW DEPTH      MM

DEGREE DAYS
 HEATING
  YESTERDAY        0                         0      0        0
  MONTH TO DATE    1                         9     -8        1
  SINCE JUN 1      1                         9     -8        1
  SINCE JUL 1   3532                      4699  -1167     3874

 COOLING
  YESTERDAY       15                         7      8       16
  MONTH TO DATE   67                        72     -5       94
  SINCE JUN 1     67                        72     -5       94
  SINCE JAN 1    253                       171     82      209
..................................................................


WIND (MPH)
  HIGHEST WIND SPEED    18   HIGHEST WIND DIRECTION     S (200)
  HIGHEST GUST SPEED    23   HIGHEST GUST DIRECTION    SW (210)
  AVERAGE WIND SPEED     5.8


SKY COVER
  POSSIBLE SUNSHINE  MM
  AVERAGE SKY COVER 0.2


WEATHER CONDITIONS
 THE FOLLOWING WEATHER WAS RECORDED YESTERDAY.
  THUNDERSTORM


RELATIVE HUMIDITY (PERCENT)
 HIGHEST    79          1100 PM
 LOWEST     44           200 PM
 AVERAGE    62

..........................................................


THE FRANKFORT KY CLIMATE NORMALS FOR TODAY
                         NORMAL    RECORD    YEAR
 MAXIMUM TEMPERATURE (F)   83        95      1954
                                             1943
 MINIMUM TEMPERATURE (F)   61        43      1903


SUNRISE AND SUNSET
JUNE 13 2017..........SUNRISE   616 AM EDT   SUNSET   904 PM EDT
JUNE 14 2017..........SUNRISE   616 AM EDT   SUNSET   904 PM EDT


-  INDICATES NEGATIVE NUMBERS.
R  INDICATES RECORD WAS SET OR TIED.
MM INDICATES DATA IS MISSING.
T  INDICATES TRACE AMOUNT.




$$
