000
CDUS43 KLMK 102132
CLIFFT


CLIMATE REPORT
NATIONAL WEATHER SERVICE LOUISVILLE KY
431 PM EST MON NOV 10 2014


...................................

...THE FRANKFORT KY CLIMATE SUMMARY FOR NOVEMBER 10 2014...
VALID TODAY AS OF 0400 PM LOCAL TIME.

CLIMATE NORMAL PERIOD 1981 TO 2010
CLIMATE RECORD PERIOD 1895 TO 2014


WEATHER ITEM   OBSERVED TIME   RECORD YEAR NORMAL DEPARTURE LAST
                VALUE   (LST)  VALUE       VALUE  FROM      YEAR
                                                  NORMAL
..................................................................
TEMPERATURE (F)
 TODAY
  MAXIMUM         65    255 PM  77    2002  59      6       55
                                      1975
  MINIMUM         33    728 AM  17    1991  38     -5       30
  AVERAGE         49                        48      1       43

PRECIPITATION (IN)
  TODAY            0.00          1.51 2002   0.11  -0.11     0.00
  MONTH TO DATE    0.41                      1.18  -0.77     0.38
  SINCE SEP 1      7.85                      7.75   0.10     7.87
  SINCE JAN 1     41.14                     39.06   2.08    42.93

SNOWFALL (IN)
  TODAY           MM            MM      MM  MM     MM       MM
  MONTH TO DATE   MM                        MM     MM       MM
  SINCE SEP 1     MM                        MM     MM       MM
  SINCE JUL 1     MM                        MM     MM       MM
  SNOW DEPTH      MM

DEGREE DAYS
 HEATING
  TODAY           16                        17     -1       22
  MONTH TO DATE  196                       152     44      165
  SINCE SEP 1    545                       492     53      500
  SINCE JUL 1    548                       493     55      504

 COOLING
  TODAY            0                         0      0        0
  MONTH TO DATE    0                         0      0        0
  SINCE SEP 1    144                       152     -8      191
  SINCE JAN 1   1070                      1154    -84     1127
..................................................................


WIND (MPH)
  HIGHEST WIND SPEED    18   HIGHEST WIND DIRECTION     S (180)
  HIGHEST GUST SPEED    23   HIGHEST GUST DIRECTION     S (180)
  AVERAGE WIND SPEED     5.8


SKY COVER
  POSSIBLE SUNSHINE  MM
  AVERAGE SKY COVER 0.0


WEATHER CONDITIONS
 THE FOLLOWING WEATHER WAS RECORDED TODAY.
  NO SIGNIFICANT WEATHER WAS OBSERVED.


RELATIVE HUMIDITY (PERCENT)
 HIGHEST    82           500 AM
 LOWEST     24           400 PM
 AVERAGE    53

..........................................................


THE FRANKFORT KY CLIMATE NORMALS FOR TOMORROW
                         NORMAL    RECORD    YEAR
 MAXIMUM TEMPERATURE (F)   59        77      1982
                                             1915
 MINIMUM TEMPERATURE (F)   37        17      1957


SUNRISE AND SUNSET
NOVEMBER 10 2014......SUNRISE   715 AM EST   SUNSET   531 PM EST
NOVEMBER 11 2014......SUNRISE   716 AM EST   SUNSET   531 PM EST


-  INDICATES NEGATIVE NUMBERS.
R  INDICATES RECORD WAS SET OR TIED.
MM INDICATES DATA IS MISSING.
T  INDICATES TRACE AMOUNT.




$$
