000
CDUS43 KLMK 312135
CLIFFT


CLIMATE REPORT
NATIONAL WEATHER SERVICE LOUISVILLE KY
434 PM EST SUN JAN 31 2016


...................................

...THE FRANKFORT KY CLIMATE SUMMARY FOR JANUARY 31 2016...
VALID TODAY AS OF 0400 PM LOCAL TIME.

CLIMATE NORMAL PERIOD 1981 TO 2010
CLIMATE RECORD PERIOD 1895 TO 2016


WEATHER ITEM   OBSERVED TIME   RECORD YEAR NORMAL DEPARTURE LAST
                VALUE   (LST)  VALUE       VALUE  FROM      YEAR
                                                  NORMAL
..................................................................
TEMPERATURE (F)
 TODAY
  MAXIMUM         67    242 PM  74    1916  43     24       42
  MINIMUM         53    602 AM  -8    1966  24     29       15
  AVERAGE         60                        34     26       29

PRECIPITATION (IN)
  TODAY            0.00          1.40 1915   0.11  -0.11     0.00
  MONTH TO DATE    1.42                      3.26  -1.84     1.46
  SINCE DEC 1      7.68                      7.27   0.41     4.61
  SINCE JAN 1      1.42                      3.26  -1.84     1.46

SNOWFALL (IN)
  TODAY           MM            MM      MM  MM     MM       MM
  MONTH TO DATE   MM                        MM     MM       MM
  SINCE DEC 1     MM                        MM     MM       MM
  SINCE JUL 1     MM                        MM     MM       MM
  SNOW DEPTH      MM

DEGREE DAYS
 HEATING
  TODAY            5                        31    -26       36
  MONTH TO DATE 1030                      1009     21     1057
  SINCE DEC 1   1560                      1927   -367     1875
  SINCE JUL 1   2294                      2838   -544     3003

 COOLING
  TODAY            0                         0      0        0
  MONTH TO DATE    0                         0      0        0
  SINCE DEC 1      1                         0      1        0
  SINCE JAN 1      0                         0      0        0
..................................................................


WIND (MPH)
  HIGHEST WIND SPEED    30   HIGHEST WIND DIRECTION    SW (210)
  HIGHEST GUST SPEED    41   HIGHEST GUST DIRECTION    SW (220)
  AVERAGE WIND SPEED    17.2


SKY COVER
  POSSIBLE SUNSHINE  MM
  AVERAGE SKY COVER 0.6


WEATHER CONDITIONS
 THE FOLLOWING WEATHER WAS RECORDED TODAY.
  NO SIGNIFICANT WEATHER WAS OBSERVED.


RELATIVE HUMIDITY (PERCENT)
 HIGHEST    72           800 AM
 LOWEST     40          1200 AM
 AVERAGE    56

..........................................................


THE FRANKFORT KY CLIMATE NORMALS FOR TOMORROW
                         NORMAL    RECORD    YEAR
 MAXIMUM TEMPERATURE (F)   43        74      1915
 MINIMUM TEMPERATURE (F)   24        -7      1965


SUNRISE AND SUNSET
JANUARY 31 2016.......SUNRISE   746 AM EST   SUNSET   601 PM EST
FEBRUARY  1 2016......SUNRISE   745 AM EST   SUNSET   602 PM EST


-  INDICATES NEGATIVE NUMBERS.
R  INDICATES RECORD WAS SET OR TIED.
MM INDICATES DATA IS MISSING.
T  INDICATES TRACE AMOUNT.




$$
