000
CDUS43 KLMK 030639
CLIFFT


CLIMATE REPORT
NATIONAL WEATHER SERVICE LOUISVILLE KY
139 AM EST FRI FEB 3 2017


...................................

...THE FRANKFORT KY CLIMATE SUMMARY FOR FEBRUARY 2 2017...

CLIMATE NORMAL PERIOD 1981 TO 2010
CLIMATE RECORD PERIOD 1895 TO 2017


WEATHER ITEM   OBSERVED TIME   RECORD YEAR NORMAL DEPARTURE LAST
                VALUE   (LST)  VALUE       VALUE  FROM      YEAR
                                                  NORMAL
..................................................................
TEMPERATURE (F)
 YESTERDAY
  MAXIMUM         41    249 PM  70    2016  43     -2       70
  MINIMUM         26   1111 PM  -4    1980  25      1       35
  AVERAGE         34                        34      0       53

PRECIPITATION (IN)
  YESTERDAY        0.00          1.90 1988   0.11  -0.11     0.35
  MONTH TO DATE    0.00                      0.22  -0.22     0.58
  SINCE DEC 1      9.41                      7.49   1.92     8.29
  SINCE JAN 1      3.94                      3.48   0.46     2.03

SNOWFALL (IN)
  YESTERDAY       MM            MM      MM  MM     MM       MM
  MONTH TO DATE   MM                        MM     MM       MM
  SINCE DEC 1     MM                        MM     MM       MM
  SINCE JUL 1     MM                        MM     MM       MM
  SNOW DEPTH      MM

DEGREE DAYS
 HEATING
  YESTERDAY       31                        31      0       12
  MONTH TO DATE   51                        62    -11       30
  SINCE DEC 1   1684                      1989   -305     1590
  SINCE JUL 1   2302                      2900   -598     2324

 COOLING
  YESTERDAY        0                         0      0        0
  MONTH TO DATE    0                         0      0        0
  SINCE DEC 1      0                         0      0        1
  SINCE JAN 1      0                         0      0        0
..................................................................


WIND (MPH)
  HIGHEST WIND SPEED    13   HIGHEST WIND DIRECTION    NW (310)
  HIGHEST GUST SPEED    17   HIGHEST GUST DIRECTION    NW (310)
  AVERAGE WIND SPEED     4.3


SKY COVER
  POSSIBLE SUNSHINE  MM
  AVERAGE SKY COVER 0.0


WEATHER CONDITIONS
 THE FOLLOWING WEATHER WAS RECORDED YESTERDAY.
  NO SIGNIFICANT WEATHER WAS OBSERVED.


RELATIVE HUMIDITY (PERCENT)
 HIGHEST    72           400 AM
 LOWEST     27           200 PM
 AVERAGE    50

..........................................................


THE FRANKFORT KY CLIMATE NORMALS FOR TODAY
                         NORMAL    RECORD    YEAR
 MAXIMUM TEMPERATURE (F)   44        66      1924
 MINIMUM TEMPERATURE (F)   25       -11      1951


SUNRISE AND SUNSET
FEBRUARY  3 2017......SUNRISE   742 AM EST   SUNSET   605 PM EST
FEBRUARY  4 2017......SUNRISE   741 AM EST   SUNSET   606 PM EST


-  INDICATES NEGATIVE NUMBERS.
R  INDICATES RECORD WAS SET OR TIED.
MM INDICATES DATA IS MISSING.
T  INDICATES TRACE AMOUNT.




$$
