000
CDUS43 KLMK 090627
CLIFFT


CLIMATE REPORT
NATIONAL WEATHER SERVICE LOUISVILLE KY
226 AM EDT FRI JUN 9 2017


...................................

...THE FRANKFORT KY CLIMATE SUMMARY FOR JUNE 8 2017...

CLIMATE NORMAL PERIOD 1981 TO 2010
CLIMATE RECORD PERIOD 1895 TO 2017


WEATHER ITEM   OBSERVED TIME   RECORD YEAR NORMAL DEPARTURE LAST
                VALUE   (LST)  VALUE       VALUE  FROM      YEAR
                                                  NORMAL
..................................................................
TEMPERATURE (F)
 YESTERDAY
  MAXIMUM         75    545 PM 100    1933  82     -7       76
  MINIMUM         54    611 AM  44    2000  60     -6       51
                                      1998
  AVERAGE         65                        71     -6       64

PRECIPITATION (IN)
  YESTERDAY        0.00          1.50 1979   0.17  -0.17     0.00
  MONTH TO DATE    0.50                      1.36  -0.86     1.51
  SINCE JUN 1      0.50                      1.36  -0.86     1.51
  SINCE JAN 1     20.98                     20.83   0.15    21.17

SNOWFALL (IN)
  YESTERDAY       MM            MM      MM  MM     MM       MM
  MONTH TO DATE   MM                        MM     MM       MM
  SINCE JUN 1     MM                        MM     MM       MM
  SINCE JUL 1     MM                        MM     MM       MM
  SNOW DEPTH      MM

DEGREE DAYS
 HEATING
  YESTERDAY        0                         1     -1        1
  MONTH TO DATE    1                         8     -7        1
  SINCE JUN 1      1                         8     -7        1
  SINCE JUL 1   3532                      4698  -1166     3874

 COOLING
  YESTERDAY        0                         6     -6        0
  MONTH TO DATE   33                        44    -11       57
  SINCE JUN 1     33                        44    -11       57
  SINCE JAN 1    219                       143     76      172
..................................................................


WIND (MPH)
  HIGHEST WIND SPEED    10   HIGHEST WIND DIRECTION     N (350)
  HIGHEST GUST SPEED    14   HIGHEST GUST DIRECTION    NE (40)
  AVERAGE WIND SPEED     3.8


SKY COVER
  POSSIBLE SUNSHINE  MM
  AVERAGE SKY COVER 0.4


WEATHER CONDITIONS
 THE FOLLOWING WEATHER WAS RECORDED YESTERDAY.
  NO SIGNIFICANT WEATHER WAS OBSERVED.


RELATIVE HUMIDITY (PERCENT)
 HIGHEST    83           400 AM
 LOWEST     41           600 PM
 AVERAGE    62

..........................................................


THE FRANKFORT KY CLIMATE NORMALS FOR TODAY
                         NORMAL    RECORD    YEAR
 MAXIMUM TEMPERATURE (F)   82        97      1933
 MINIMUM TEMPERATURE (F)   60        43      1931


SUNRISE AND SUNSET
JUNE  9 2017..........SUNRISE   616 AM EDT   SUNSET   902 PM EDT
JUNE 10 2017..........SUNRISE   616 AM EDT   SUNSET   902 PM EDT


-  INDICATES NEGATIVE NUMBERS.
R  INDICATES RECORD WAS SET OR TIED.
MM INDICATES DATA IS MISSING.
T  INDICATES TRACE AMOUNT.




$$
