000
CDUS43 KLMK 102027
CLIFFT


CLIMATE REPORT
NATIONAL WEATHER SERVICE LOUISVILLE KY
426 PM EDT MON APR 10 2017


...................................

...THE FRANKFORT KY CLIMATE SUMMARY FOR APRIL 10 2017...
VALID TODAY AS OF 0400 PM LOCAL TIME.

CLIMATE NORMAL PERIOD 1981 TO 2010
CLIMATE RECORD PERIOD 1895 TO 2017


WEATHER ITEM   OBSERVED TIME   RECORD YEAR NORMAL DEPARTURE LAST
                VALUE   (LST)  VALUE       VALUE  FROM      YEAR
                                                  NORMAL
..................................................................
TEMPERATURE (F)
 TODAY
  MAXIMUM         81    152 PM  84    2011  65     16       63
                                      2001
                                      1919
  MINIMUM         62   1216 AM  23    1997  42     20       30
                                      1960
  AVERAGE         72                        54     18       47

PRECIPITATION (IN)
  TODAY            0.00          1.85 1943   0.12  -0.12     0.02
  MONTH TO DATE    0.72                      1.14  -0.42     0.24
  SINCE MAR 1      5.81                      5.52   0.29     6.32
  SINCE JAN 1     11.91                     12.07  -0.16    12.34

SNOWFALL (IN)
  TODAY           MM            MM      MM  MM     MM       MM
  MONTH TO DATE   MM                        MM     MM       MM
  SINCE MAR 1     MM                        MM     MM       MM
  SINCE JUL 1     MM                        MM     MM       MM
  SNOW DEPTH      MM

DEGREE DAYS
 HEATING
  TODAY            0                        12    -12       18
  MONTH TO DATE   89                       135    -46      180
  SINCE MAR 1    622                       760   -138      590
  SINCE JUL 1   3392                      4399  -1007     3662

 COOLING
  TODAY            7                         1      6        0
  MONTH TO DATE    8                         2      6        0
  SINCE MAR 1     14                         4     10        1
  SINCE JAN 1     17                         4     13        1
..................................................................


WIND (MPH)
  HIGHEST WIND SPEED    29   HIGHEST WIND DIRECTION    SW (230)
  HIGHEST GUST SPEED    41   HIGHEST GUST DIRECTION    SW (230)
  AVERAGE WIND SPEED    14.1


SKY COVER
  POSSIBLE SUNSHINE  MM
  AVERAGE SKY COVER 0.0


WEATHER CONDITIONS
 THE FOLLOWING WEATHER WAS RECORDED TODAY.
  NO SIGNIFICANT WEATHER WAS OBSERVED.


RELATIVE HUMIDITY (PERCENT)
 HIGHEST    37           800 AM
 LOWEST     23           100 PM
 AVERAGE    30

..........................................................


THE FRANKFORT KY CLIMATE NORMALS FOR TOMORROW
                         NORMAL    RECORD    YEAR
 MAXIMUM TEMPERATURE (F)   66        88      1930
 MINIMUM TEMPERATURE (F)   42        24      1996
                                             1989
                                             1960


SUNRISE AND SUNSET
APRIL 10 2017.........SUNRISE   711 AM EDT   SUNSET   811 PM EDT
APRIL 11 2017.........SUNRISE   709 AM EDT   SUNSET   812 PM EDT


-  INDICATES NEGATIVE NUMBERS.
R  INDICATES RECORD WAS SET OR TIED.
MM INDICATES DATA IS MISSING.
T  INDICATES TRACE AMOUNT.




$$
