000
CDUS43 KLMK 290626
CLIFFT


CLIMATE REPORT
NATIONAL WEATHER SERVICE LOUISVILLE KY
226 AM EDT FRI SEP 29 2017


...................................

...THE FRANKFORT KY CLIMATE SUMMARY FOR SEPTEMBER 28 2017...

CLIMATE NORMAL PERIOD 1981 TO 2010
CLIMATE RECORD PERIOD 1895 TO 2017


WEATHER ITEM   OBSERVED TIME   RECORD YEAR NORMAL DEPARTURE LAST
                VALUE   (LST)  VALUE       VALUE  FROM      YEAR
                                                  NORMAL
..................................................................
TEMPERATURE (F)
 YESTERDAY
  MAXIMUM         77    317 PM  95    1939  75      2       75
  MINIMUM         55   1154 PM  31    1942  50      5       53
  AVERAGE         66                        63      3       64

PRECIPITATION (IN)
  YESTERDAY        0.00          3.40 1996   0.12  -0.12     0.55
  MONTH TO DATE    4.96                      3.08   1.88     1.67
  SINCE SEP 1      4.96                      3.08   1.88     1.67
  SINCE JAN 1     38.68                     34.39   4.29    37.72

SNOWFALL (IN)
  YESTERDAY       MM            MM      MM  MM     MM       MM
  MONTH TO DATE   MM                        MM     MM       MM
  SINCE SEP 1     MM                        MM     MM       MM
  SINCE JUL 1     MM                        MM     MM       MM
  SNOW DEPTH      MM

DEGREE DAYS
 HEATING
  YESTERDAY        0                         4     -4        1
  MONTH TO DATE   29                        42    -13        6
  SINCE SEP 1     29                        42    -13        6
  SINCE JUL 1     29                        43    -14        6

 COOLING
  YESTERDAY        1                         2     -1        0
  MONTH TO DATE  142                       128     14      262
  SINCE SEP 1    142                       128     14      262
  SINCE JAN 1   1229                      1130     99     1553
..................................................................


WIND (MPH)
  HIGHEST WIND SPEED    13   HIGHEST WIND DIRECTION     N (10)
  HIGHEST GUST SPEED    18   HIGHEST GUST DIRECTION     N (10)
  AVERAGE WIND SPEED     5.8


SKY COVER
  POSSIBLE SUNSHINE  MM
  AVERAGE SKY COVER 0.1


WEATHER CONDITIONS
 THE FOLLOWING WEATHER WAS RECORDED YESTERDAY.
  NO SIGNIFICANT WEATHER WAS OBSERVED.


RELATIVE HUMIDITY (PERCENT)
 HIGHEST    78           800 PM
 LOWEST     43           300 PM
 AVERAGE    61

..........................................................


THE FRANKFORT KY CLIMATE NORMALS FOR TODAY
                         NORMAL    RECORD    YEAR
 MAXIMUM TEMPERATURE (F)   74        92      1953
 MINIMUM TEMPERATURE (F)   50        30      1942


SUNRISE AND SUNSET
SEPTEMBER 29 2017.....SUNRISE   734 AM EDT   SUNSET   725 PM EDT
SEPTEMBER 30 2017.....SUNRISE   735 AM EDT   SUNSET   724 PM EDT


-  INDICATES NEGATIVE NUMBERS.
R  INDICATES RECORD WAS SET OR TIED.
MM INDICATES DATA IS MISSING.
T  INDICATES TRACE AMOUNT.




$$
