000
CDUS43 KLMK 192038
CLIFFT


CLIMATE REPORT
NATIONAL WEATHER SERVICE LOUISVILLE KY
438 PM EDT THU MAY 19 2016


...................................

...THE FRANKFORT KY CLIMATE SUMMARY FOR MAY 19 2016...
VALID TODAY AS OF 0400 PM LOCAL TIME.

CLIMATE NORMAL PERIOD 1981 TO 2010
CLIMATE RECORD PERIOD 1895 TO 2016


WEATHER ITEM   OBSERVED TIME   RECORD YEAR NORMAL DEPARTURE LAST
                VALUE   (LST)  VALUE       VALUE  FROM      YEAR
                                                  NORMAL
..................................................................
TEMPERATURE (F)
 TODAY
  MAXIMUM         71    239 PM  94    1962  76     -5       75
  MINIMUM         44    534 AM  32    2002  53     -9       57
  AVERAGE         58                        65     -7       66

PRECIPITATION (IN)
  TODAY            0.00          1.86 2005   0.15  -0.15     0.00
  MONTH TO DATE    3.25                      3.04   0.21     0.65
  SINCE MAR 1     12.40                     11.11   1.29    19.57
  SINCE JAN 1     18.42                     17.66   0.76    23.13

SNOWFALL (IN)
  TODAY           MM            MM      MM  MM     MM       MM
  MONTH TO DATE   MM                        MM     MM       MM
  SINCE MAR 1     MM                        MM     MM       MM
  SINCE JUL 1     MM                        MM     MM       MM
  SNOW DEPTH      MM

DEGREE DAYS
 HEATING
  TODAY            7                         3      4        0
  MONTH TO DATE  117                        86     31       31
  SINCE MAR 1    783                      1025   -242      976
  SINCE JUL 1   3855                      4664   -809     5096

 COOLING
  TODAY            0                         3     -3        1
  MONTH TO DATE   22                        34    -12       85
  SINCE MAR 1     48                        54     -6       93
  SINCE JAN 1     48                        54     -6       93
..................................................................


WIND (MPH)
  HIGHEST WIND SPEED    14   HIGHEST WIND DIRECTION     E (90)
  HIGHEST GUST SPEED    19   HIGHEST GUST DIRECTION     E (100)
  AVERAGE WIND SPEED     4.7


SKY COVER
  POSSIBLE SUNSHINE  MM
  AVERAGE SKY COVER 0.2


WEATHER CONDITIONS
 THE FOLLOWING WEATHER WAS RECORDED TODAY.
  NO SIGNIFICANT WEATHER WAS OBSERVED.


RELATIVE HUMIDITY (PERCENT)
 HIGHEST    86           400 AM
 LOWEST     45          1200 PM
 AVERAGE    66

..........................................................


THE FRANKFORT KY CLIMATE NORMALS FOR TOMORROW
                         NORMAL    RECORD    YEAR
 MAXIMUM TEMPERATURE (F)   77        92      1964
                                             1962
                                             1941
 MINIMUM TEMPERATURE (F)   54        38      1984


SUNRISE AND SUNSET
MAY 19 2016...........SUNRISE   625 AM EDT   SUNSET   847 PM EDT
MAY 20 2016...........SUNRISE   624 AM EDT   SUNSET   848 PM EDT


-  INDICATES NEGATIVE NUMBERS.
R  INDICATES RECORD WAS SET OR TIED.
MM INDICATES DATA IS MISSING.
T  INDICATES TRACE AMOUNT.




$$
