000
CDUS43 KLMK 172032 RRA
CLIFFT

CLIMATE REPORT
NATIONAL WEATHER SERVICE LOUISVILLE KY
426 PM EDT MON AUG 17 2015


...................................

...THE FRANKFORT KY CLIMATE SUMMARY FOR AUGUST 17 2015...
VALID TODAY AS OF 0400 PM LOCAL TIME.

CLIMATE NORMAL PERIOD 1981 TO 2010
CLIMATE RECORD PERIOD 1895 TO 2015


WEATHER ITEM   OBSERVED TIME   RECORD YEAR NORMAL DEPARTURE LAST
                VALUE   (LST)  VALUE       VALUE  FROM      YEAR
                                                  NORMAL
..................................................................
TEMPERATURE (F)
 TODAY
  MAXIMUM         78   1153 AM 100    1965  87     -9       74
                                      1940
  MINIMUM         69    624 AM  52    1994  64      5       68
                                      1963
  AVERAGE         74                        75     -1       71

PRECIPITATION (IN)
  TODAY            0.01          1.31 1944   0.12  -0.11     0.79
  MONTH TO DATE    2.26                      1.75   0.51     1.82
  SINCE JUN 1     19.49                     10.23   9.26     8.77
  SINCE JAN 1     42.89                     29.70  13.19    29.55

SNOWFALL (IN)
  TODAY            0.0          MM      MM  MM     MM       MM
  MONTH TO DATE    0.0                      MM     MM       MM
  SINCE JUN 1      0.0                      MM     MM       MM
  SINCE JUL 1      0.0                      MM     MM       MM
  SNOW DEPTH       0

DEGREE DAYS
 HEATING
  TODAY            0                         0      0        0
  MONTH TO DATE    0                         0      0        0
  SINCE JUN 1     16                        10      6        6
  SINCE JUL 1      0                         0      0        3

 COOLING
  TODAY            9                        10     -1        6
  MONTH TO DATE  154                       186    -32      129
  SINCE JUN 1    798                       772     26      619
  SINCE JAN 1    953                       871     82      741
..................................................................


WIND (MPH)
  HIGHEST WIND SPEED    12   HIGHEST WIND DIRECTION     S (200)
  HIGHEST GUST SPEED    14   HIGHEST GUST DIRECTION    SW (210)
  AVERAGE WIND SPEED     2.5


SKY COVER
  POSSIBLE SUNSHINE  MM
  AVERAGE SKY COVER 0.4


WEATHER CONDITIONS
 THE FOLLOWING WEATHER WAS RECORDED TODAY.
  LIGHT RAIN


RELATIVE HUMIDITY (PERCENT)
 HIGHEST    90           200 AM
 LOWEST     74          1100 AM
 AVERAGE    82

..........................................................


THE FRANKFORT KY CLIMATE NORMALS FOR TOMORROW
                         NORMAL    RECORD    YEAR
 MAXIMUM TEMPERATURE (F)   87        99      1988
 MINIMUM TEMPERATURE (F)   64        52      1976
                                             1943


SUNRISE AND SUNSET
AUGUST 17 2015........SUNRISE   656 AM EDT   SUNSET   831 PM EDT
AUGUST 18 2015........SUNRISE   657 AM EDT   SUNSET   829 PM EDT


-  INDICATES NEGATIVE NUMBERS.
R  INDICATES RECORD WAS SET OR TIED.
MM INDICATES DATA IS MISSING.
T  INDICATES TRACE AMOUNT.




$$
