000
CDUS43 KLMK 160635
CLIFFT


CLIMATE REPORT
NATIONAL WEATHER SERVICE LOUISVILLE KY
234 AM EDT SAT AUG 16 2014


...................................

...THE FRANKFORT KY CLIMATE SUMMARY FOR AUGUST 15 2014...

CLIMATE NORMAL PERIOD 1981 TO 2010
CLIMATE RECORD PERIOD 1895 TO 2014


WEATHER ITEM   OBSERVED TIME   RECORD YEAR NORMAL DEPARTURE LAST
                VALUE   (LST)  VALUE       VALUE  FROM      YEAR
                                                  NORMAL
..................................................................
TEMPERATURE (F)
 YESTERDAY
  MAXIMUM         81    337 PM 101    2007  87     -6       76
  MINIMUM         58   1157 PM  49    2013  64     -6       49
                                      1964
  AVERAGE         70                        76     -6       63

PRECIPITATION (IN)
  YESTERDAY        0.00          2.00 1916   0.09  -0.09     0.00
  MONTH TO DATE    1.02                      1.52  -0.50     1.23
  SINCE JUN 1      7.97                     10.00  -2.03    15.46
  SINCE JAN 1     28.75                     29.47  -0.72    34.13

SNOWFALL (IN)
  YESTERDAY        0.0          MM      MM  MM     MM       MM
  MONTH TO DATE    0.0                      MM     MM       MM
  SINCE JUN 1      0.0                      MM     MM       MM
  SINCE JUL 1      0.0                      MM     MM       MM
  SNOW DEPTH      MM

DEGREE DAYS
 HEATING
  YESTERDAY        0                         0      0        2
  MONTH TO DATE    0                         0      0        3
  SINCE JUN 1      6                        10     -4        6
  SINCE JUL 1      3                         0      3        4

 COOLING
  YESTERDAY        5                        11     -6        0
  MONTH TO DATE  119                       165    -46      119
  SINCE JUN 1    609                       751   -142      644
  SINCE JAN 1    731                       850   -119      763
..................................................................


WIND (MPH)
  HIGHEST WIND SPEED    13   HIGHEST WIND DIRECTION    NW (320)
  HIGHEST GUST SPEED    17   HIGHEST GUST DIRECTION     N (340)
  AVERAGE WIND SPEED     3.3


SKY COVER
  POSSIBLE SUNSHINE  MM
  AVERAGE SKY COVER 0.1


WEATHER CONDITIONS
 THE FOLLOWING WEATHER WAS RECORDED YESTERDAY.
  FOG


RELATIVE HUMIDITY (PERCENT)
 HIGHEST   100          1200 AM
 LOWEST     30           400 PM
 AVERAGE    65

..........................................................


THE FRANKFORT KY CLIMATE NORMALS FOR TODAY
                         NORMAL    RECORD    YEAR
 MAXIMUM TEMPERATURE (F)   87       103      2007
 MINIMUM TEMPERATURE (F)   64        49      1929


SUNRISE AND SUNSET
AUGUST 16 2014........SUNRISE   655 AM EDT   SUNSET   832 PM EDT
AUGUST 17 2014........SUNRISE   656 AM EDT   SUNSET   830 PM EDT


-  INDICATES NEGATIVE NUMBERS.
R  INDICATES RECORD WAS SET OR TIED.
MM INDICATES DATA IS MISSING.
T  INDICATES TRACE AMOUNT.




$$
