000
CDUS43 KLMK 110628
CLIFFT


CLIMATE REPORT
NATIONAL WEATHER SERVICE LOUISVILLE KY
127 AM EST SAT MAR 11 2017


...................................

...THE FRANKFORT KY CLIMATE SUMMARY FOR MARCH 10 2017...

CLIMATE NORMAL PERIOD 1981 TO 2010
CLIMATE RECORD PERIOD 1895 TO 2017


WEATHER ITEM   OBSERVED TIME   RECORD YEAR NORMAL DEPARTURE LAST
                VALUE   (LST)  VALUE       VALUE  FROM      YEAR
                                                  NORMAL
..................................................................
TEMPERATURE (F)
 YESTERDAY
  MAXIMUM         56   1205 AM  78    1974  54      2       70
  MINIMUM         34   1159 PM  10    1984  32      2       56
  AVERAGE         45                        43      2       63

PRECIPITATION (IN)
  YESTERDAY        0.00          3.98 1964   0.12  -0.12     1.67
  MONTH TO DATE    2.42                      1.24   1.18     2.56
  SINCE MAR 1      2.42                      1.24   1.18     2.56
  SINCE JAN 1      8.52                      7.79   0.73     8.58

SNOWFALL (IN)
  YESTERDAY       MM            MM      MM  MM     MM       MM
  MONTH TO DATE   MM                        MM     MM       MM
  SINCE MAR 1     MM                        MM     MM       MM
  SINCE JUL 1     MM                        MM     MM       MM
  SNOW DEPTH      MM

DEGREE DAYS
 HEATING
  YESTERDAY       20                        22     -2        2
  MONTH TO DATE  169                       236    -67      183
  SINCE MAR 1    169                       236    -67      183
  SINCE JUL 1   2939                      3875   -936     3255

 COOLING
  YESTERDAY        0                         0      0        0
  MONTH TO DATE    0                         0      0        0
  SINCE MAR 1      0                         0      0        0
  SINCE JAN 1      3                         0      3        0
..................................................................


WIND (MPH)
  HIGHEST WIND SPEED    22   HIGHEST WIND DIRECTION     N (340)
  HIGHEST GUST SPEED    27   HIGHEST GUST DIRECTION     N (340)
  AVERAGE WIND SPEED    10.4


SKY COVER
  POSSIBLE SUNSHINE  MM
  AVERAGE SKY COVER 0.4


WEATHER CONDITIONS
 THE FOLLOWING WEATHER WAS RECORDED YESTERDAY.
  HAZE


RELATIVE HUMIDITY (PERCENT)
 HIGHEST    67           600 AM
 LOWEST     25          1200 PM
 AVERAGE    46

..........................................................


THE FRANKFORT KY CLIMATE NORMALS FOR TODAY
                         NORMAL    RECORD    YEAR
 MAXIMUM TEMPERATURE (F)   54        77      1973
 MINIMUM TEMPERATURE (F)   32        12      1996


SUNRISE AND SUNSET
MARCH 11 2017.........SUNRISE   656 AM EST   SUNSET   643 PM EST
MARCH 12 2017.........SUNRISE   755 AM EDT   SUNSET   744 PM EDT


-  INDICATES NEGATIVE NUMBERS.
R  INDICATES RECORD WAS SET OR TIED.
MM INDICATES DATA IS MISSING.
T  INDICATES TRACE AMOUNT.




$$
