000
CDUS43 KLMK 192128
CLIFFT


CLIMATE REPORT
NATIONAL WEATHER SERVICE LOUISVILLE KY
428 PM EST MON JAN 19 2015


...................................

...THE FRANKFORT KY CLIMATE SUMMARY FOR JANUARY 19 2015...
VALID TODAY AS OF 0400 PM LOCAL TIME.

CLIMATE NORMAL PERIOD 1981 TO 2010
CLIMATE RECORD PERIOD 1895 TO 2015


WEATHER ITEM   OBSERVED TIME   RECORD YEAR NORMAL DEPARTURE LAST
                VALUE   (LST)  VALUE       VALUE  FROM      YEAR
                                                  NORMAL
..................................................................
TEMPERATURE (F)
 TODAY
  MAXIMUM         55    406 PM  73    1929  42     13       37
  MINIMUM         21    543 AM -27    1994  23     -2       28
  AVERAGE         38                        32      6       33

PRECIPITATION (IN)
  TODAY            0.00          1.23 1998   0.10  -0.10     0.00
  MONTH TO DATE    0.82                      2.15  -1.33     2.10
  SINCE DEC 1      3.97                      6.16  -2.19     7.04
  SINCE JAN 1      0.82                      2.15  -1.33     2.10

SNOWFALL (IN)
  TODAY           MM            MM      MM  MM     MM       MM
  MONTH TO DATE   MM                        MM     MM       MM
  SINCE DEC 1     MM                        MM     MM       MM
  SINCE JUL 1     MM                        MM     MM       MM
  SNOW DEPTH      MM

DEGREE DAYS
 HEATING
  TODAY           27                        33     -6       32
  MONTH TO DATE  675                       627     48      673
  SINCE DEC 1   1493                      1548    -55     1561
  SINCE JUL 1   2621                      2459    162     2604

 COOLING
  TODAY            0                         0      0        0
  MONTH TO DATE    0                         0      0        0
  SINCE DEC 1      0                         0      0        0
  SINCE JAN 1      0                         0      0        0
..................................................................


WIND (MPH)
  HIGHEST WIND SPEED    10   HIGHEST WIND DIRECTION    SW (230)
  HIGHEST GUST SPEED    11   HIGHEST GUST DIRECTION    SW (230)
  AVERAGE WIND SPEED     2.0


SKY COVER
  POSSIBLE SUNSHINE  MM
  AVERAGE SKY COVER 0.0


WEATHER CONDITIONS
 THE FOLLOWING WEATHER WAS RECORDED TODAY.
  NO SIGNIFICANT WEATHER WAS OBSERVED.


RELATIVE HUMIDITY (PERCENT)
 HIGHEST    88           400 AM
 LOWEST     35           300 PM
 AVERAGE    62

..........................................................


THE FRANKFORT KY CLIMATE NORMALS FOR TOMORROW
                         NORMAL    RECORD    YEAR
 MAXIMUM TEMPERATURE (F)   42        71      1906
 MINIMUM TEMPERATURE (F)   23       -27      1994


SUNRISE AND SUNSET
JANUARY 19 2015.......SUNRISE   753 AM EST   SUNSET   548 PM EST
JANUARY 20 2015.......SUNRISE   753 AM EST   SUNSET   549 PM EST


-  INDICATES NEGATIVE NUMBERS.
R  INDICATES RECORD WAS SET OR TIED.
MM INDICATES DATA IS MISSING.
T  INDICATES TRACE AMOUNT.




$$
