828
CDUS43 KLMK 092133
CLIFFT


CLIMATE REPORT
NATIONAL WEATHER SERVICE LOUISVILLE KY
433 PM EST FRI FEB 9 2018


...................................

...THE FRANKFORT KY CLIMATE SUMMARY FOR FEBRUARY 9 2018...
VALID TODAY AS OF 0400 PM LOCAL TIME.

CLIMATE NORMAL PERIOD 1981 TO 2010
CLIMATE RECORD PERIOD 1895 TO 2018


WEATHER ITEM   OBSERVED TIME   RECORD YEAR NORMAL DEPARTURE LAST
                VALUE   (LST)  VALUE       VALUE  FROM      YEAR
                                                  NORMAL
..................................................................
TEMPERATURE (F)
 TODAY
  MAXIMUM         59    425 PM  71    1925  45     14       33
  MINIMUM         25    240 AM -10    1899  26     -1       18
  AVERAGE         42                        35      7       26

PRECIPITATION (IN)
  TODAY            0.00          1.55 1950   0.10  -0.10     0.00
  MONTH TO DATE    1.23                      0.99   0.24     1.09
  SINCE DEC 1      4.64                      8.26  -3.62    10.50
  SINCE JAN 1      2.81                      4.25  -1.44     5.03

SNOWFALL (IN)
  TODAY           MM            MM      MM  MM     MM       MM
  MONTH TO DATE   MM                        MM     MM       MM
  SINCE DEC 1     MM                        MM     MM       MM
  SINCE JUL 1     MM                        MM     MM       MM
  SNOW DEPTH      MM

DEGREE DAYS
 HEATING
  TODAY           23                        30     -7       39
  MONTH TO DATE  308                       275     33      239
  SINCE DEC 1   2293                      2202     91     1872
  SINCE JUL 1   3101                      3113    -12     2490

 COOLING
  TODAY            0                         0      0        0
  MONTH TO DATE    0                         0      0        0
  SINCE DEC 1      0                         0      0        0
  SINCE JAN 1      0                         0      0        0
..................................................................


WIND (MPH)
  HIGHEST WIND SPEED    22   HIGHEST WIND DIRECTION    SW (220)
  HIGHEST GUST SPEED    30   HIGHEST GUST DIRECTION    SW (210)
  AVERAGE WIND SPEED     5.8


SKY COVER
  POSSIBLE SUNSHINE  MM
  AVERAGE SKY COVER 0.0


WEATHER CONDITIONS
 THE FOLLOWING WEATHER WAS RECORDED TODAY.
  NO SIGNIFICANT WEATHER WAS OBSERVED.


RELATIVE HUMIDITY (PERCENT)
 HIGHEST    81          1200 AM
 LOWEST     31           400 PM
 AVERAGE    56

..........................................................


THE FRANKFORT KY CLIMATE NORMALS FOR TOMORROW
                         NORMAL    RECORD    YEAR
 MAXIMUM TEMPERATURE (F)   45        80      1932
 MINIMUM TEMPERATURE (F)   26       -10      1899


SUNRISE AND SUNSET
FEBRUARY  9 2018......SUNRISE   737 AM EST   SUNSET   611 PM EST
FEBRUARY 10 2018......SUNRISE   735 AM EST   SUNSET   613 PM EST


-  INDICATES NEGATIVE NUMBERS.
R  INDICATES RECORD WAS SET OR TIED.
MM INDICATES DATA IS MISSING.
T  INDICATES TRACE AMOUNT.




$$
