000
CDUS43 KLMK 182032
CLIFFT


CLIMATE REPORT
NATIONAL WEATHER SERVICE LOUISVILLE KY
430 PM EDT WED MAR 18 2015


...................................

...THE FRANKFORT KY CLIMATE SUMMARY FOR MARCH 18 2015...
VALID TODAY AS OF 0400 PM LOCAL TIME.

CLIMATE NORMAL PERIOD 1981 TO 2010
CLIMATE RECORD PERIOD 1895 TO 2015


WEATHER ITEM   OBSERVED TIME   RECORD YEAR NORMAL DEPARTURE LAST
                VALUE   (LST)  VALUE       VALUE  FROM      YEAR
                                                  NORMAL
..................................................................
TEMPERATURE (F)
 TODAY
  MAXIMUM         46    259 PM  80    1908  57    -11       52
  MINIMUM         30    704 AM   9    1941  34     -4       35
  AVERAGE         38                        46     -8       44

PRECIPITATION (IN)
  TODAY            0.00          1.70 1896   0.16  -0.16     0.00
  MONTH TO DATE    7.10                      2.47   4.63     1.20
  SINCE MAR 1      7.10                      2.47   4.63     1.20
  SINCE JAN 1     10.66                      9.02   1.64     7.40

SNOWFALL (IN)
  TODAY           MM            MM      MM  MM     MM       MM
  MONTH TO DATE   MM                        MM     MM       MM
  SINCE MAR 1     MM                        MM     MM       MM
  SINCE JUL 1     MM                        MM     MM       MM
  SNOW DEPTH      MM

DEGREE DAYS
 HEATING
  TODAY           27                        20      7       21
  MONTH TO DATE  425                       403     22      466
  SINCE MAR 1    425                       403     22      466
  SINCE JUL 1   4545                      4042    503     4578

 COOLING
  TODAY            0                         0      0        0
  MONTH TO DATE    0                         0      0        0
  SINCE MAR 1      0                         0      0        0
  SINCE JAN 1      0                         0      0        0
..................................................................


WIND (MPH)
  HIGHEST WIND SPEED    16   HIGHEST WIND DIRECTION     E (90)
  HIGHEST GUST SPEED    21   HIGHEST GUST DIRECTION     E (90)
  AVERAGE WIND SPEED     8.3


SKY COVER
  POSSIBLE SUNSHINE  MM
  AVERAGE SKY COVER 0.0


WEATHER CONDITIONS
 THE FOLLOWING WEATHER WAS RECORDED TODAY.
  NO SIGNIFICANT WEATHER WAS OBSERVED.


RELATIVE HUMIDITY (PERCENT)
 HIGHEST    48          1200 AM
 LOWEST     23           300 PM
 AVERAGE    36

..........................................................


THE FRANKFORT KY CLIMATE NORMALS FOR TOMORROW
                         NORMAL    RECORD    YEAR
 MAXIMUM TEMPERATURE (F)   57        81      1948
                                             1921
                                             1907
 MINIMUM TEMPERATURE (F)   35        15      1967
                                             1959


SUNRISE AND SUNSET
MARCH 18 2015.........SUNRISE   747 AM EDT   SUNSET   749 PM EDT
MARCH 19 2015.........SUNRISE   745 AM EDT   SUNSET   750 PM EDT


-  INDICATES NEGATIVE NUMBERS.
R  INDICATES RECORD WAS SET OR TIED.
MM INDICATES DATA IS MISSING.
T  INDICATES TRACE AMOUNT.




$$
