000
CDUS43 KLMK 090627
CLIFFT


CLIMATE REPORT
NATIONAL WEATHER SERVICE LOUISVILLE KY
226 AM EDT SAT AUG 9 2014


...................................

...THE FRANKFORT KY CLIMATE SUMMARY FOR AUGUST 8 2014...

CLIMATE NORMAL PERIOD 1981 TO 2010
CLIMATE RECORD PERIOD 1895 TO 2014


WEATHER ITEM   OBSERVED TIME   RECORD YEAR NORMAL DEPARTURE LAST
                VALUE   (LST)  VALUE       VALUE  FROM      YEAR
                                                  NORMAL
..................................................................
TEMPERATURE (F)
 YESTERDAY
  MAXIMUM         74    442 PM 102    1930  87    -13       84
  MINIMUM         67    955 AM  50    1997  65      2       72
                                      1989
                                      1957
  AVERAGE         71                        76     -5       78

PRECIPITATION (IN)
  YESTERDAY        0.17          2.22 1942   0.10   0.07     0.04
  MONTH TO DATE    0.38                      0.83  -0.45     0.30
  SINCE JUN 1      7.33                      9.31  -1.98    14.53
  SINCE JAN 1     28.11                     28.78  -0.67    33.20

SNOWFALL (IN)
  YESTERDAY       MM            MM      MM  MM     MM       MM
  MONTH TO DATE   MM                        MM     MM       MM
  SINCE JUN 1     MM                        MM     MM       MM
  SINCE JUL 1     MM                        MM     MM       MM
  SNOW DEPTH      MM

DEGREE DAYS
 HEATING
  YESTERDAY        0                         0      0        0
  MONTH TO DATE    0                         0      0        0
  SINCE JUN 1      6                        10     -4        3
  SINCE JUL 1      3                         0      3        1

 COOLING
  YESTERDAY        6                        11     -5       13
  MONTH TO DATE   62                        88    -26       66
  SINCE JUN 1    552                       674   -122      591
  SINCE JAN 1    674                       773    -99      710
..................................................................


WIND (MPH)
  HIGHEST WIND SPEED    12   HIGHEST WIND DIRECTION     E (70)
  HIGHEST GUST SPEED    15   HIGHEST GUST DIRECTION     E (70)
  AVERAGE WIND SPEED     6.3


SKY COVER
  POSSIBLE SUNSHINE  MM
  AVERAGE SKY COVER 0.9


WEATHER CONDITIONS
 THE FOLLOWING WEATHER WAS RECORDED YESTERDAY.
  RAIN
  LIGHT RAIN
  FOG


RELATIVE HUMIDITY (PERCENT)
 HIGHEST    97           800 PM
 LOWEST     68          1200 AM
 AVERAGE    83

..........................................................


THE FRANKFORT KY CLIMATE NORMALS FOR TODAY
                         NORMAL    RECORD    YEAR
 MAXIMUM TEMPERATURE (F)   87        99      2007
                                             1983
                                             1930
 MINIMUM TEMPERATURE (F)   65        49      1989


SUNRISE AND SUNSET
AUGUST  9 2014........SUNRISE   649 AM EDT   SUNSET   840 PM EDT
AUGUST 10 2014........SUNRISE   650 AM EDT   SUNSET   839 PM EDT


-  INDICATES NEGATIVE NUMBERS.
R  INDICATES RECORD WAS SET OR TIED.
MM INDICATES DATA IS MISSING.
T  INDICATES TRACE AMOUNT.




$$
