000
CDUS43 KLMK 220629
CLIFFT


CLIMATE REPORT
NATIONAL WEATHER SERVICE LOUISVILLE KY
227 AM EDT WED JUL 22 2015


...................................

...THE FRANKFORT KY CLIMATE SUMMARY FOR JULY 21 2015...

CLIMATE NORMAL PERIOD 1981 TO 2010
CLIMATE RECORD PERIOD 1895 TO 2015


WEATHER ITEM   OBSERVED TIME   RECORD YEAR NORMAL DEPARTURE LAST
                VALUE   (LST)  VALUE       VALUE  FROM      YEAR
                                                  NORMAL
..................................................................
TEMPERATURE (F)
 YESTERDAY
  MAXIMUM         87    338 PM 104    1934  87      0       90
  MINIMUM         71   1159 PM  51    1944  66      5       63
  AVERAGE         79                        76      3       77

PRECIPITATION (IN)
  YESTERDAY        0.69          2.20 1917   0.16   0.53     0.00
  MONTH TO DATE   10.04                      2.96   7.08     1.35
  SINCE JUN 1     16.25                      7.05   9.20     5.27
  SINCE JAN 1     39.65                     26.52  13.13    26.05

SNOWFALL (IN)
  YESTERDAY       MM            MM      MM  MM     MM       MM
  MONTH TO DATE   MM                        MM     MM       MM
  SINCE JUN 1     MM                        MM     MM       MM
  SINCE JUL 1     MM                        MM     MM       MM
  SNOW DEPTH      MM

DEGREE DAYS
 HEATING
  YESTERDAY        0                         0      0        0
  MONTH TO DATE    0                         0      0        1
  SINCE JUN 1     16                        10      6        4
  SINCE JUL 1      0                         0      0        1

 COOLING
  YESTERDAY       14                        11      3       12
  MONTH TO DATE  233                       231      2      157
  SINCE JUN 1    529                       467     62      422
  SINCE JAN 1    684                       566    118      544
..................................................................


WIND (MPH)
  HIGHEST WIND SPEED    18   HIGHEST WIND DIRECTION     W (270)
  HIGHEST GUST SPEED    25   HIGHEST GUST DIRECTION     W (270)
  AVERAGE WIND SPEED     5.3


SKY COVER
  POSSIBLE SUNSHINE  MM
  AVERAGE SKY COVER 0.5


WEATHER CONDITIONS
 THE FOLLOWING WEATHER WAS RECORDED YESTERDAY.
  THUNDERSTORM
  HEAVY RAIN
  RAIN
  LIGHT RAIN
  FOG


RELATIVE HUMIDITY (PERCENT)
 HIGHEST    93           200 AM
 LOWEST     51           400 PM
 AVERAGE    72

..........................................................


THE FRANKFORT KY CLIMATE NORMALS FOR TODAY
                         NORMAL    RECORD    YEAR
 MAXIMUM TEMPERATURE (F)   87       105      1934
 MINIMUM TEMPERATURE (F)   66        51      1944


SUNRISE AND SUNSET
JULY 22 2015..........SUNRISE   634 AM EDT   SUNSET   858 PM EDT
JULY 23 2015..........SUNRISE   634 AM EDT   SUNSET   857 PM EDT


-  INDICATES NEGATIVE NUMBERS.
R  INDICATES RECORD WAS SET OR TIED.
MM INDICATES DATA IS MISSING.
T  INDICATES TRACE AMOUNT.

$$

SCHOETTMER
