000
CDUS43 KLMK 260627
CLIFFT


CLIMATE REPORT
NATIONAL WEATHER SERVICE LOUISVILLE KY
226 AM EDT FRI JUN 26 2015


...................................

...THE FRANKFORT KY CLIMATE SUMMARY FOR JUNE 25 2015...

CLIMATE NORMAL PERIOD 1981 TO 2010
CLIMATE RECORD PERIOD 1895 TO 2015


WEATHER ITEM   OBSERVED TIME   RECORD YEAR NORMAL DEPARTURE LAST
                VALUE   (LST)  VALUE       VALUE  FROM      YEAR
                                                  NORMAL
..................................................................
TEMPERATURE (F)
 YESTERDAY
  MAXIMUM         88    433 PM 101    1914  86      2       86
  MINIMUM         63    503 AM  48    1936  64     -1       69
  AVERAGE         76                        75      1       78

PRECIPITATION (IN)
  YESTERDAY        T             1.67 1918   0.10  -0.10     0.03
  MONTH TO DATE    4.47                      3.52   0.95     3.42
  SINCE JUN 1      4.47                      3.52   0.95     3.42
  SINCE JAN 1     27.87                     22.99   4.88    24.20

SNOWFALL (IN)
  YESTERDAY       MM            MM      MM  MM     MM       MM
  MONTH TO DATE   MM                        MM     MM       MM
  SINCE JUN 1     MM                        MM     MM       MM
  SINCE JUL 1     MM                        MM     MM       MM
  SNOW DEPTH      MM

DEGREE DAYS
 HEATING
  YESTERDAY        0                         0      0        0
  MONTH TO DATE   16                         9      7        3
  SINCE JUN 1     16                         9      7        3
  SINCE JUL 1   5139                      4699    440     5223

 COOLING
  YESTERDAY       11                        10      1       13
  MONTH TO DATE  259                       185     74      205
  SINCE JUN 1    259                       185     74      205
  SINCE JAN 1    414                       284    130      327
..................................................................


WIND (MPH)
  HIGHEST WIND SPEED    33   HIGHEST WIND DIRECTION     N (340)
  HIGHEST GUST SPEED    47   HIGHEST GUST DIRECTION     N (340)
  AVERAGE WIND SPEED     4.7


SKY COVER
  POSSIBLE SUNSHINE  MM
  AVERAGE SKY COVER 0.2


WEATHER CONDITIONS
 THE FOLLOWING WEATHER WAS RECORDED YESTERDAY.
  THUNDERSTORM
  LIGHT RAIN


RELATIVE HUMIDITY (PERCENT)
 HIGHEST    93           500 AM
 LOWEST     59           400 PM
 AVERAGE    76

..........................................................


THE FRANKFORT KY CLIMATE NORMALS FOR TODAY
                         NORMAL    RECORD    YEAR
 MAXIMUM TEMPERATURE (F)   86       102      1914
 MINIMUM TEMPERATURE (F)   65        51      1990
                                             1982


SUNRISE AND SUNSET
JUNE 26 2015..........SUNRISE   618 AM EDT   SUNSET   907 PM EDT
JUNE 27 2015..........SUNRISE   618 AM EDT   SUNSET   907 PM EDT


-  INDICATES NEGATIVE NUMBERS.
R  INDICATES RECORD WAS SET OR TIED.
MM INDICATES DATA IS MISSING.
T  INDICATES TRACE AMOUNT.




$$
