000
CDUS43 KLMK 052032
CLIFFT


CLIMATE REPORT
NATIONAL WEATHER SERVICE LOUISVILLE KY
431 PM EDT TUE SEP 5 2017


...................................

...THE FRANKFORT KY CLIMATE SUMMARY FOR SEPTEMBER 5 2017...
VALID TODAY AS OF 0400 PM LOCAL TIME.

CLIMATE NORMAL PERIOD 1981 TO 2010
CLIMATE RECORD PERIOD 1895 TO 2017


WEATHER ITEM   OBSERVED TIME   RECORD YEAR NORMAL DEPARTURE LAST
                VALUE   (LST)  VALUE       VALUE  FROM      YEAR
                                                  NORMAL
..................................................................
TEMPERATURE (F)
 TODAY
  MAXIMUM         73    631 AM 100    1954  83    -10       90
  MINIMUM         68    910 AM  42    1997  60      8       61
  AVERAGE         71                        72     -1       76

PRECIPITATION (IN)
  TODAY            0.17          2.05 1915   0.11   0.06     0.00
  MONTH TO DATE    3.51                      0.55   2.96     0.00
  SINCE SEP 1      3.51                      0.55   2.96     0.00
  SINCE JAN 1     37.23                     31.86   5.37    36.05

SNOWFALL (IN)
  TODAY           MM            MM      MM  MM     MM       MM
  MONTH TO DATE   MM                        MM     MM       MM
  SINCE SEP 1     MM                        MM     MM       MM
  SINCE JUL 1     MM                        MM     MM       MM
  SNOW DEPTH      MM

DEGREE DAYS
 HEATING
  TODAY            0                         0      0        0
  MONTH TO DATE    4                         0      4        0
  SINCE SEP 1      4                         0      4        0
  SINCE JUL 1      4                         1      3        0

 COOLING
  TODAY            6                         7     -1       11
  MONTH TO DATE   20                        37    -17       39
  SINCE SEP 1     20                        37    -17       39
  SINCE JAN 1   1107                      1039     68     1330
..................................................................


WIND (MPH)
  HIGHEST WIND SPEED    16   HIGHEST WIND DIRECTION    SW (220)
  HIGHEST GUST SPEED    21   HIGHEST GUST DIRECTION    SW (210)
  AVERAGE WIND SPEED     7.9


SKY COVER
  POSSIBLE SUNSHINE  MM
  AVERAGE SKY COVER 0.5


WEATHER CONDITIONS
 THE FOLLOWING WEATHER WAS RECORDED TODAY.
  THUNDERSTORM
  HEAVY RAIN
  RAIN
  LIGHT RAIN
  FOG
  HAZE


RELATIVE HUMIDITY (PERCENT)
 HIGHEST    90          1100 AM
 LOWEST     61           300 PM
 AVERAGE    76

..........................................................


THE FRANKFORT KY CLIMATE NORMALS FOR TOMORROW
                         NORMAL    RECORD    YEAR
 MAXIMUM TEMPERATURE (F)   83       104      1954
 MINIMUM TEMPERATURE (F)   60        42      1997


SUNRISE AND SUNSET
SEPTEMBER  5 2017.....SUNRISE   713 AM EDT   SUNSET   803 PM EDT
SEPTEMBER  6 2017.....SUNRISE   714 AM EDT   SUNSET   801 PM EDT


-  INDICATES NEGATIVE NUMBERS.
R  INDICATES RECORD WAS SET OR TIED.
MM INDICATES DATA IS MISSING.
T  INDICATES TRACE AMOUNT.




$$
