000
CDUS43 KLMK 210628
CLIFFT


CLIMATE REPORT
NATIONAL WEATHER SERVICE LOUISVILLE KY
228 AM EDT FRI AUG 21 2015


...................................

...THE FRANKFORT KY CLIMATE SUMMARY FOR AUGUST 20 2015...

CLIMATE NORMAL PERIOD 1981 TO 2010
CLIMATE RECORD PERIOD 1895 TO 2015


WEATHER ITEM   OBSERVED TIME   RECORD YEAR NORMAL DEPARTURE LAST
                VALUE   (LST)  VALUE       VALUE  FROM      YEAR
                                                  NORMAL
..................................................................
TEMPERATURE (F)
 YESTERDAY
  MAXIMUM         78    437 PM 104    1936  87     -9       88
  MINIMUM         58   1154 PM  47    1932  64     -6       68
  AVERAGE         68                        75     -7       78

PRECIPITATION (IN)
  YESTERDAY        0.61          2.02 1969   0.11   0.50     0.16
  MONTH TO DATE    2.93                      2.08   0.85     2.00
  SINCE JUN 1     20.16                     10.56   9.60     8.95
  SINCE JAN 1     43.56                     30.03  13.53    29.73

SNOWFALL (IN)
  YESTERDAY       MM            MM      MM  MM     MM       MM
  MONTH TO DATE   MM                        MM     MM       MM
  SINCE JUN 1     MM                        MM     MM       MM
  SINCE JUL 1     MM                        MM     MM       MM
  SNOW DEPTH      MM

DEGREE DAYS
 HEATING
  YESTERDAY        0                         0      0        0
  MONTH TO DATE    0                         0      0        0
  SINCE JUN 1     16                        10      6        6
  SINCE JUL 1      0                         0      0        3

 COOLING
  YESTERDAY        3                        10     -7       13
  MONTH TO DATE  182                       216    -34      166
  SINCE JUN 1    826                       802     24      656
  SINCE JAN 1    981                       901     80      778
..................................................................


WIND (MPH)
  HIGHEST WIND SPEED    16   HIGHEST WIND DIRECTION     S (200)
  HIGHEST GUST SPEED    21   HIGHEST GUST DIRECTION     S (200)
  AVERAGE WIND SPEED     4.5


SKY COVER
  POSSIBLE SUNSHINE  MM
  AVERAGE SKY COVER 0.4


WEATHER CONDITIONS
 THE FOLLOWING WEATHER WAS RECORDED YESTERDAY.
  HEAVY RAIN
  RAIN
  LIGHT RAIN
  FOG


RELATIVE HUMIDITY (PERCENT)
 HIGHEST    97           200 AM
 LOWEST     47           400 PM
 AVERAGE    72

..........................................................


THE FRANKFORT KY CLIMATE NORMALS FOR TODAY
                         NORMAL    RECORD    YEAR
 MAXIMUM TEMPERATURE (F)   86       105      1936
 MINIMUM TEMPERATURE (F)   64        47      1932


SUNRISE AND SUNSET
AUGUST 21 2015........SUNRISE   659 AM EDT   SUNSET   825 PM EDT
AUGUST 22 2015........SUNRISE   700 AM EDT   SUNSET   824 PM EDT


-  INDICATES NEGATIVE NUMBERS.
R  INDICATES RECORD WAS SET OR TIED.
MM INDICATES DATA IS MISSING.
T  INDICATES TRACE AMOUNT.




$$
