000
CDUS43 KLMK 192033
CLIFFT


CLIMATE REPORT
NATIONAL WEATHER SERVICE LOUISVILLE KY
432 PM EDT THU MAR 19 2015


...................................

...THE FRANKFORT KY CLIMATE SUMMARY FOR MARCH 19 2015...
VALID TODAY AS OF 0400 PM LOCAL TIME.

CLIMATE NORMAL PERIOD 1981 TO 2010
CLIMATE RECORD PERIOD 1895 TO 2015


WEATHER ITEM   OBSERVED TIME   RECORD YEAR NORMAL DEPARTURE LAST
                VALUE   (LST)  VALUE       VALUE  FROM      YEAR
                                                  NORMAL
..................................................................
TEMPERATURE (F)
 TODAY
  MAXIMUM         50    236 PM  81    1948  57     -7       59
                                      1921
                                      1907
  MINIMUM         39    913 AM  15    1967  35      4       43
                                      1959
  AVERAGE         45                        46     -1       51

PRECIPITATION (IN)
  TODAY            0.03          2.88 1943   0.14  -0.11      T
  MONTH TO DATE    7.13                      2.61   4.52     1.20
  SINCE MAR 1      7.13                      2.61   4.52     1.20
  SINCE JAN 1     10.69                      9.16   1.53     7.40

SNOWFALL (IN)
  TODAY           MM            MM      MM  MM     MM       MM
  MONTH TO DATE   MM                        MM     MM       MM
  SINCE MAR 1     MM                        MM     MM       MM
  SINCE JUL 1     MM                        MM     MM       MM
  SNOW DEPTH      MM

DEGREE DAYS
 HEATING
  TODAY           20                        19      1       14
  MONTH TO DATE  444                       422     22      480
  SINCE MAR 1    444                       422     22      480
  SINCE JUL 1   4564                      4061    503     4592

 COOLING
  TODAY            0                         0      0        0
  MONTH TO DATE    0                         0      0        0
  SINCE MAR 1      0                         0      0        0
  SINCE JAN 1      0                         0      0        0
..................................................................


WIND (MPH)
  HIGHEST WIND SPEED    15   HIGHEST WIND DIRECTION     E (90)
  HIGHEST GUST SPEED    20   HIGHEST GUST DIRECTION     E (90)
  AVERAGE WIND SPEED     8.9


SKY COVER
  POSSIBLE SUNSHINE  MM
  AVERAGE SKY COVER 1.0


WEATHER CONDITIONS
 THE FOLLOWING WEATHER WAS RECORDED TODAY.
  LIGHT RAIN


RELATIVE HUMIDITY (PERCENT)
 HIGHEST    70          1100 AM
 LOWEST     36          1200 AM
 AVERAGE    53

..........................................................


THE FRANKFORT KY CLIMATE NORMALS FOR TOMORROW
                         NORMAL    RECORD    YEAR
 MAXIMUM TEMPERATURE (F)   58        83      2012
 MINIMUM TEMPERATURE (F)   35        17      1923


SUNRISE AND SUNSET
MARCH 19 2015.........SUNRISE   745 AM EDT   SUNSET   750 PM EDT
MARCH 20 2015.........SUNRISE   744 AM EDT   SUNSET   751 PM EDT


-  INDICATES NEGATIVE NUMBERS.
R  INDICATES RECORD WAS SET OR TIED.
MM INDICATES DATA IS MISSING.
T  INDICATES TRACE AMOUNT.




$$
