000
CDUS43 KLMK 172032
CLIFFT


CLIMATE REPORT
NATIONAL WEATHER SERVICE LOUISVILLE KY
432 PM EDT SAT SEP 17 2016


...................................

...THE FRANKFORT KY CLIMATE SUMMARY FOR SEPTEMBER 17 2016...
VALID TODAY AS OF 0400 PM LOCAL TIME.

CLIMATE NORMAL PERIOD 1981 TO 2010
CLIMATE RECORD PERIOD 1895 TO 2016


WEATHER ITEM   OBSERVED TIME   RECORD YEAR NORMAL DEPARTURE LAST
                VALUE   (LST)  VALUE       VALUE  FROM      YEAR
                                                  NORMAL
..................................................................
TEMPERATURE (F)
 TODAY
  MAXIMUM         81    946 AM  97    1954  79      2       82
  MINIMUM         70    138 PM  40    1937  55     15       52
  AVERAGE         76                        67      9       67

PRECIPITATION (IN)
  TODAY            0.49          1.80 1995   0.10   0.39     0.00
  MONTH TO DATE    0.91                      1.97  -1.06     1.35
  SINCE SEP 1      0.91                      1.97  -1.06     1.35
  SINCE JAN 1     36.96                     33.28   3.68    44.99

SNOWFALL (IN)
  TODAY           MM            MM      MM  MM     MM       MM
  MONTH TO DATE   MM                        MM     MM       MM
  SINCE SEP 1     MM                        MM     MM       MM
  SINCE JUL 1     MM                        MM     MM       MM
  SNOW DEPTH      MM

DEGREE DAYS
 HEATING
  TODAY            0                         2     -2        0
  MONTH TO DATE    0                         9     -9       14
  SINCE SEP 1      0                         9     -9       14
  SINCE JUL 1      0                        10    -10       15

 COOLING
  TODAY           11                         4      7        2
  MONTH TO DATE  172                        99     73      136
  SINCE SEP 1    172                        99     73      136
  SINCE JAN 1   1463                      1101    362     1174
..................................................................


WIND (MPH)
  HIGHEST WIND SPEED    21   HIGHEST WIND DIRECTION    SW (210)
  HIGHEST GUST SPEED    28   HIGHEST GUST DIRECTION    SW (210)
  AVERAGE WIND SPEED    10.5


SKY COVER
  POSSIBLE SUNSHINE  MM
  AVERAGE SKY COVER 0.5


WEATHER CONDITIONS
 THE FOLLOWING WEATHER WAS RECORDED TODAY.
  HEAVY RAIN
  RAIN
  LIGHT RAIN
  FOG


RELATIVE HUMIDITY (PERCENT)
 HIGHEST    90           100 PM
 LOWEST     58           900 AM
 AVERAGE    74

..........................................................


THE FRANKFORT KY CLIMATE NORMALS FOR TOMORROW
                         NORMAL    RECORD    YEAR
 MAXIMUM TEMPERATURE (F)   79        96      1954
 MINIMUM TEMPERATURE (F)   55        38      1937


SUNRISE AND SUNSET
SEPTEMBER 17 2016.....SUNRISE   723 AM EDT   SUNSET   744 PM EDT
SEPTEMBER 18 2016.....SUNRISE   724 AM EDT   SUNSET   742 PM EDT


-  INDICATES NEGATIVE NUMBERS.
R  INDICATES RECORD WAS SET OR TIED.
MM INDICATES DATA IS MISSING.
T  INDICATES TRACE AMOUNT.




$$
