000
CDUS43 KLMK 292128
CLIFFT


CLIMATE REPORT
NATIONAL WEATHER SERVICE LOUISVILLE KY
428 PM EST WED NOV 29 2017


...................................

...THE FRANKFORT KY CLIMATE SUMMARY FOR NOVEMBER 29 2017...
VALID TODAY AS OF 0400 PM LOCAL TIME.

CLIMATE NORMAL PERIOD 1981 TO 2010
CLIMATE RECORD PERIOD 1895 TO 2017


WEATHER ITEM   OBSERVED TIME   RECORD YEAR NORMAL DEPARTURE LAST
                VALUE   (LST)  VALUE       VALUE  FROM      YEAR
                                                  NORMAL
..................................................................
TEMPERATURE (F)
 TODAY
  MAXIMUM         60    328 PM  74    1927  50     10       65
  MINIMUM         36    734 AM  10    1955  31      5       46
  AVERAGE         48                        41      7       56

PRECIPITATION (IN)
  TODAY            0.00          3.02 1905   0.14  -0.14     0.06
  MONTH TO DATE    2.77                      3.60  -0.83     1.42
  SINCE SEP 1     13.17                     10.17   3.00     4.12
  SINCE JAN 1     46.89                     41.48   5.41    40.17

SNOWFALL (IN)
  TODAY           MM            MM      MM  MM     MM       MM
  MONTH TO DATE   MM                        MM     MM       MM
  SINCE SEP 1     MM                        MM     MM       MM
  SINCE JUL 1     MM                        MM     MM       MM
  SNOW DEPTH      MM

DEGREE DAYS
 HEATING
  TODAY           17                        24     -7        9
  MONTH TO DATE  528                       545    -17      458
  SINCE SEP 1    787                       885    -98      603
  SINCE JUL 1    787                       886    -99      603

 COOLING
  TODAY            0                         0      0        0
  MONTH TO DATE    6                         0      6       12
  SINCE SEP 1    192                       152     40      348
  SINCE JAN 1   1279                      1154    125     1639
..................................................................


WIND (MPH)
  HIGHEST WIND SPEED     8   HIGHEST WIND DIRECTION     S (190)
  HIGHEST GUST SPEED    11   HIGHEST GUST DIRECTION     S (200)
  AVERAGE WIND SPEED     2.9


SKY COVER
  POSSIBLE SUNSHINE  MM
  AVERAGE SKY COVER 0.4


WEATHER CONDITIONS
 THE FOLLOWING WEATHER WAS RECORDED TODAY.
  NO SIGNIFICANT WEATHER WAS OBSERVED.


RELATIVE HUMIDITY (PERCENT)
 HIGHEST    76           600 AM
 LOWEST     37          1200 PM
 AVERAGE    57

..........................................................


THE FRANKFORT KY CLIMATE NORMALS FOR TOMORROW
                         NORMAL    RECORD    YEAR
 MAXIMUM TEMPERATURE (F)   50        72      1941
                                             1927
 MINIMUM TEMPERATURE (F)   31        -1      1929


SUNRISE AND SUNSET
NOVEMBER 29 2017......SUNRISE   736 AM EST   SUNSET   520 PM EST
NOVEMBER 30 2017......SUNRISE   737 AM EST   SUNSET   520 PM EST


-  INDICATES NEGATIVE NUMBERS.
R  INDICATES RECORD WAS SET OR TIED.
MM INDICATES DATA IS MISSING.
T  INDICATES TRACE AMOUNT.




$$
