081
CDUS43 KLMK 300635
CLIFFT


CLIMATE REPORT
NATIONAL WEATHER SERVICE LOUISVILLE KY
234 AM EDT THU APR 30 2015


...................................

...THE FRANKFORT KY CLIMATE SUMMARY FOR APRIL 29 2015...

CLIMATE NORMAL PERIOD 1981 TO 2010
CLIMATE RECORD PERIOD 1895 TO 2015


WEATHER ITEM   OBSERVED TIME   RECORD YEAR NORMAL DEPARTURE LAST
                VALUE   (LST)  VALUE       VALUE  FROM      YEAR
                                                  NORMAL
..................................................................
TEMPERATURE (F)
 YESTERDAY
  MAXIMUM         68    203 PM  89    1914  71     -3       76
  MINIMUM         38    612 AM  31    1976  48    -10       53
  AVERAGE         53                        59     -6       65

PRECIPITATION (IN)
  YESTERDAY        0.00          2.20 2002   0.14  -0.14     0.61
  MONTH TO DATE   11.09                      3.54   7.55     6.58
  SINCE MAR 1     18.77                      7.92  10.85     8.80
  SINCE JAN 1     22.33                     14.47   7.86    15.00

SNOWFALL (IN)
  YESTERDAY       MM            MM      MM  MM     MM       MM
  MONTH TO DATE   MM                        MM     MM       MM
  SINCE MAR 1     MM                        MM     MM       MM
  SINCE JUL 1     MM                        MM     MM       MM
  SNOW DEPTH      MM

DEGREE DAYS
 HEATING
  YESTERDAY       12                         7      5        0
  MONTH TO DATE  262                       309    -47      246
  SINCE MAR 1    934                       934      0      998
  SINCE JUL 1   5054                      4573    481     5110

 COOLING
  YESTERDAY        0                         1     -1        0
  MONTH TO DATE    8                        21    -13        8
  SINCE MAR 1      8                        23    -15        8
  SINCE JAN 1      8                        23    -15        8
..................................................................


WIND (MPH)
  HIGHEST WIND SPEED    10   HIGHEST WIND DIRECTION     N (340)
  HIGHEST GUST SPEED    13   HIGHEST GUST DIRECTION    NW (330)
  AVERAGE WIND SPEED     3.4


SKY COVER
  POSSIBLE SUNSHINE  MM
  AVERAGE SKY COVER 0.4


WEATHER CONDITIONS
 THE FOLLOWING WEATHER WAS RECORDED YESTERDAY.
  NO SIGNIFICANT WEATHER WAS OBSERVED.


RELATIVE HUMIDITY (PERCENT)
 HIGHEST    86           400 AM
 LOWEST     34           400 PM
 AVERAGE    60

..........................................................


THE FRANKFORT KY CLIMATE NORMALS FOR TODAY
                         NORMAL    RECORD    YEAR
 MAXIMUM TEMPERATURE (F)   71        91      1942
 MINIMUM TEMPERATURE (F)   48        32      2008
                                             1958


SUNRISE AND SUNSET
APRIL 30 2015.........SUNRISE   645 AM EDT   SUNSET   830 PM EDT
MAY  1 2015...........SUNRISE   643 AM EDT   SUNSET   831 PM EDT


-  INDICATES NEGATIVE NUMBERS.
R  INDICATES RECORD WAS SET OR TIED.
MM INDICATES DATA IS MISSING.
T  INDICATES TRACE AMOUNT.




$$
