000
CDUS43 KLMK 132038
CLIFFT


CLIMATE REPORT
NATIONAL WEATHER SERVICE LOUISVILLE KY
437 PM EDT MON OCT 13 2014


...................................

...THE FRANKFORT KY CLIMATE SUMMARY FOR OCTOBER 13 2014...
VALID TODAY AS OF 0400 PM LOCAL TIME.

CLIMATE NORMAL PERIOD 1981 TO 2010
CLIMATE RECORD PERIOD 1895 TO 2014


WEATHER ITEM   OBSERVED TIME   RECORD YEAR NORMAL DEPARTURE LAST
                VALUE   (LST)  VALUE       VALUE  FROM      YEAR
                                                  NORMAL
..................................................................
TEMPERATURE (F)
 TODAY
  MAXIMUM         78    232 PM  90    1947  69      9       77
  MINIMUM         64    546 AM  26    1988  45     19       50
  AVERAGE         71                        57     14       64

PRECIPITATION (IN)
  TODAY            0.50          2.05 1983   0.10   0.40     0.00
  MONTH TO DATE    2.37                      1.29   1.08     3.05
  SINCE SEP 1      5.20                      4.62   0.58     4.77
  SINCE JAN 1     38.49                     35.93   2.56    39.83

SNOWFALL (IN)
  TODAY           MM            MM      MM  MM     MM       MM
  MONTH TO DATE   MM                        MM     MM       MM
  SINCE SEP 1     MM                        MM     MM       MM
  SINCE JUL 1     MM                        MM     MM       MM
  SNOW DEPTH      MM

DEGREE DAYS
 HEATING
  TODAY            0                         8     -8        1
  MONTH TO DATE   92                        89      3       43
  SINCE SEP 1    150                       142      8       69
  SINCE JUL 1    153                       143     10       73

 COOLING
  TODAY            6                         1      5        0
  MONTH TO DATE   16                        15      1       39
  SINCE SEP 1    144                       148     -4      190
  SINCE JAN 1   1070                      1150    -80     1126
..................................................................


WIND (MPH)
  HIGHEST WIND SPEED    24   HIGHEST WIND DIRECTION     S (170)
  HIGHEST GUST SPEED    31   HIGHEST GUST DIRECTION     S (170)
  AVERAGE WIND SPEED     9.8


SKY COVER
  POSSIBLE SUNSHINE  MM
  AVERAGE SKY COVER 0.8


WEATHER CONDITIONS
 THE FOLLOWING WEATHER WAS RECORDED TODAY.
  HEAVY RAIN
  RAIN
  LIGHT RAIN
  FOG


RELATIVE HUMIDITY (PERCENT)
 HIGHEST    93           200 AM
 LOWEST     64           200 PM
 AVERAGE    79

..........................................................


THE FRANKFORT KY CLIMATE NORMALS FOR TOMORROW
                         NORMAL    RECORD    YEAR
 MAXIMUM TEMPERATURE (F)   69        87      1969
 MINIMUM TEMPERATURE (F)   45        25      1988


SUNRISE AND SUNSET
OCTOBER 13 2014.......SUNRISE   746 AM EDT   SUNSET   705 PM EDT
OCTOBER 14 2014.......SUNRISE   747 AM EDT   SUNSET   703 PM EDT


-  INDICATES NEGATIVE NUMBERS.
R  INDICATES RECORD WAS SET OR TIED.
MM INDICATES DATA IS MISSING.
T  INDICATES TRACE AMOUNT.




$$
