000
CDUS43 KLMK 102036
CLIFFT


CLIMATE REPORT
NATIONAL WEATHER SERVICE LOUISVILLE KY
436 PM EDT FRI OCT 10 2014


...................................

...THE FRANKFORT KY CLIMATE SUMMARY FOR OCTOBER 10 2014...
VALID TODAY AS OF 0400 PM LOCAL TIME.

CLIMATE NORMAL PERIOD 1981 TO 2010
CLIMATE RECORD PERIOD 1895 TO 2014


WEATHER ITEM   OBSERVED TIME   RECORD YEAR NORMAL DEPARTURE LAST
                VALUE   (LST)  VALUE       VALUE  FROM      YEAR
                                                  NORMAL
..................................................................
TEMPERATURE (F)
 TODAY
  MAXIMUM         59    146 PM  89    1939  70    -11       74
  MINIMUM         55    651 AM  29    2000  46      9       42
                                      1964
  AVERAGE         57                        58     -1       58

PRECIPITATION (IN)
  TODAY            0.91          1.80 2002   0.10   0.81     0.00
  MONTH TO DATE    1.34                      0.99   0.35     3.05
  SINCE SEP 1      4.17                      4.32  -0.15     4.77
  SINCE JAN 1     37.46                     35.63   1.83    39.83

SNOWFALL (IN)
  TODAY           MM            MM      MM  MM     MM       MM
  MONTH TO DATE   MM                        MM     MM       MM
  SINCE SEP 1     MM                        MM     MM       MM
  SINCE JUL 1     MM                        MM     MM       MM
  SNOW DEPTH      MM

DEGREE DAYS
 HEATING
  TODAY            8                         8      0        7
  MONTH TO DATE   78                        65     13       37
  SINCE SEP 1    136                       118     18       63
  SINCE JUL 1    139                       119     20       67

 COOLING
  TODAY            0                         1     -1        0
  MONTH TO DATE   10                        12     -2       39
  SINCE SEP 1    138                       145     -7      190
  SINCE JAN 1   1064                      1147    -83     1126
..................................................................


WIND (MPH)
  HIGHEST WIND SPEED    13   HIGHEST WIND DIRECTION     N (340)
  HIGHEST GUST SPEED    16   HIGHEST GUST DIRECTION    NW (320)
  AVERAGE WIND SPEED     5.9


SKY COVER
  POSSIBLE SUNSHINE  MM
  AVERAGE SKY COVER 1.0


WEATHER CONDITIONS
 THE FOLLOWING WEATHER WAS RECORDED TODAY.
  THUNDERSTORM
  HEAVY RAIN
  RAIN
  LIGHT RAIN
  FOG


RELATIVE HUMIDITY (PERCENT)
 HIGHEST   100           400 AM
 LOWEST     86          1200 AM
 AVERAGE    93

..........................................................


THE FRANKFORT KY CLIMATE NORMALS FOR TOMORROW
                         NORMAL    RECORD    YEAR
 MAXIMUM TEMPERATURE (F)   70        91      1939
 MINIMUM TEMPERATURE (F)   46        28      1964
                                             1906


SUNRISE AND SUNSET
OCTOBER 10 2014.......SUNRISE   744 AM EDT   SUNSET   709 PM EDT
OCTOBER 11 2014.......SUNRISE   744 AM EDT   SUNSET   708 PM EDT


-  INDICATES NEGATIVE NUMBERS.
R  INDICATES RECORD WAS SET OR TIED.
MM INDICATES DATA IS MISSING.
T  INDICATES TRACE AMOUNT.




$$
