417
CDUS43 KLMK 150627
CLIFFT


CLIMATE REPORT
NATIONAL WEATHER SERVICE LOUISVILLE KY
226 AM EDT SUN OCT 15 2017


...................................

...THE FRANKFORT KY CLIMATE SUMMARY FOR OCTOBER 14 2017...

CLIMATE NORMAL PERIOD 1981 TO 2010
CLIMATE RECORD PERIOD 1895 TO 2017


WEATHER ITEM   OBSERVED TIME   RECORD YEAR NORMAL DEPARTURE LAST
                VALUE   (LST)  VALUE       VALUE  FROM      YEAR
                                                  NORMAL
..................................................................
TEMPERATURE (F)
 YESTERDAY
  MAXIMUM         83    301 PM  87    1969  69     14       67
  MINIMUM         52    645 AM  25    1988  45      7       43
  AVERAGE         68                        57     11       55

PRECIPITATION (IN)
  YESTERDAY        0.00          1.89 1919   0.10  -0.10      T
  MONTH TO DATE    3.80                      1.39   2.41     0.09
  SINCE SEP 1      8.76                      4.72   4.04     2.14
  SINCE JAN 1     42.48                     36.03   6.45    38.19

SNOWFALL (IN)
  YESTERDAY       MM            MM      MM  MM     MM       MM
  MONTH TO DATE   MM                        MM     MM       MM
  SINCE SEP 1     MM                        MM     MM       MM
  SINCE JUL 1     MM                        MM     MM       MM
  SNOW DEPTH      MM

DEGREE DAYS
 HEATING
  YESTERDAY        0                         9     -9       10
  MONTH TO DATE   10                        98    -88       44
  SINCE SEP 1     42                       151   -109       62
  SINCE JUL 1     42                       152   -110       62

 COOLING
  YESTERDAY        3                         0      3        0
  MONTH TO DATE   43                        15     28       23
  SINCE SEP 1    185                       148     37      285
  SINCE JAN 1   1272                      1150    122     1576
..................................................................


WIND (MPH)
  HIGHEST WIND SPEED    16   HIGHEST WIND DIRECTION     S (190)
  HIGHEST GUST SPEED    19   HIGHEST GUST DIRECTION     S (180)
  AVERAGE WIND SPEED     5.6


SKY COVER
  POSSIBLE SUNSHINE  MM
  AVERAGE SKY COVER 0.0


WEATHER CONDITIONS
 THE FOLLOWING WEATHER WAS RECORDED YESTERDAY.
  FOG


RELATIVE HUMIDITY (PERCENT)
 HIGHEST    89           200 AM
 LOWEST     51           300 PM
 AVERAGE    70

..........................................................


THE FRANKFORT KY CLIMATE NORMALS FOR TODAY
                         NORMAL    RECORD    YEAR
 MAXIMUM TEMPERATURE (F)   69        87      1897
 MINIMUM TEMPERATURE (F)   44        24      1937


SUNRISE AND SUNSET
OCTOBER 15 2017.......SUNRISE   749 AM EDT   SUNSET   701 PM EDT
OCTOBER 16 2017.......SUNRISE   750 AM EDT   SUNSET   700 PM EDT


-  INDICATES NEGATIVE NUMBERS.
R  INDICATES RECORD WAS SET OR TIED.
MM INDICATES DATA IS MISSING.
T  INDICATES TRACE AMOUNT.




$$
