000
CDUS43 KLMK 022030
CLIFFT


CLIMATE REPORT
NATIONAL WEATHER SERVICE LOUISVILLE KY
430 PM EDT WED AUG 2 2017


...................................

...THE FRANKFORT KY CLIMATE SUMMARY FOR AUGUST 2 2017...
VALID TODAY AS OF 0400 PM LOCAL TIME.

CLIMATE NORMAL PERIOD 1981 TO 2010
CLIMATE RECORD PERIOD 1895 TO 2017


WEATHER ITEM   OBSERVED TIME   RECORD YEAR NORMAL DEPARTURE LAST
                VALUE   (LST)  VALUE       VALUE  FROM      YEAR
                                                  NORMAL
..................................................................
TEMPERATURE (F)
 TODAY
  MAXIMUM         84   1223 PM  99    2002  87     -3       89
                                      1931
  MINIMUM         66    535 AM  50    1991  65      1       72
                                      1920
  AVERAGE         75                        76     -1       81

PRECIPITATION (IN)
  TODAY            0.22          1.05 1993   0.11   0.11     0.00
  MONTH TO DATE    0.22                      0.22   0.00     0.98
  SINCE JUN 1     10.83                      8.70   2.13    13.02
  SINCE JAN 1     31.31                     28.17   3.14    32.68

SNOWFALL (IN)
  TODAY           MM            MM      MM  MM     MM       MM
  MONTH TO DATE   MM                        MM     MM       MM
  SINCE JUN 1     MM                        MM     MM       MM
  SINCE JUL 1     MM                        MM     MM       MM
  SNOW DEPTH      MM

DEGREE DAYS
 HEATING
  TODAY            0                         0      0        0
  MONTH TO DATE    0                         0      0        0
  SINCE JUN 1      1                        10     -9        1
  SINCE JUL 1      0                         0      0        0

 COOLING
  TODAY           10                        11     -1       16
  MONTH TO DATE   22                        22      0       28
  SINCE JUN 1    651                       608     43      765
  SINCE JAN 1    837                       707    130      880
..................................................................


WIND (MPH)
  HIGHEST WIND SPEED    13   HIGHEST WIND DIRECTION    NW (310)
  HIGHEST GUST SPEED    17   HIGHEST GUST DIRECTION    NW (320)
  AVERAGE WIND SPEED     2.5


SKY COVER
  POSSIBLE SUNSHINE  MM
  AVERAGE SKY COVER 0.3


WEATHER CONDITIONS
 THE FOLLOWING WEATHER WAS RECORDED TODAY.
  THUNDERSTORM
  LIGHT RAIN


RELATIVE HUMIDITY (PERCENT)
 HIGHEST    87           500 AM
 LOWEST     62          1000 AM
 AVERAGE    75

..........................................................


THE FRANKFORT KY CLIMATE NORMALS FOR TOMORROW
                         NORMAL    RECORD    YEAR
 MAXIMUM TEMPERATURE (F)   87        98      2005
                                             2002
                                             1930
 MINIMUM TEMPERATURE (F)   65        51      1920


SUNRISE AND SUNSET
AUGUST  2 2017........SUNRISE   643 AM EDT   SUNSET   848 PM EDT
AUGUST  3 2017........SUNRISE   644 AM EDT   SUNSET   847 PM EDT


-  INDICATES NEGATIVE NUMBERS.
R  INDICATES RECORD WAS SET OR TIED.
MM INDICATES DATA IS MISSING.
T  INDICATES TRACE AMOUNT.




$$
