000
CDUS43 KLMK 080628
CLIFFT


CLIMATE REPORT
NATIONAL WEATHER SERVICE LOUISVILLE KY
227 AM EDT FRI AUG 8 2014


...................................

...THE FRANKFORT KY CLIMATE SUMMARY FOR AUGUST 7 2014...

CLIMATE NORMAL PERIOD 1981 TO 2010
CLIMATE RECORD PERIOD 1895 TO 2014


WEATHER ITEM   OBSERVED TIME   RECORD YEAR NORMAL DEPARTURE LAST
                VALUE   (LST)  VALUE       VALUE  FROM      YEAR
                                                  NORMAL
..................................................................
TEMPERATURE (F)
 YESTERDAY
  MAXIMUM         84    226 PM 101    1930  87     -3       86
  MINIMUM         67    717 AM  48    1957  65      2       70
  AVERAGE         76                        76      0       78

PRECIPITATION (IN)
  YESTERDAY        0.00          1.10 1926   0.09  -0.09     0.26
  MONTH TO DATE    0.21                      0.73  -0.52     0.26
  SINCE JUN 1      7.16                      9.21  -2.05    14.49
  SINCE JAN 1     27.94                     28.68  -0.74    33.16

SNOWFALL (IN)
  YESTERDAY       MM            MM      MM  MM     MM       MM
  MONTH TO DATE   MM                        MM     MM       MM
  SINCE JUN 1     MM                        MM     MM       MM
  SINCE JUL 1     MM                        MM     MM       MM
  SNOW DEPTH      MM

DEGREE DAYS
 HEATING
  YESTERDAY        0                         0      0        0
  MONTH TO DATE    0                         0      0        0
  SINCE JUN 1      6                        10     -4        3
  SINCE JUL 1      3                         0      3        1

 COOLING
  YESTERDAY       11                        11      0       13
  MONTH TO DATE   56                        77    -21       53
  SINCE JUN 1    546                       663   -117      578
  SINCE JAN 1    668                       762    -94      697
..................................................................


WIND (MPH)
  HIGHEST WIND SPEED    15   HIGHEST WIND DIRECTION    NE (60)
  HIGHEST GUST SPEED    18   HIGHEST GUST DIRECTION     E (70)
  AVERAGE WIND SPEED     6.8


SKY COVER
  POSSIBLE SUNSHINE  MM
  AVERAGE SKY COVER 0.0


WEATHER CONDITIONS
 THE FOLLOWING WEATHER WAS RECORDED YESTERDAY.
  NO SIGNIFICANT WEATHER WAS OBSERVED.


RELATIVE HUMIDITY (PERCENT)
 HIGHEST    87           600 AM
 LOWEST     47           200 PM
 AVERAGE    67

..........................................................


THE FRANKFORT KY CLIMATE NORMALS FOR TODAY
                         NORMAL    RECORD    YEAR
 MAXIMUM TEMPERATURE (F)   87       102      1930
 MINIMUM TEMPERATURE (F)   65        50      1997
                                             1989
                                             1957


SUNRISE AND SUNSET
AUGUST  8 2014........SUNRISE   648 AM EDT   SUNSET   842 PM EDT
AUGUST  9 2014........SUNRISE   649 AM EDT   SUNSET   840 PM EDT


-  INDICATES NEGATIVE NUMBERS.
R  INDICATES RECORD WAS SET OR TIED.
MM INDICATES DATA IS MISSING.
T  INDICATES TRACE AMOUNT.

$$

SCHOETTMER
