000
CDUS43 KLMK 130627
CLIFFT


CLIMATE REPORT
NATIONAL WEATHER SERVICE LOUISVILLE KY
227 AM EDT SAT MAY 13 2017


...................................

...THE FRANKFORT KY CLIMATE SUMMARY FOR MAY 12 2017...

CLIMATE NORMAL PERIOD 1981 TO 2010
CLIMATE RECORD PERIOD 1895 TO 2017


WEATHER ITEM   OBSERVED TIME   RECORD YEAR NORMAL DEPARTURE LAST
                VALUE   (LST)  VALUE       VALUE  FROM      YEAR
                                                  NORMAL
..................................................................
TEMPERATURE (F)
 YESTERDAY
  MAXIMUM         61    114 AM  92    1914  74    -13       79
  MINIMUM         54   1159 PM  34    1941  51      3       60
  AVERAGE         58                        63     -5       70

PRECIPITATION (IN)
  YESTERDAY        0.27          1.44 1943   0.16   0.11     0.27
  MONTH TO DATE    3.10                      1.95   1.15     2.46
  SINCE MAR 1     11.53                     10.02   1.51    11.61
  SINCE JAN 1     17.63                     16.57   1.06    17.63

SNOWFALL (IN)
  YESTERDAY       MM            MM      MM  MM     MM       MM
  MONTH TO DATE   MM                        MM     MM       MM
  SINCE MAR 1     MM                        MM     MM       MM
  SINCE JUL 1     MM                        MM     MM       MM
  SNOW DEPTH      MM

DEGREE DAYS
 HEATING
  YESTERDAY        7                         4      3        0
  MONTH TO DATE   81                        60     21       46
  SINCE MAR 1    750                       999   -249      712
  SINCE JUL 1   3520                      4638  -1118     3784

 COOLING
  YESTERDAY        0                         2     -2        5
  MONTH TO DATE   13                        16     -3       22
  SINCE MAR 1     86                        36     50       48
  SINCE JAN 1     89                        36     53       48
..................................................................


WIND (MPH)
  HIGHEST WIND SPEED    12   HIGHEST WIND DIRECTION     N (360)
  HIGHEST GUST SPEED    15   HIGHEST GUST DIRECTION     N (10)
  AVERAGE WIND SPEED     4.8


SKY COVER
  POSSIBLE SUNSHINE  MM
  AVERAGE SKY COVER 0.9


WEATHER CONDITIONS
 THE FOLLOWING WEATHER WAS RECORDED YESTERDAY.
  HEAVY RAIN
  RAIN
  LIGHT RAIN
  FOG
  HAZE


RELATIVE HUMIDITY (PERCENT)
 HIGHEST    93          1100 PM
 LOWEST     80           500 AM
 AVERAGE    87

..........................................................


THE FRANKFORT KY CLIMATE NORMALS FOR TODAY
                         NORMAL    RECORD    YEAR
 MAXIMUM TEMPERATURE (F)   75        89      1896
 MINIMUM TEMPERATURE (F)   52        34      1941
                                             1938


SUNRISE AND SUNSET
MAY 13 2017...........SUNRISE   630 AM EDT   SUNSET   842 PM EDT
MAY 14 2017...........SUNRISE   629 AM EDT   SUNSET   843 PM EDT


-  INDICATES NEGATIVE NUMBERS.
R  INDICATES RECORD WAS SET OR TIED.
MM INDICATES DATA IS MISSING.
T  INDICATES TRACE AMOUNT.




$$
