380
CDUS43 KLMK 060629
CLIFFT


CLIMATE REPORT
NATIONAL WEATHER SERVICE LOUISVILLE KY
128 AM EST SAT JAN 6 2018


...................................

...THE FRANKFORT KY CLIMATE SUMMARY FOR JANUARY 5 2018...

CLIMATE NORMAL PERIOD 1981 TO 2010
CLIMATE RECORD PERIOD 1895 TO 2018


WEATHER ITEM   OBSERVED TIME   RECORD YEAR NORMAL DEPARTURE LAST
                VALUE   (LST)  VALUE       VALUE  FROM      YEAR
                                                  NORMAL
..................................................................
TEMPERATURE (F)
 YESTERDAY
  MAXIMUM         19    401 PM  69    1997  41    -22       26
  MINIMUM          2   1159 PM  -3    1959  23    -21       18
  AVERAGE         11                        32    -21       22

PRECIPITATION (IN)
  YESTERDAY        0.00          1.35 1950   0.13  -0.13     0.03
  MONTH TO DATE    T                         0.61  -0.61     0.76
  SINCE DEC 1      1.83                      4.62  -2.79     6.23
  SINCE JAN 1      T                         0.61  -0.61     0.76

SNOWFALL (IN)
  YESTERDAY       MM            MM      MM  MM     MM       MM
  MONTH TO DATE   MM                        MM     MM       MM
  SINCE DEC 1     MM                        MM     MM       MM
  SINCE JUL 1     MM                        MM     MM       MM
  SNOW DEPTH      MM

DEGREE DAYS
 HEATING
  YESTERDAY       54                        33     21       43
  MONTH TO DATE  263                       165     98      122
  SINCE DEC 1   1190                      1086    104      995
  SINCE JUL 1   1998                      1997      1     1613

 COOLING
  YESTERDAY        0                         0      0        0
  MONTH TO DATE    0                         0      0        0
  SINCE DEC 1      0                         0      0        0
  SINCE JAN 1      0                         0      0        0
..................................................................


WIND (MPH)
  HIGHEST WIND SPEED    13   HIGHEST WIND DIRECTION     W (260)
  HIGHEST GUST SPEED    19   HIGHEST GUST DIRECTION     W (280)
  AVERAGE WIND SPEED     4.7


SKY COVER
  POSSIBLE SUNSHINE  MM
  AVERAGE SKY COVER 0.5


WEATHER CONDITIONS
 THE FOLLOWING WEATHER WAS RECORDED YESTERDAY.
  NO SIGNIFICANT WEATHER WAS OBSERVED.


RELATIVE HUMIDITY (PERCENT)
 HIGHEST    69           200 AM
 LOWEST     34           400 PM
 AVERAGE    52

..........................................................


THE FRANKFORT KY CLIMATE NORMALS FOR TODAY
                         NORMAL    RECORD    YEAR
 MAXIMUM TEMPERATURE (F)   41        73      1946
 MINIMUM TEMPERATURE (F)   23       -11      1942


SUNRISE AND SUNSET
JANUARY  6 2018.......SUNRISE   756 AM EST   SUNSET   535 PM EST
JANUARY  7 2018.......SUNRISE   756 AM EST   SUNSET   536 PM EST


-  INDICATES NEGATIVE NUMBERS.
R  INDICATES RECORD WAS SET OR TIED.
MM INDICATES DATA IS MISSING.
T  INDICATES TRACE AMOUNT.




$$
