000
CDUS43 KLMK 170631
CLIFFT


CLIMATE REPORT
NATIONAL WEATHER SERVICE LOUISVILLE KY
229 AM EDT MON AUG 17 2015


...................................

...THE FRANKFORT KY CLIMATE SUMMARY FOR AUGUST 16 2015...

CLIMATE NORMAL PERIOD 1981 TO 2010
CLIMATE RECORD PERIOD 1895 TO 2015


WEATHER ITEM   OBSERVED TIME   RECORD YEAR NORMAL DEPARTURE LAST
                VALUE   (LST)  VALUE       VALUE  FROM      YEAR
                                                  NORMAL
..................................................................
TEMPERATURE (F)
 YESTERDAY
  MAXIMUM         89    458 PM 103    2007  87      2       82
  MINIMUM         62    627 AM  49    1929  64     -2       55
  AVERAGE         76                        76      0       69

PRECIPITATION (IN)
  YESTERDAY        0.00          2.18 1985   0.11  -0.11     0.01
  MONTH TO DATE    2.25                      1.63   0.62     1.03
  SINCE JUN 1     19.48                     10.11   9.37     7.98
  SINCE JAN 1     42.88                     29.58  13.30    28.76

SNOWFALL (IN)
  YESTERDAY       MM            MM      MM  MM     MM       MM
  MONTH TO DATE   MM                        MM     MM       MM
  SINCE JUN 1     MM                        MM     MM       MM
  SINCE JUL 1     MM                        MM     MM       MM
  SNOW DEPTH      MM

DEGREE DAYS
 HEATING
  YESTERDAY        0                         0      0        0
  MONTH TO DATE    0                         0      0        0
  SINCE JUN 1     16                        10      6        6
  SINCE JUL 1      0                         0      0        3

 COOLING
  YESTERDAY       11                        11      0        4
  MONTH TO DATE  145                       176    -31      123
  SINCE JUN 1    789                       762     27      613
  SINCE JAN 1    944                       861     83      735
..................................................................


WIND (MPH)
  HIGHEST WIND SPEED     8   HIGHEST WIND DIRECTION     E (80)
  HIGHEST GUST SPEED     9   HIGHEST GUST DIRECTION     E (80)
  AVERAGE WIND SPEED     1.9


SKY COVER
  POSSIBLE SUNSHINE  MM
  AVERAGE SKY COVER 0.1


WEATHER CONDITIONS
 THE FOLLOWING WEATHER WAS RECORDED YESTERDAY.
  NO SIGNIFICANT WEATHER WAS OBSERVED.


RELATIVE HUMIDITY (PERCENT)
 HIGHEST    93           200 AM
 LOWEST     46           400 PM
 AVERAGE    70

..........................................................


THE FRANKFORT KY CLIMATE NORMALS FOR TODAY
                         NORMAL    RECORD    YEAR
 MAXIMUM TEMPERATURE (F)   87       100      1965
                                             1940
 MINIMUM TEMPERATURE (F)   64        52      1994
                                             1963


SUNRISE AND SUNSET
AUGUST 17 2015........SUNRISE   656 AM EDT   SUNSET   831 PM EDT
AUGUST 18 2015........SUNRISE   657 AM EDT   SUNSET   829 PM EDT


-  INDICATES NEGATIVE NUMBERS.
R  INDICATES RECORD WAS SET OR TIED.
MM INDICATES DATA IS MISSING.
T  INDICATES TRACE AMOUNT.

$$

SCHOETTMER
