000
CDUS43 KLMK 132134
CLIFFT


CLIMATE REPORT
NATIONAL WEATHER SERVICE LOUISVILLE KY
434 PM EST SUN NOV 13 2016


...................................

...THE FRANKFORT KY CLIMATE SUMMARY FOR NOVEMBER 13 2016...
VALID TODAY AS OF 0400 PM LOCAL TIME.

CLIMATE NORMAL PERIOD 1981 TO 2010
CLIMATE RECORD PERIOD 1895 TO 2016


WEATHER ITEM   OBSERVED TIME   RECORD YEAR NORMAL DEPARTURE LAST
                VALUE   (LST)  VALUE       VALUE  FROM      YEAR
                                                  NORMAL
..................................................................
TEMPERATURE (F)
 TODAY
  MAXIMUM         61    227 PM  76    1949  58      3       55
  MINIMUM         23    713 AM  16    1976  37    -14       36
                                      1911
  AVERAGE         42                        47     -5       46

PRECIPITATION (IN)
  TODAY            0.00          1.38 1935   0.11  -0.11     0.00
  MONTH TO DATE    0.25                      1.49  -1.24     1.16
  SINCE SEP 1      2.95                      8.06  -5.11     8.79
  SINCE JAN 1     39.00                     39.37  -0.37    52.43

SNOWFALL (IN)
  TODAY           MM            MM      MM  MM     MM       MM
  MONTH TO DATE   MM                        MM     MM       MM
  SINCE SEP 1     MM                        MM     MM       MM
  SINCE JUL 1     MM                        MM     MM       MM
  SNOW DEPTH      MM

DEGREE DAYS
 HEATING
  TODAY           23                        18      5       19
  MONTH TO DATE  158                       204    -46      154
  SINCE SEP 1    303                       544   -241      419
  SINCE JUL 1    303                       545   -242      420

 COOLING
  TODAY            0                         0      0        0
  MONTH TO DATE   12                         0     12        3
  SINCE SEP 1    348                       152    196      194
  SINCE JAN 1   1639                      1154    485     1232
..................................................................


WIND (MPH)
  HIGHEST WIND SPEED     7   HIGHEST WIND DIRECTION    SE (140)
  HIGHEST GUST SPEED     8   HIGHEST GUST DIRECTION    SE (150)
  AVERAGE WIND SPEED     0.7


SKY COVER
  POSSIBLE SUNSHINE  MM
  AVERAGE SKY COVER 0.0


WEATHER CONDITIONS
 THE FOLLOWING WEATHER WAS RECORDED TODAY.
  NO SIGNIFICANT WEATHER WAS OBSERVED.


RELATIVE HUMIDITY (PERCENT)
 HIGHEST    84           300 AM
 LOWEST     22           300 PM
 AVERAGE    53

..........................................................


THE FRANKFORT KY CLIMATE NORMALS FOR TOMORROW
                         NORMAL    RECORD    YEAR
 MAXIMUM TEMPERATURE (F)   57        80      1955
 MINIMUM TEMPERATURE (F)   36        14      1986


SUNRISE AND SUNSET
NOVEMBER 13 2016......SUNRISE   719 AM EST   SUNSET   528 PM EST
NOVEMBER 14 2016......SUNRISE   720 AM EST   SUNSET   528 PM EST


-  INDICATES NEGATIVE NUMBERS.
R  INDICATES RECORD WAS SET OR TIED.
MM INDICATES DATA IS MISSING.
T  INDICATES TRACE AMOUNT.




$$
