000
CDUS43 KLMK 050630
CLIFFT


CLIMATE REPORT
NATIONAL WEATHER SERVICE LOUISVILLE KY
229 AM EDT MON JUN 5 2017


...................................

...THE FRANKFORT KY CLIMATE SUMMARY FOR JUNE 4 2017...

CLIMATE NORMAL PERIOD 1981 TO 2010
CLIMATE RECORD PERIOD 1895 TO 2017


WEATHER ITEM   OBSERVED TIME   RECORD YEAR NORMAL DEPARTURE LAST
                VALUE   (LST)  VALUE       VALUE  FROM      YEAR
                                                  NORMAL
..................................................................
TEMPERATURE (F)
 YESTERDAY
  MAXIMUM         88    142 PM  97    1895  81      7       84
  MINIMUM         56    503 AM  41    1910  58     -2       67
  AVERAGE         72                        70      2       76

PRECIPITATION (IN)
  YESTERDAY        0.00          1.80 1895   0.16  -0.16     0.20
  MONTH TO DATE    0.00                      0.70  -0.70     1.47
  SINCE JUN 1      0.00                      0.70  -0.70     1.47
  SINCE JAN 1     20.48                     20.17   0.31    21.13

SNOWFALL (IN)
  YESTERDAY       MM            MM      MM  MM     MM       MM
  MONTH TO DATE   MM                        MM     MM       MM
  SINCE JUN 1     MM                        MM     MM       MM
  SINCE JUL 1     MM                        MM     MM       MM
  SNOW DEPTH      MM

DEGREE DAYS
 HEATING
  YESTERDAY        0                         1     -1        0
  MONTH TO DATE    0                         4     -4        0
  SINCE JUN 1      0                         4     -4        0
  SINCE JUL 1   3531                      4694  -1163     3873

 COOLING
  YESTERDAY        7                         5      2       11
  MONTH TO DATE   20                        20      0       38
  SINCE JUN 1     20                        20      0       38
  SINCE JAN 1    206                       119     87      153
..................................................................


WIND (MPH)
  HIGHEST WIND SPEED    10   HIGHEST WIND DIRECTION    SW (220)
  HIGHEST GUST SPEED    14   HIGHEST GUST DIRECTION    SW (220)
  AVERAGE WIND SPEED     3.1


SKY COVER
  POSSIBLE SUNSHINE  MM
  AVERAGE SKY COVER 0.0


WEATHER CONDITIONS
 THE FOLLOWING WEATHER WAS RECORDED YESTERDAY.
  NO SIGNIFICANT WEATHER WAS OBSERVED.


RELATIVE HUMIDITY (PERCENT)
 HIGHEST    86           300 AM
 LOWEST     29           100 PM
 AVERAGE    58

..........................................................


THE FRANKFORT KY CLIMATE NORMALS FOR TODAY
                         NORMAL    RECORD    YEAR
 MAXIMUM TEMPERATURE (F)   81        95      1949
                                             1942
                                             1936
 MINIMUM TEMPERATURE (F)   59        42      1990
                                             1945
                                             1910


SUNRISE AND SUNSET
JUNE  5 2017..........SUNRISE   617 AM EDT   SUNSET   900 PM EDT
JUNE  6 2017..........SUNRISE   617 AM EDT   SUNSET   900 PM EDT


-  INDICATES NEGATIVE NUMBERS.
R  INDICATES RECORD WAS SET OR TIED.
MM INDICATES DATA IS MISSING.
T  INDICATES TRACE AMOUNT.




$$
