000
CDUS43 KLMK 082028
CLIFFT


CLIMATE REPORT
NATIONAL WEATHER SERVICE LOUISVILLE KY
428 PM EDT SAT APR 8 2017


...................................

...THE FRANKFORT KY CLIMATE SUMMARY FOR APRIL 8 2017...
VALID TODAY AS OF 0400 PM LOCAL TIME.

CLIMATE NORMAL PERIOD 1981 TO 2010
CLIMATE RECORD PERIOD 1895 TO 2017


WEATHER ITEM   OBSERVED TIME   RECORD YEAR NORMAL DEPARTURE LAST
                VALUE   (LST)  VALUE       VALUE  FROM      YEAR
                                                  NORMAL
..................................................................
TEMPERATURE (F)
 TODAY
  MAXIMUM         65    259 PM  85    2001  65      0       48
  MINIMUM         30    626 AM  22    2007  41    -11       28
                                      1936
  AVERAGE         48                        53     -5       38

PRECIPITATION (IN)
  TODAY            0.00          2.44 1948   0.13  -0.13     0.08
  MONTH TO DATE    0.72                      0.90  -0.18     0.22
  SINCE MAR 1      5.81                      5.28   0.53     6.30
  SINCE JAN 1     11.91                     11.83   0.08    12.32

SNOWFALL (IN)
  TODAY           MM            MM      MM  MM     MM       MM
  MONTH TO DATE   MM                        MM     MM       MM
  SINCE MAR 1     MM                        MM     MM       MM
  SINCE JUL 1     MM                        MM     MM       MM
  SNOW DEPTH      MM

DEGREE DAYS
 HEATING
  TODAY           17                        13      4       27
  MONTH TO DATE   84                       111    -27      136
  SINCE MAR 1    617                       736   -119      546
  SINCE JUL 1   3387                      4375   -988     3618

 COOLING
  TODAY            0                         0      0        0
  MONTH TO DATE    1                         0      1        0
  SINCE MAR 1      7                         2      5        1
  SINCE JAN 1     10                         2      8        1
..................................................................


WIND (MPH)
  HIGHEST WIND SPEED     9   HIGHEST WIND DIRECTION    SW (230)
  HIGHEST GUST SPEED    12   HIGHEST GUST DIRECTION    SW (230)
  AVERAGE WIND SPEED     1.2


SKY COVER
  POSSIBLE SUNSHINE  MM
  AVERAGE SKY COVER 0.0


WEATHER CONDITIONS
 THE FOLLOWING WEATHER WAS RECORDED TODAY.
  NO SIGNIFICANT WEATHER WAS OBSERVED.


RELATIVE HUMIDITY (PERCENT)
 HIGHEST    85           500 AM
 LOWEST     19           200 PM
 AVERAGE    52

..........................................................


THE FRANKFORT KY CLIMATE NORMALS FOR TOMORROW
                         NORMAL    RECORD    YEAR
 MAXIMUM TEMPERATURE (F)   65        84      2001
                                             1919
                                             1915
 MINIMUM TEMPERATURE (F)   41        22      2007


SUNRISE AND SUNSET
APRIL  8 2017.........SUNRISE   714 AM EDT   SUNSET   810 PM EDT
APRIL  9 2017.........SUNRISE   712 AM EDT   SUNSET   810 PM EDT


-  INDICATES NEGATIVE NUMBERS.
R  INDICATES RECORD WAS SET OR TIED.
MM INDICATES DATA IS MISSING.
T  INDICATES TRACE AMOUNT.




$$
