000
CDUS43 KLMK 182026
CLIFFT


CLIMATE REPORT
NATIONAL WEATHER SERVICE LOUISVILLE KY
426 PM EDT WED OCT 18 2017


...................................

...THE FRANKFORT KY CLIMATE SUMMARY FOR OCTOBER 18 2017...
VALID TODAY AS OF 0400 PM LOCAL TIME.

CLIMATE NORMAL PERIOD 1981 TO 2010
CLIMATE RECORD PERIOD 1895 TO 2017


WEATHER ITEM   OBSERVED TIME   RECORD YEAR NORMAL DEPARTURE LAST
                VALUE   (LST)  VALUE       VALUE  FROM      YEAR
                                                  NORMAL
..................................................................
TEMPERATURE (F)
 TODAY
  MAXIMUM         71    229 PM  88    1938  68      3       85
  MINIMUM         38    723 AM  25    1948  44     -6       69
  AVERAGE         55                        56     -1       77

PRECIPITATION (IN)
  TODAY            0.00          3.11 2004   0.11  -0.11     0.00
  MONTH TO DATE    3.84                      1.82   2.02     0.09
  SINCE SEP 1      8.80                      5.15   3.65     2.14
  SINCE JAN 1     42.52                     36.46   6.06    38.19

SNOWFALL (IN)
  TODAY           MM            MM      MM  MM     MM       MM
  MONTH TO DATE   MM                        MM     MM       MM
  SINCE SEP 1     MM                        MM     MM       MM
  SINCE JUL 1     MM                        MM     MM       MM
  SNOW DEPTH      MM

DEGREE DAYS
 HEATING
  TODAY           10                        10      0        0
  MONTH TO DATE   46                       135    -89       44
  SINCE SEP 1     78                       188   -110       62
  SINCE JUL 1     78                       189   -111       62

 COOLING
  TODAY            0                         0      0       12
  MONTH TO DATE   44                        15     29       55
  SINCE SEP 1    186                       148     38      317
  SINCE JAN 1   1273                      1150    123     1608
..................................................................


WIND (MPH)
  HIGHEST WIND SPEED    14   HIGHEST WIND DIRECTION    SW (210)
  HIGHEST GUST SPEED    15   HIGHEST GUST DIRECTION     S (200)
  AVERAGE WIND SPEED     2.8


SKY COVER
  POSSIBLE SUNSHINE  MM
  AVERAGE SKY COVER 0.0


WEATHER CONDITIONS
 THE FOLLOWING WEATHER WAS RECORDED TODAY.
  FOG


RELATIVE HUMIDITY (PERCENT)
 HIGHEST    92           300 AM
 LOWEST     37           100 PM
 AVERAGE    65

..........................................................


THE FRANKFORT KY CLIMATE NORMALS FOR TOMORROW
                         NORMAL    RECORD    YEAR
 MAXIMUM TEMPERATURE (F)   67        88      1953
 MINIMUM TEMPERATURE (F)   43        27      1992
                                             1948


SUNRISE AND SUNSET
OCTOBER 18 2017.......SUNRISE   752 AM EDT   SUNSET   657 PM EDT
OCTOBER 19 2017.......SUNRISE   752 AM EDT   SUNSET   656 PM EDT


-  INDICATES NEGATIVE NUMBERS.
R  INDICATES RECORD WAS SET OR TIED.
MM INDICATES DATA IS MISSING.
T  INDICATES TRACE AMOUNT.




$$
