000
CDUS43 KLMK 240630
CLIFFT


CLIMATE REPORT
NATIONAL WEATHER SERVICE LOUISVILLE KY
229 AM EDT THU JUL 24 2014


...................................

...THE FRANKFORT KY CLIMATE SUMMARY FOR JULY 23 2014...

CLIMATE NORMAL PERIOD 1981 TO 2010
CLIMATE RECORD PERIOD 1895 TO 2014


WEATHER ITEM   OBSERVED TIME   RECORD YEAR NORMAL DEPARTURE LAST
                VALUE   (LST)  VALUE       VALUE  FROM      YEAR
                                                  NORMAL
..................................................................
TEMPERATURE (F)
 YESTERDAY
  MAXIMUM         87    431 PM 104    1934  87      0       87
  MINIMUM         70    536 AM  48    1947  66      4       69
  AVERAGE         79                        76      3       78

PRECIPITATION (IN)
  YESTERDAY        0.14          1.40 1895   0.16  -0.02     0.13
  MONTH TO DATE    1.49                      3.29  -1.80     7.35
  SINCE JUN 1      5.41                      7.38  -1.97    13.86
  SINCE JAN 1     26.19                     26.85  -0.66    32.53

SNOWFALL (IN)
  YESTERDAY       MM            MM      MM  MM     MM       MM
  MONTH TO DATE   MM                        MM     MM       MM
  SINCE JUN 1     MM                        MM     MM       MM
  SINCE JUL 1     MM                        MM     MM       MM
  SNOW DEPTH      MM

DEGREE DAYS
 HEATING
  YESTERDAY        0                         0      0        0
  MONTH TO DATE    1                         0      1        0
  SINCE JUN 1      4                        10     -6        2
  SINCE JUL 1      1                         0      1        0

 COOLING
  YESTERDAY       14                        11      3       13
  MONTH TO DATE  185                       253    -68      256
  SINCE JUN 1    450                       489    -39      497
  SINCE JAN 1    572                       588    -16      616
..................................................................


WIND (MPH)
  HIGHEST WIND SPEED    16   HIGHEST WIND DIRECTION    SW (230)
  HIGHEST GUST SPEED    20   HIGHEST GUST DIRECTION    SW (230)
  AVERAGE WIND SPEED     3.5


SKY COVER
  POSSIBLE SUNSHINE  MM
  AVERAGE SKY COVER 0.4


WEATHER CONDITIONS
 THE FOLLOWING WEATHER WAS RECORDED YESTERDAY.
  THUNDERSTORM
  HEAVY RAIN
  RAIN
  LIGHT RAIN
  FOG
  HAZE


RELATIVE HUMIDITY (PERCENT)
 HIGHEST    93           300 AM
 LOWEST     55           600 PM
 AVERAGE    74

..........................................................


THE FRANKFORT KY CLIMATE NORMALS FOR TODAY
                         NORMAL    RECORD    YEAR
 MAXIMUM TEMPERATURE (F)   87       105      1934
 MINIMUM TEMPERATURE (F)   66        50      1947


SUNRISE AND SUNSET
JULY 24 2014..........SUNRISE   635 AM EDT   SUNSET   856 PM EDT
JULY 25 2014..........SUNRISE   636 AM EDT   SUNSET   855 PM EDT


-  INDICATES NEGATIVE NUMBERS.
R  INDICATES RECORD WAS SET OR TIED.
MM INDICATES DATA IS MISSING.
T  INDICATES TRACE AMOUNT.




$$
