000
CDUS43 KLMK 120628
CLIFFT


CLIMATE REPORT
NATIONAL WEATHER SERVICE LOUISVILLE KY
227 AM EDT FRI SEP 12 2014


...................................

...THE FRANKFORT KY CLIMATE SUMMARY FOR SEPTEMBER 11 2014...

CLIMATE NORMAL PERIOD 1981 TO 2010
CLIMATE RECORD PERIOD 1895 TO 2014


WEATHER ITEM   OBSERVED TIME   RECORD YEAR NORMAL DEPARTURE LAST
                VALUE   (LST)  VALUE       VALUE  FROM      YEAR
                                                  NORMAL
..................................................................
TEMPERATURE (F)
 YESTERDAY
  MAXIMUM         78   1230 AM  99    1964  82     -4       89
  MINIMUM         59   1159 PM  42    1917  58      1       69
  AVERAGE         69                        70     -1       79

PRECIPITATION (IN)
  YESTERDAY        2.68R         1.64 1955   0.11   2.57     0.00
  MONTH TO DATE    2.74                      1.27   1.47     0.05
  SINCE SEP 1      2.74                      1.27   1.47     0.05
  SINCE JAN 1     36.03                     32.58   3.45    35.11

SNOWFALL (IN)
  YESTERDAY       MM            MM      MM  MM     MM       MM
  MONTH TO DATE   MM                        MM     MM       MM
  SINCE SEP 1     MM                        MM     MM       MM
  SINCE JUL 1     MM                        MM     MM       MM
  SNOW DEPTH      MM

DEGREE DAYS
 HEATING
  YESTERDAY        0                         1     -1        0
  MONTH TO DATE    0                         2     -2        0
  SINCE SEP 1      0                         2     -2        0
  SINCE JUL 1      3                         3      0        4

 COOLING
  YESTERDAY        4                         5     -1       14
  MONTH TO DATE  100                        73     27      108
  SINCE SEP 1    100                        73     27      108
  SINCE JAN 1   1026                      1075    -49     1044
..................................................................


WIND (MPH)
  HIGHEST WIND SPEED    16   HIGHEST WIND DIRECTION    SW (240)
  HIGHEST GUST SPEED    24   HIGHEST GUST DIRECTION    SW (220)
  AVERAGE WIND SPEED     6.0


SKY COVER
  POSSIBLE SUNSHINE  MM
  AVERAGE SKY COVER 0.8


WEATHER CONDITIONS
 THE FOLLOWING WEATHER WAS RECORDED YESTERDAY.
  THUNDERSTORM
  HEAVY RAIN
  RAIN
  LIGHT RAIN
  FOG


RELATIVE HUMIDITY (PERCENT)
 HIGHEST   100           500 AM
 LOWEST     74          1200 AM
 AVERAGE    87

..........................................................


THE FRANKFORT KY CLIMATE NORMALS FOR TODAY
                         NORMAL    RECORD    YEAR
 MAXIMUM TEMPERATURE (F)   81        97      1983
                                             1939
                                             1936
 MINIMUM TEMPERATURE (F)   57        40      1940
                                             1917


SUNRISE AND SUNSET
SEPTEMBER 12 2014.....SUNRISE   719 AM EDT   SUNSET   752 PM EDT
SEPTEMBER 13 2014.....SUNRISE   720 AM EDT   SUNSET   751 PM EDT


-  INDICATES NEGATIVE NUMBERS.
R  INDICATES RECORD WAS SET OR TIED.
MM INDICATES DATA IS MISSING.
T  INDICATES TRACE AMOUNT.




$$
