000
CDUS43 KLMK 172140
CLIFFT


CLIMATE REPORT
NATIONAL WEATHER SERVICE LOUISVILLE KY
438 PM EST TUE FEB 17 2015


...................................

...THE FRANKFORT KY CLIMATE SUMMARY FOR FEBRUARY 17 2015...
VALID TODAY AS OF 0400 PM LOCAL TIME.

CLIMATE NORMAL PERIOD 1981 TO 2010
CLIMATE RECORD PERIOD 1895 TO 2015


WEATHER ITEM   OBSERVED TIME   RECORD YEAR NORMAL DEPARTURE LAST
                VALUE   (LST)  VALUE       VALUE  FROM      YEAR
                                                  NORMAL
..................................................................
TEMPERATURE (F)
 TODAY
  MAXIMUM         23    259 PM  73    1927  47    -24       42
  MINIMUM         -9R   800 AM   0    1903  27    -36       22
  AVERAGE          7                        37    -30       32

PRECIPITATION (IN)
  TODAY            0.00          1.36 1910   0.10  -0.10     0.36
  MONTH TO DATE    0.91                      1.84  -0.93     3.32
  SINCE DEC 1      5.52                      9.11  -3.59    10.54
  SINCE JAN 1      2.37                      5.10  -2.73     5.60

SNOWFALL (IN)
  TODAY           MM            MM      MM  MM     MM       MM
  MONTH TO DATE   MM                        MM     MM       MM
  SINCE DEC 1     MM                        MM     MM       MM
  SINCE JUL 1     MM                        MM     MM       MM
  SNOW DEPTH      MM

DEGREE DAYS
 HEATING
  TODAY           58                        28     30       33
  MONTH TO DATE  608                       507    101      655
  SINCE DEC 1   2483                      2434     49     2757
  SINCE JUL 1   3611                      3345    266     3800

 COOLING
  TODAY            0                         0      0        0
  MONTH TO DATE    0                         0      0        0
  SINCE DEC 1      0                         0      0        0
  SINCE JAN 1      0                         0      0        0
..................................................................


WIND (MPH)
  HIGHEST WIND SPEED    13   HIGHEST WIND DIRECTION    SW (230)
  HIGHEST GUST SPEED    15   HIGHEST GUST DIRECTION    SW (220)
  AVERAGE WIND SPEED     3.7


SKY COVER
  POSSIBLE SUNSHINE  MM
  AVERAGE SKY COVER 0.4


WEATHER CONDITIONS
 THE FOLLOWING WEATHER WAS RECORDED TODAY.
  FOG
  HAZE


RELATIVE HUMIDITY (PERCENT)
 HIGHEST    87           500 AM
 LOWEST     41           200 PM
 AVERAGE    64

..........................................................


THE FRANKFORT KY CLIMATE NORMALS FOR TOMORROW
                         NORMAL    RECORD    YEAR
 MAXIMUM TEMPERATURE (F)   47        72      1948
 MINIMUM TEMPERATURE (F)   27        -6      1936


SUNRISE AND SUNSET
FEBRUARY 17 2015......SUNRISE   728 AM EST   SUNSET   620 PM EST
FEBRUARY 18 2015......SUNRISE   726 AM EST   SUNSET   621 PM EST


-  INDICATES NEGATIVE NUMBERS.
R  INDICATES RECORD WAS SET OR TIED.
MM INDICATES DATA IS MISSING.
T  INDICATES TRACE AMOUNT.




$$
