000
CDUS43 KLMK 280633
CLIFFT


CLIMATE REPORT
NATIONAL WEATHER SERVICE LOUISVILLE KY
132 AM EST THU JAN 28 2016


...................................

...THE FRANKFORT KY CLIMATE SUMMARY FOR JANUARY 27 2016...

CLIMATE NORMAL PERIOD 1981 TO 2010
CLIMATE RECORD PERIOD 1895 TO 2016


WEATHER ITEM   OBSERVED TIME   RECORD YEAR NORMAL DEPARTURE LAST
                VALUE   (LST)  VALUE       VALUE  FROM      YEAR
                                                  NORMAL
..................................................................
TEMPERATURE (F)
 YESTERDAY
  MAXIMUM         34    443 PM  75    1944  43     -9       34
  MINIMUM         20   1151 PM -13    1936  24     -4       22
  AVERAGE         27                        33     -6       28

PRECIPITATION (IN)
  YESTERDAY        0.00          1.62 2009   0.11  -0.11     0.01
  MONTH TO DATE    1.42                      2.87  -1.45     1.39
  SINCE DEC 1      7.68                      6.88   0.80     4.54
  SINCE JAN 1      1.42                      2.87  -1.45     1.39

SNOWFALL (IN)
  YESTERDAY       MM            MM      MM  MM     MM       MM
  MONTH TO DATE   MM                        MM     MM       MM
  SINCE DEC 1     MM                        MM     MM       MM
  SINCE JUL 1     MM                        MM     MM       MM
  SNOW DEPTH      MM

DEGREE DAYS
 HEATING
  YESTERDAY       38                        32      6       37
  MONTH TO DATE  946                       883     63      923
  SINCE DEC 1   1476                      1804   -328     1741
  SINCE JUL 1   2210                      2715   -505     2869

 COOLING
  YESTERDAY        0                         0      0        0
  MONTH TO DATE    0                         0      0        0
  SINCE DEC 1      1                         0      1        0
  SINCE JAN 1      0                         0      0        0
..................................................................


WIND (MPH)
  HIGHEST WIND SPEED    13   HIGHEST WIND DIRECTION     W (290)
  HIGHEST GUST SPEED    18   HIGHEST GUST DIRECTION     W (280)
  AVERAGE WIND SPEED     3.5


SKY COVER
  POSSIBLE SUNSHINE  MM
  AVERAGE SKY COVER 0.6


WEATHER CONDITIONS
 THE FOLLOWING WEATHER WAS RECORDED YESTERDAY.
  NO SIGNIFICANT WEATHER WAS OBSERVED.


RELATIVE HUMIDITY (PERCENT)
 HIGHEST    81          1000 PM
 LOWEST     56           100 PM
 AVERAGE    69

..........................................................


THE FRANKFORT KY CLIMATE NORMALS FOR TODAY
                         NORMAL    RECORD    YEAR
 MAXIMUM TEMPERATURE (F)   43        70      1944
 MINIMUM TEMPERATURE (F)   24       -20      1963


SUNRISE AND SUNSET
JANUARY 28 2016.......SUNRISE   748 AM EST   SUNSET   557 PM EST
JANUARY 29 2016.......SUNRISE   747 AM EST   SUNSET   558 PM EST


-  INDICATES NEGATIVE NUMBERS.
R  INDICATES RECORD WAS SET OR TIED.
MM INDICATES DATA IS MISSING.
T  INDICATES TRACE AMOUNT.




$$
