000
CDUS43 KLMK 120626
CLIFFT


CLIMATE REPORT
NATIONAL WEATHER SERVICE LOUISVILLE KY
226 AM EDT SAT JUL 12 2014


...................................

...THE FRANKFORT KY CLIMATE SUMMARY FOR JULY 11 2014...

CLIMATE NORMAL PERIOD 1981 TO 2010
CLIMATE RECORD PERIOD 1895 TO 2014


WEATHER ITEM   OBSERVED TIME   RECORD YEAR NORMAL DEPARTURE LAST
                VALUE   (LST)  VALUE       VALUE  FROM      YEAR
                                                  NORMAL
..................................................................
TEMPERATURE (F)
 YESTERDAY
  MAXIMUM         88    351 PM 107    1936  87      1       84
  MINIMUM         60    330 AM  51    1963  66     -6       68
  AVERAGE         74                        76     -2       76

PRECIPITATION (IN)
  YESTERDAY        0.00          2.09 2006   0.14  -0.14     0.00
  MONTH TO DATE    0.66                      1.43  -0.77     5.61
  SINCE JUN 1      4.58                      5.52  -0.94    12.12
  SINCE JAN 1     25.36                     24.99   0.37    30.79

SNOWFALL (IN)
  YESTERDAY       MM            MM      MM  MM     MM       MM
  MONTH TO DATE   MM                        MM     MM       MM
  SINCE JUN 1     MM                        MM     MM       MM
  SINCE JUL 1     MM                        MM     MM       MM
  SNOW DEPTH      MM

DEGREE DAYS
 HEATING
  YESTERDAY        0                         0      0        0
  MONTH TO DATE    0                         0      0        0
  SINCE JUN 1      3                        10     -7        2
  SINCE JUL 1      0                         0      0        0

 COOLING
  YESTERDAY        9                        11     -2       11
  MONTH TO DATE   92                       121    -29       96
  SINCE JUN 1    357                       357      0      337
  SINCE JAN 1    479                       456     23      456
..................................................................


WIND (MPH)
  HIGHEST WIND SPEED     9   HIGHEST WIND DIRECTION     W (280)
  HIGHEST GUST SPEED    12   HIGHEST GUST DIRECTION     W (260)
  AVERAGE WIND SPEED     1.9


SKY COVER
  POSSIBLE SUNSHINE  MM
  AVERAGE SKY COVER 0.1


WEATHER CONDITIONS
 THE FOLLOWING WEATHER WAS RECORDED YESTERDAY.
  NO SIGNIFICANT WEATHER WAS OBSERVED.


RELATIVE HUMIDITY (PERCENT)
 HIGHEST    90           200 AM
 LOWEST     39           300 PM
 AVERAGE    65

..........................................................


THE FRANKFORT KY CLIMATE NORMALS FOR TODAY
                         NORMAL    RECORD    YEAR
 MAXIMUM TEMPERATURE (F)   87       107      1936
 MINIMUM TEMPERATURE (F)   66        51      1963
                                             1945


SUNRISE AND SUNSET
JULY 12 2014..........SUNRISE   626 AM EDT   SUNSET   904 PM EDT
JULY 13 2014..........SUNRISE   627 AM EDT   SUNSET   903 PM EDT


-  INDICATES NEGATIVE NUMBERS.
R  INDICATES RECORD WAS SET OR TIED.
MM INDICATES DATA IS MISSING.
T  INDICATES TRACE AMOUNT.




$$
