414
CDUS43 KLMK 120629
CLIFFT


CLIMATE REPORT
NATIONAL WEATHER SERVICE LOUISVILLE KY
228 AM EDT FRI MAY 12 2017


...................................

...THE FRANKFORT KY CLIMATE SUMMARY FOR MAY 11 2017...

CLIMATE NORMAL PERIOD 1981 TO 2010
CLIMATE RECORD PERIOD 1895 TO 2017


WEATHER ITEM   OBSERVED TIME   RECORD YEAR NORMAL DEPARTURE LAST
                VALUE   (LST)  VALUE       VALUE  FROM      YEAR
                                                  NORMAL
..................................................................
TEMPERATURE (F)
 YESTERDAY
  MAXIMUM         76   1257 PM  93    1896  74      2       84
  MINIMUM         61   1159 PM  32    1954  51     10       56
                                      1947
  AVERAGE         69                        62      7       70

PRECIPITATION (IN)
  YESTERDAY        1.49R         1.29 1962   0.16   1.33     0.22
  MONTH TO DATE    2.83                      1.79   1.04     2.19
  SINCE MAR 1     11.26                      9.86   1.40    11.34
  SINCE JAN 1     17.36                     16.41   0.95    17.36

SNOWFALL (IN)
  YESTERDAY       MM            MM      MM  MM     MM       MM
  MONTH TO DATE   MM                        MM     MM       MM
  SINCE MAR 1     MM                        MM     MM       MM
  SINCE JUL 1     MM                        MM     MM       MM
  SNOW DEPTH      MM

DEGREE DAYS
 HEATING
  YESTERDAY        0                         4     -4        0
  MONTH TO DATE   74                        56     18       46
  SINCE MAR 1    743                       995   -252      712
  SINCE JUL 1   3513                      4634  -1121     3784

 COOLING
  YESTERDAY        4                         2      2        5
  MONTH TO DATE   13                        14     -1       17
  SINCE MAR 1     86                        34     52       43
  SINCE JAN 1     89                        34     55       43
..................................................................


WIND (MPH)
  HIGHEST WIND SPEED    24   HIGHEST WIND DIRECTION    NW (300)
  HIGHEST GUST SPEED    35   HIGHEST GUST DIRECTION    NW (310)
  AVERAGE WIND SPEED     6.2


SKY COVER
  POSSIBLE SUNSHINE  MM
  AVERAGE SKY COVER 0.9


WEATHER CONDITIONS
 THE FOLLOWING WEATHER WAS RECORDED YESTERDAY.
  THUNDERSTORM
  HEAVY RAIN
  RAIN
  LIGHT RAIN
  FOG
  HAZE


RELATIVE HUMIDITY (PERCENT)
 HIGHEST    87           500 AM
 LOWEST     68          1200 AM
 AVERAGE    78

..........................................................


THE FRANKFORT KY CLIMATE NORMALS FOR TODAY
                         NORMAL    RECORD    YEAR
 MAXIMUM TEMPERATURE (F)   74        92      1914
 MINIMUM TEMPERATURE (F)   51        34      1941


SUNRISE AND SUNSET
MAY 12 2017...........SUNRISE   631 AM EDT   SUNSET   841 PM EDT
MAY 13 2017...........SUNRISE   630 AM EDT   SUNSET   842 PM EDT


-  INDICATES NEGATIVE NUMBERS.
R  INDICATES RECORD WAS SET OR TIED.
MM INDICATES DATA IS MISSING.
T  INDICATES TRACE AMOUNT.




$$
