000
CDUS43 KLMK 182126
CLIFFT


CLIMATE REPORT
NATIONAL WEATHER SERVICE LOUISVILLE KY
426 PM EST FRI NOV 18 2016


...................................

...THE FRANKFORT KY CLIMATE SUMMARY FOR NOVEMBER 18 2016...
VALID TODAY AS OF 0400 PM LOCAL TIME.

CLIMATE NORMAL PERIOD 1981 TO 2010
CLIMATE RECORD PERIOD 1895 TO 2016


WEATHER ITEM   OBSERVED TIME   RECORD YEAR NORMAL DEPARTURE LAST
                VALUE   (LST)  VALUE       VALUE  FROM      YEAR
                                                  NORMAL
..................................................................
TEMPERATURE (F)
 TODAY
  MAXIMUM         78    259 PM  82    1958  55     23       65
  MINIMUM         46    646 AM   9    2014  35     11       53
  AVERAGE         62                        45     17       59

PRECIPITATION (IN)
  TODAY            0.00          1.30 1980   0.12  -0.12     1.28
                                      1906
  MONTH TO DATE    0.25                      2.12  -1.87     2.49
  SINCE SEP 1      2.95                      8.69  -5.74    10.12
  SINCE JAN 1     39.00                     40.00  -1.00    53.76

SNOWFALL (IN)
  TODAY           MM            MM      MM  MM     MM       MM
  MONTH TO DATE   MM                        MM     MM       MM
  SINCE SEP 1     MM                        MM     MM       MM
  SINCE JUL 1     MM                        MM     MM       MM
  SNOW DEPTH      MM

DEGREE DAYS
 HEATING
  TODAY            3                        20    -17        6
  MONTH TO DATE  223                       299    -76      232
  SINCE SEP 1    368                       639   -271      497
  SINCE JUL 1    368                       640   -272      498

 COOLING
  TODAY            0                         0      0        0
  MONTH TO DATE   12                         0     12        3
  SINCE SEP 1    348                       152    196      194
  SINCE JAN 1   1639                      1154    485     1232
..................................................................


WIND (MPH)
  HIGHEST WIND SPEED    22   HIGHEST WIND DIRECTION    SW (210)
  HIGHEST GUST SPEED    27   HIGHEST GUST DIRECTION    SW (220)
  AVERAGE WIND SPEED     7.9


SKY COVER
  POSSIBLE SUNSHINE  MM
  AVERAGE SKY COVER 0.0


WEATHER CONDITIONS
 THE FOLLOWING WEATHER WAS RECORDED TODAY.
  NO SIGNIFICANT WEATHER WAS OBSERVED.


RELATIVE HUMIDITY (PERCENT)
 HIGHEST    71           300 AM
 LOWEST     23           300 PM
 AVERAGE    47

..........................................................


THE FRANKFORT KY CLIMATE NORMALS FOR TOMORROW
                         NORMAL    RECORD    YEAR
 MAXIMUM TEMPERATURE (F)   55        79      1985
 MINIMUM TEMPERATURE (F)   35        11      2014


SUNRISE AND SUNSET
NOVEMBER 18 2016......SUNRISE   724 AM EST   SUNSET   525 PM EST
NOVEMBER 19 2016......SUNRISE   725 AM EST   SUNSET   524 PM EST


-  INDICATES NEGATIVE NUMBERS.
R  INDICATES RECORD WAS SET OR TIED.
MM INDICATES DATA IS MISSING.
T  INDICATES TRACE AMOUNT.




$$
