000
CDUS43 KLMK 240626
CLIFFT


CLIMATE REPORT
NATIONAL WEATHER SERVICE LOUISVILLE KY
226 AM EDT SUN SEP 24 2017


...................................

...THE FRANKFORT KY CLIMATE SUMMARY FOR SEPTEMBER 23 2017...

CLIMATE NORMAL PERIOD 1981 TO 2010
CLIMATE RECORD PERIOD 1895 TO 2017


WEATHER ITEM   OBSERVED TIME   RECORD YEAR NORMAL DEPARTURE LAST
                VALUE   (LST)  VALUE       VALUE  FROM      YEAR
                                                  NORMAL
..................................................................
TEMPERATURE (F)
 YESTERDAY
  MAXIMUM         89    449 PM  94    2010  77     12       91
                                      2007
                                      1945
  MINIMUM         62    708 AM  33    1982  53      9       62
  AVERAGE         76                        65     11       77

PRECIPITATION (IN)
  YESTERDAY        0.00          2.38 2006   0.10  -0.10     0.00
  MONTH TO DATE    4.96                      2.54   2.42     0.92
  SINCE SEP 1      4.96                      2.54   2.42     0.92
  SINCE JAN 1     38.68                     33.85   4.83    36.97

SNOWFALL (IN)
  YESTERDAY       MM            MM      MM  MM     MM       MM
  MONTH TO DATE   MM                        MM     MM       MM
  SINCE SEP 1     MM                        MM     MM       MM
  SINCE JUL 1     MM                        MM     MM       MM
  SNOW DEPTH      MM

DEGREE DAYS
 HEATING
  YESTERDAY        0                         3     -3        0
  MONTH TO DATE   29                        24      5        0
  SINCE SEP 1     29                        24      5        0
  SINCE JUL 1     29                        25      4        0

 COOLING
  YESTERDAY       11                         3      8       12
  MONTH TO DATE   98                       118    -20      236
  SINCE SEP 1     98                       118    -20      236
  SINCE JAN 1   1185                      1120     65     1527
..................................................................


WIND (MPH)
  HIGHEST WIND SPEED    10   HIGHEST WIND DIRECTION     E (90)
  HIGHEST GUST SPEED    12   HIGHEST GUST DIRECTION     E (110)
  AVERAGE WIND SPEED     2.5


SKY COVER
  POSSIBLE SUNSHINE  MM
  AVERAGE SKY COVER 0.0


WEATHER CONDITIONS
 THE FOLLOWING WEATHER WAS RECORDED YESTERDAY.
  FOG
  HAZE


RELATIVE HUMIDITY (PERCENT)
 HIGHEST    93           100 AM
 LOWEST     36           300 PM
 AVERAGE    65

..........................................................


THE FRANKFORT KY CLIMATE NORMALS FOR TODAY
                         NORMAL    RECORD    YEAR
 MAXIMUM TEMPERATURE (F)   76        94      2007
                                             1941
 MINIMUM TEMPERATURE (F)   52        34      1928


SUNRISE AND SUNSET
SEPTEMBER 24 2017.....SUNRISE   729 AM EDT   SUNSET   733 PM EDT
SEPTEMBER 25 2017.....SUNRISE   730 AM EDT   SUNSET   731 PM EDT


-  INDICATES NEGATIVE NUMBERS.
R  INDICATES RECORD WAS SET OR TIED.
MM INDICATES DATA IS MISSING.
T  INDICATES TRACE AMOUNT.




$$
