000
CDUS43 KLMK 280627
CLIFFT


CLIMATE REPORT
NATIONAL WEATHER SERVICE LOUISVILLE KY
227 AM EDT THU APR 28 2016


...................................

...THE FRANKFORT KY CLIMATE SUMMARY FOR APRIL 27 2016...

CLIMATE NORMAL PERIOD 1981 TO 2010
CLIMATE RECORD PERIOD 1895 TO 2016


WEATHER ITEM   OBSERVED TIME   RECORD YEAR NORMAL DEPARTURE LAST
                VALUE   (LST)  VALUE       VALUE  FROM      YEAR
                                                  NORMAL
..................................................................
TEMPERATURE (F)
 YESTERDAY
  MAXIMUM         71   1120 AM  95    1914  71      0       64
  MINIMUM         61   1159 PM  31    1976  47     14       34
  AVERAGE         66                        59      7       49

PRECIPITATION (IN)
  YESTERDAY        1.12          2.31 1912   0.14   0.98     0.00
  MONTH TO DATE    2.55                      3.26  -0.71    11.09
  SINCE MAR 1      8.63                      7.64   0.99    18.77
  SINCE JAN 1     14.65                     14.19   0.46    22.33

SNOWFALL (IN)
  YESTERDAY       MM            MM      MM  MM     MM       MM
  MONTH TO DATE   MM                        MM     MM       MM
  SINCE MAR 1     MM                        MM     MM       MM
  SINCE JUL 1     MM                        MM     MM       MM
  SNOW DEPTH      MM

DEGREE DAYS
 HEATING
  YESTERDAY        0                         7     -7       16
  MONTH TO DATE  249                       295    -46      238
  SINCE MAR 1    659                       920   -261      910
  SINCE JUL 1   3731                      4559   -828     5030

 COOLING
  YESTERDAY        1                         1      0        0
  MONTH TO DATE   22                        19      3        8
  SINCE MAR 1     23                        21      2        8
  SINCE JAN 1     23                        21      2        8
..................................................................


WIND (MPH)
  HIGHEST WIND SPEED    20   HIGHEST WIND DIRECTION     W (270)
  HIGHEST GUST SPEED    32   HIGHEST GUST DIRECTION     W (270)
  AVERAGE WIND SPEED     6.2


SKY COVER
  POSSIBLE SUNSHINE  MM
  AVERAGE SKY COVER 0.8


WEATHER CONDITIONS
 THE FOLLOWING WEATHER WAS RECORDED YESTERDAY.
  THUNDERSTORM
  HEAVY RAIN
  RAIN
  LIGHT RAIN
  FOG
  HAZE


RELATIVE HUMIDITY (PERCENT)
 HIGHEST    93           300 PM
 LOWEST     73          1200 PM
 AVERAGE    83

..........................................................


THE FRANKFORT KY CLIMATE NORMALS FOR TODAY
                         NORMAL    RECORD    YEAR
 MAXIMUM TEMPERATURE (F)   71        89      1986
 MINIMUM TEMPERATURE (F)   47        29      1934


SUNRISE AND SUNSET
APRIL 28 2016.........SUNRISE   646 AM EDT   SUNSET   828 PM EDT
APRIL 29 2016.........SUNRISE   645 AM EDT   SUNSET   829 PM EDT


-  INDICATES NEGATIVE NUMBERS.
R  INDICATES RECORD WAS SET OR TIED.
MM INDICATES DATA IS MISSING.
T  INDICATES TRACE AMOUNT.




$$
