231
CDUS43 KLMK 182126
CLIFFT


CLIMATE REPORT
NATIONAL WEATHER SERVICE LOUISVILLE KY
425 PM EST SAT NOV 18 2017


...................................

...THE FRANKFORT KY CLIMATE SUMMARY FOR NOVEMBER 18 2017...
VALID TODAY AS OF 0400 PM LOCAL TIME.

CLIMATE NORMAL PERIOD 1981 TO 2010
CLIMATE RECORD PERIOD 1895 TO 2017


WEATHER ITEM   OBSERVED TIME   RECORD YEAR NORMAL DEPARTURE LAST
                VALUE   (LST)  VALUE       VALUE  FROM      YEAR
                                                  NORMAL
..................................................................
TEMPERATURE (F)
 TODAY
  MAXIMUM         66    148 PM  82    1958  55     11       78
  MINIMUM         54   1220 AM   9    2014  35     19       46
  AVERAGE         60                        45     15       62

PRECIPITATION (IN)
  TODAY            0.03          1.30 1980   0.12  -0.09     0.00
                                      1906
  MONTH TO DATE    2.20                      2.12   0.08     0.25
  SINCE SEP 1     12.60                      8.69   3.91     2.95
  SINCE JAN 1     46.32                     40.00   6.32    39.00

SNOWFALL (IN)
  TODAY            0.0          MM      MM  MM     MM       MM
  MONTH TO DATE    0.0                      MM     MM       MM
  SINCE SEP 1      0.0                      MM     MM       MM
  SINCE JUL 1      0.0                      MM     MM       MM
  SNOW DEPTH       0

DEGREE DAYS
 HEATING
  TODAY            5                        20    -15        3
  MONTH TO DATE  271                       299    -28      223
  SINCE SEP 1    530                       639   -109      368
  SINCE JUL 1    530                       640   -110      368

 COOLING
  TODAY            0                         0      0        0
  MONTH TO DATE    6                         0      6       12
  SINCE SEP 1    192                       152     40      348
  SINCE JAN 1   1279                      1154    125     1639
..................................................................


WIND (MPH)
  HIGHEST WIND SPEED    35   HIGHEST WIND DIRECTION     S (200)
  HIGHEST GUST SPEED    53   HIGHEST GUST DIRECTION     S (200)
  AVERAGE WIND SPEED    21.9


SKY COVER
  POSSIBLE SUNSHINE  MM
  AVERAGE SKY COVER 0.8


WEATHER CONDITIONS
 THE FOLLOWING WEATHER WAS RECORDED TODAY.
  RAIN
  LIGHT RAIN


RELATIVE HUMIDITY (PERCENT)
 HIGHEST    73           200 PM
 LOWEST     50          1200 AM
 AVERAGE    62

..........................................................


THE FRANKFORT KY CLIMATE NORMALS FOR TOMORROW
                         NORMAL    RECORD    YEAR
 MAXIMUM TEMPERATURE (F)   55        79      1985
 MINIMUM TEMPERATURE (F)   35        11      2014


SUNRISE AND SUNSET
NOVEMBER 18 2017......SUNRISE   724 AM EST   SUNSET   525 PM EST
NOVEMBER 19 2017......SUNRISE   725 AM EST   SUNSET   525 PM EST


-  INDICATES NEGATIVE NUMBERS.
R  INDICATES RECORD WAS SET OR TIED.
MM INDICATES DATA IS MISSING.
T  INDICATES TRACE AMOUNT.




$$
