000
CDUS43 KLMK 272031
CLIFFT


CLIMATE REPORT
NATIONAL WEATHER SERVICE LOUISVILLE KY
430 PM EDT MON OCT 27 2014


...................................

...THE FRANKFORT KY CLIMATE SUMMARY FOR OCTOBER 27 2014...
VALID TODAY AS OF 0400 PM LOCAL TIME.

CLIMATE NORMAL PERIOD 1981 TO 2010
CLIMATE RECORD PERIOD 1895 TO 2014


WEATHER ITEM   OBSERVED TIME   RECORD YEAR NORMAL DEPARTURE LAST
                VALUE   (LST)  VALUE       VALUE  FROM      YEAR
                                                  NORMAL
..................................................................
TEMPERATURE (F)
 TODAY
  MAXIMUM         82    314 PM  89    1940  65     17       60
  MINIMUM         46    136 AM  22    1962  41      5       29
  AVERAGE         64                        53     11       45

PRECIPITATION (IN)
  TODAY            0.00          1.57 2006   0.10  -0.10     0.00
  MONTH TO DATE    3.95                      2.80   1.15     3.58
  SINCE SEP 1      6.78                      6.13   0.65     5.30
  SINCE JAN 1     40.07                     37.44   2.63    40.36

SNOWFALL (IN)
  TODAY           MM            MM      MM  MM     MM       MM
  MONTH TO DATE   MM                        MM     MM       MM
  SINCE SEP 1     MM                        MM     MM       MM
  SINCE JUL 1     MM                        MM     MM       MM
  SNOW DEPTH      MM

DEGREE DAYS
 HEATING
  TODAY            1                        12    -11       20
  MONTH TO DATE  230                       235     -5      271
  SINCE SEP 1    288                       288      0      297
  SINCE JUL 1    291                       289      2      301

 COOLING
  TODAY            0                         0      0        0
  MONTH TO DATE   16                        15      1       40
  SINCE SEP 1    144                       148     -4      191
  SINCE JAN 1   1070                      1150    -80     1127
..................................................................


WIND (MPH)
  HIGHEST WIND SPEED    20   HIGHEST WIND DIRECTION    SW (210)
  HIGHEST GUST SPEED    26   HIGHEST GUST DIRECTION    SW (230)
  AVERAGE WIND SPEED     5.9


SKY COVER
  POSSIBLE SUNSHINE  MM
  AVERAGE SKY COVER 0.2


WEATHER CONDITIONS
 THE FOLLOWING WEATHER WAS RECORDED TODAY.
  LIGHT RAIN


RELATIVE HUMIDITY (PERCENT)
 HIGHEST    82           200 AM
 LOWEST     45           300 PM
 AVERAGE    64

..........................................................


THE FRANKFORT KY CLIMATE NORMALS FOR TOMORROW
                         NORMAL    RECORD    YEAR
 MAXIMUM TEMPERATURE (F)   64        88      1963
 MINIMUM TEMPERATURE (F)   41        22      1976


SUNRISE AND SUNSET
OCTOBER 27 2014.......SUNRISE   800 AM EDT   SUNSET   646 PM EDT
OCTOBER 28 2014.......SUNRISE   801 AM EDT   SUNSET   645 PM EDT


-  INDICATES NEGATIVE NUMBERS.
R  INDICATES RECORD WAS SET OR TIED.
MM INDICATES DATA IS MISSING.
T  INDICATES TRACE AMOUNT.




$$
