000
CDUS43 KLMK 282039
CLIFFT


CLIMATE REPORT
NATIONAL WEATHER SERVICE LOUISVILLE KY
439 PM EDT SUN SEP 28 2014


...................................

...THE FRANKFORT KY CLIMATE SUMMARY FOR SEPTEMBER 28 2014...
VALID TODAY AS OF 0400 PM LOCAL TIME.

CLIMATE NORMAL PERIOD 1981 TO 2010
CLIMATE RECORD PERIOD 1895 TO 2014


WEATHER ITEM   OBSERVED TIME   RECORD YEAR NORMAL DEPARTURE LAST
                VALUE   (LST)  VALUE       VALUE  FROM      YEAR
                                                  NORMAL
..................................................................
TEMPERATURE (F)
 TODAY
  MAXIMUM         83    229 PM  95    1939  75      8       81
  MINIMUM         58    727 AM  31    1942  50      8       50
  AVERAGE         71                        63      8       66

PRECIPITATION (IN)
  TODAY            0.00          3.40 1996   0.12  -0.12     0.00
  MONTH TO DATE    2.83                      3.08  -0.25     1.71
  SINCE SEP 1      2.83                      3.08  -0.25     1.71
  SINCE JAN 1     36.12                     34.39   1.73    36.77

SNOWFALL (IN)
  TODAY           MM            MM      MM  MM     MM       MM
  MONTH TO DATE   MM                        MM     MM       MM
  SINCE SEP 1     MM                        MM     MM       MM
  SINCE JUL 1     MM                        MM     MM       MM
  SNOW DEPTH      MM

DEGREE DAYS
 HEATING
  TODAY            0                         4     -4        0
  MONTH TO DATE   58                        42     16       24
  SINCE SEP 1     58                        42     16       24
  SINCE JUL 1     61                        43     18       28

 COOLING
  TODAY            6                         2      4        1
  MONTH TO DATE  121                       128     -7      147
  SINCE SEP 1    121                       128     -7      147
  SINCE JAN 1   1047                      1130    -83     1083
..................................................................


WIND (MPH)
  HIGHEST WIND SPEED     7   HIGHEST WIND DIRECTION     S (200)
  HIGHEST GUST SPEED     9   HIGHEST GUST DIRECTION     S (190)
  AVERAGE WIND SPEED     0.9


SKY COVER
  POSSIBLE SUNSHINE  MM
  AVERAGE SKY COVER 0.1


WEATHER CONDITIONS
 THE FOLLOWING WEATHER WAS RECORDED TODAY.
  NO SIGNIFICANT WEATHER WAS OBSERVED.


RELATIVE HUMIDITY (PERCENT)
 HIGHEST    93           100 AM
 LOWEST     45           300 PM
 AVERAGE    69

..........................................................


THE FRANKFORT KY CLIMATE NORMALS FOR TOMORROW
                         NORMAL    RECORD    YEAR
 MAXIMUM TEMPERATURE (F)   74        92      1953
 MINIMUM TEMPERATURE (F)   50        30      1942


SUNRISE AND SUNSET
SEPTEMBER 28 2014.....SUNRISE   733 AM EDT   SUNSET   727 PM EDT
SEPTEMBER 29 2014.....SUNRISE   733 AM EDT   SUNSET   726 PM EDT


-  INDICATES NEGATIVE NUMBERS.
R  INDICATES RECORD WAS SET OR TIED.
MM INDICATES DATA IS MISSING.
T  INDICATES TRACE AMOUNT.




$$
