000
CDUS43 KLMK 170628
CLIFFT


CLIMATE REPORT
NATIONAL WEATHER SERVICE LOUISVILLE KY
128 AM EST TUE JAN 17 2017


...................................

...THE FRANKFORT KY CLIMATE SUMMARY FOR JANUARY 16 2017...

CLIMATE NORMAL PERIOD 1981 TO 2010
CLIMATE RECORD PERIOD 1895 TO 2017


WEATHER ITEM   OBSERVED TIME   RECORD YEAR NORMAL DEPARTURE LAST
                VALUE   (LST)  VALUE       VALUE  FROM      YEAR
                                                  NORMAL
..................................................................
TEMPERATURE (F)
 YESTERDAY
  MAXIMUM         59   1156 PM  70    1928  41     18       40
  MINIMUM         41    438 AM -12    1912  23     18       31
  AVERAGE         50                        32     18       36

PRECIPITATION (IN)
  YESTERDAY        0.05          0.86 1924   0.11  -0.06     0.00
  MONTH TO DATE    2.45                      1.84   0.61     0.84
  SINCE DEC 1      7.92                      5.85   2.07     7.10
  SINCE JAN 1      2.45                      1.84   0.61     0.84

SNOWFALL (IN)
  YESTERDAY       MM            MM      MM  MM     MM       MM
  MONTH TO DATE   MM                        MM     MM       MM
  SINCE DEC 1     MM                        MM     MM       MM
  SINCE JUL 1     MM                        MM     MM       MM
  SNOW DEPTH      MM

DEGREE DAYS
 HEATING
  YESTERDAY       15                        33    -18       29
  MONTH TO DATE  451                       528    -77      491
  SINCE DEC 1   1324                      1449   -125     1021
  SINCE JUL 1   1942                      2360   -418     1755

 COOLING
  YESTERDAY        0                         0      0        0
  MONTH TO DATE    0                         0      0        0
  SINCE DEC 1      0                         0      0        1
  SINCE JAN 1      0                         0      0        0
..................................................................


WIND (MPH)
  HIGHEST WIND SPEED    10   HIGHEST WIND DIRECTION     S (160)
  HIGHEST GUST SPEED    14   HIGHEST GUST DIRECTION    SE (150)
  AVERAGE WIND SPEED     4.6


SKY COVER
  POSSIBLE SUNSHINE  MM
  AVERAGE SKY COVER 1.0


WEATHER CONDITIONS
 THE FOLLOWING WEATHER WAS RECORDED YESTERDAY.
  LIGHT RAIN
  FOG


RELATIVE HUMIDITY (PERCENT)
 HIGHEST    89           800 AM
 LOWEST     75           300 PM
 AVERAGE    82

..........................................................


THE FRANKFORT KY CLIMATE NORMALS FOR TODAY
                         NORMAL    RECORD    YEAR
 MAXIMUM TEMPERATURE (F)   42        69      1928
 MINIMUM TEMPERATURE (F)   23       -17      1977


SUNRISE AND SUNSET
JANUARY 17 2017.......SUNRISE   754 AM EST   SUNSET   546 PM EST
JANUARY 18 2017.......SUNRISE   753 AM EST   SUNSET   547 PM EST


-  INDICATES NEGATIVE NUMBERS.
R  INDICATES RECORD WAS SET OR TIED.
MM INDICATES DATA IS MISSING.
T  INDICATES TRACE AMOUNT.




$$
