000
CDUS43 KLMK 270630
CLIFFT


CLIMATE REPORT
NATIONAL WEATHER SERVICE LOUISVILLE KY
228 AM EDT WED MAY 27 2015


...................................

...THE FRANKFORT KY CLIMATE SUMMARY FOR MAY 26 2015...

CLIMATE NORMAL PERIOD 1981 TO 2010
CLIMATE RECORD PERIOD 1895 TO 2015


WEATHER ITEM   OBSERVED TIME   RECORD YEAR NORMAL DEPARTURE LAST
                VALUE   (LST)  VALUE       VALUE  FROM      YEAR
                                                  NORMAL
..................................................................
TEMPERATURE (F)
 YESTERDAY
  MAXIMUM         84   1202 PM  97    1914  78      6       85
  MINIMUM         64    443 AM  37    1925  55      9       55
  AVERAGE         74                        67      7       70

PRECIPITATION (IN)
  YESTERDAY        0.10          1.36 1902   0.15  -0.05     0.00
  MONTH TO DATE    0.75                      4.12  -3.37     5.07
  SINCE MAR 1     19.67                     12.19   7.48    13.90
  SINCE JAN 1     23.23                     18.74   4.49    20.10

SNOWFALL (IN)
  YESTERDAY       MM            MM      MM  MM     MM       MM
  MONTH TO DATE   MM                        MM     MM       MM
  SINCE MAR 1     MM                        MM     MM       MM
  SINCE JUL 1     MM                        MM     MM       MM
  SNOW DEPTH      MM

DEGREE DAYS
 HEATING
  YESTERDAY        0                         2     -2        0
  MONTH TO DATE   58                       104    -46      106
  SINCE MAR 1   1003                      1043    -40     1108
  SINCE JUL 1   5123                      4682    441     5220

 COOLING
  YESTERDAY        9                         4      5        5
  MONTH TO DATE  107                        58     49       68
  SINCE MAR 1    115                        78     37       76
  SINCE JAN 1    115                        78     37       76
..................................................................


WIND (MPH)
  HIGHEST WIND SPEED    22   HIGHEST WIND DIRECTION    SW (220)
  HIGHEST GUST SPEED    27   HIGHEST GUST DIRECTION     S (170)
  AVERAGE WIND SPEED     9.3


SKY COVER
  POSSIBLE SUNSHINE  MM
  AVERAGE SKY COVER 0.5


WEATHER CONDITIONS
 THE FOLLOWING WEATHER WAS RECORDED YESTERDAY.
  THUNDERSTORM
  LIGHT RAIN
  FOG


RELATIVE HUMIDITY (PERCENT)
 HIGHEST    93           300 AM
 LOWEST     58          1200 PM
 AVERAGE    76

..........................................................


THE FRANKFORT KY CLIMATE NORMALS FOR TODAY
                         NORMAL    RECORD    YEAR
 MAXIMUM TEMPERATURE (F)   78        96      1914
 MINIMUM TEMPERATURE (F)   56        35      1961


SUNRISE AND SUNSET
MAY 27 2015...........SUNRISE   621 AM EDT   SUNSET   853 PM EDT
MAY 28 2015...........SUNRISE   620 AM EDT   SUNSET   854 PM EDT


-  INDICATES NEGATIVE NUMBERS.
R  INDICATES RECORD WAS SET OR TIED.
MM INDICATES DATA IS MISSING.
T  INDICATES TRACE AMOUNT.




$$
