000
CDUS43 KLMK 210627
CLIFFT


CLIMATE REPORT
NATIONAL WEATHER SERVICE LOUISVILLE KY
227 AM EDT SUN SEP 21 2014


...................................

...THE FRANKFORT KY CLIMATE SUMMARY FOR SEPTEMBER 20 2014...

CLIMATE NORMAL PERIOD 1981 TO 2010
CLIMATE RECORD PERIOD 1895 TO 2014


WEATHER ITEM   OBSERVED TIME   RECORD YEAR NORMAL DEPARTURE LAST
                VALUE   (LST)  VALUE       VALUE  FROM      YEAR
                                                  NORMAL
..................................................................
TEMPERATURE (F)
 YESTERDAY
  MAXIMUM         81    348 PM  97    1954  78      3       87
  MINIMUM         56   1239 AM  37    1897  54      2       66
  AVERAGE         69                        66      3       77

PRECIPITATION (IN)
  YESTERDAY        0.00          2.95 1954   0.10  -0.10     0.18
  MONTH TO DATE    2.83                      2.25   0.58     0.42
  SINCE SEP 1      2.83                      2.25   0.58     0.42
  SINCE JAN 1     36.12                     33.56   2.56    35.48

SNOWFALL (IN)
  YESTERDAY       MM            MM      MM  MM     MM       MM
  MONTH TO DATE   MM                        MM     MM       MM
  SINCE SEP 1     MM                        MM     MM       MM
  SINCE JUL 1     MM                        MM     MM       MM
  SNOW DEPTH      MM

DEGREE DAYS
 HEATING
  YESTERDAY        0                         2     -2        0
  MONTH TO DATE   37                        15     22       11
  SINCE SEP 1     37                        15     22       11
  SINCE JUL 1     40                        16     24       15

 COOLING
  YESTERDAY        4                         3      1       12
  MONTH TO DATE  104                       109     -5      141
  SINCE SEP 1    104                       109     -5      141
  SINCE JAN 1   1030                      1111    -81     1077
..................................................................


WIND (MPH)
  HIGHEST WIND SPEED    21   HIGHEST WIND DIRECTION    SW (220)
  HIGHEST GUST SPEED    24   HIGHEST GUST DIRECTION    SW (220)
  AVERAGE WIND SPEED     6.4


SKY COVER
  POSSIBLE SUNSHINE  MM
  AVERAGE SKY COVER 0.2


WEATHER CONDITIONS
 THE FOLLOWING WEATHER WAS RECORDED YESTERDAY.
  NO SIGNIFICANT WEATHER WAS OBSERVED.


RELATIVE HUMIDITY (PERCENT)
 HIGHEST    93           100 AM
 LOWEST     58          1200 PM
 AVERAGE    76

..........................................................


THE FRANKFORT KY CLIMATE NORMALS FOR TODAY
                         NORMAL    RECORD    YEAR
 MAXIMUM TEMPERATURE (F)   78        98      1940
                                             1931
 MINIMUM TEMPERATURE (F)   54        37      1962
                                             1897


SUNRISE AND SUNSET
SEPTEMBER 21 2014.....SUNRISE   726 AM EDT   SUNSET   738 PM EDT
SEPTEMBER 22 2014.....SUNRISE   727 AM EDT   SUNSET   737 PM EDT


-  INDICATES NEGATIVE NUMBERS.
R  INDICATES RECORD WAS SET OR TIED.
MM INDICATES DATA IS MISSING.
T  INDICATES TRACE AMOUNT.




$$
