000
CDUS43 KLMK 252029
CLIFFT


CLIMATE REPORT
NATIONAL WEATHER SERVICE LOUISVILLE KY
428 PM EDT SUN SEP 25 2016


...................................

...THE FRANKFORT KY CLIMATE SUMMARY FOR SEPTEMBER 25 2016...
VALID TODAY AS OF 0400 PM LOCAL TIME.

CLIMATE NORMAL PERIOD 1981 TO 2010
CLIMATE RECORD PERIOD 1895 TO 2016


WEATHER ITEM   OBSERVED TIME   RECORD YEAR NORMAL DEPARTURE LAST
                VALUE   (LST)  VALUE       VALUE  FROM      YEAR
                                                  NORMAL
..................................................................
TEMPERATURE (F)
 TODAY
  MAXIMUM         91    259 PM  95    2007  76     15       75
  MINIMUM         66    701 AM  32    1896  52     14       59
  AVERAGE         79                        64     15       67

PRECIPITATION (IN)
  TODAY            0.00          1.08 1970   0.10  -0.10     0.32
  MONTH TO DATE    0.92                      2.73  -1.81     1.69
  SINCE SEP 1      0.92                      2.73  -1.81     1.69
  SINCE JAN 1     36.97                     34.04   2.93    45.33

SNOWFALL (IN)
  TODAY           MM            MM      MM  MM     MM       MM
  MONTH TO DATE   MM                        MM     MM       MM
  SINCE SEP 1     MM                        MM     MM       MM
  SINCE JUL 1     MM                        MM     MM       MM
  SNOW DEPTH      MM

DEGREE DAYS
 HEATING
  TODAY            0                         3     -3        0
  MONTH TO DATE    0                        30    -30       17
  SINCE SEP 1      0                        30    -30       17
  SINCE JUL 1      0                        31    -31       18

 COOLING
  TODAY           14                         2     12        2
  MONTH TO DATE  262                       122    140      157
  SINCE SEP 1    262                       122    140      157
  SINCE JAN 1   1553                      1124    429     1195
..................................................................


WIND (MPH)
  HIGHEST WIND SPEED     8   HIGHEST WIND DIRECTION     E (70)
  HIGHEST GUST SPEED    10   HIGHEST GUST DIRECTION    NW (320)
  AVERAGE WIND SPEED     2.2


SKY COVER
  POSSIBLE SUNSHINE  MM
  AVERAGE SKY COVER 0.1


WEATHER CONDITIONS
 THE FOLLOWING WEATHER WAS RECORDED TODAY.
  NO SIGNIFICANT WEATHER WAS OBSERVED.


RELATIVE HUMIDITY (PERCENT)
 HIGHEST    87           700 AM
 LOWEST     41           300 PM
 AVERAGE    64

..........................................................


THE FRANKFORT KY CLIMATE NORMALS FOR TOMORROW
                         NORMAL    RECORD    YEAR
 MAXIMUM TEMPERATURE (F)   76        90      1973
                                             1959
 MINIMUM TEMPERATURE (F)   51        32      1928


SUNRISE AND SUNSET
SEPTEMBER 25 2016.....SUNRISE   730 AM EDT   SUNSET   731 PM EDT
SEPTEMBER 26 2016.....SUNRISE   731 AM EDT   SUNSET   729 PM EDT


-  INDICATES NEGATIVE NUMBERS.
R  INDICATES RECORD WAS SET OR TIED.
MM INDICATES DATA IS MISSING.
T  INDICATES TRACE AMOUNT.




$$
