417
CDUS43 KLMK 262032
CLIFFT


CLIMATE REPORT
NATIONAL WEATHER SERVICE LOUISVILLE KY
430 PM EDT THU MAY 26 2016


...................................

...THE FRANKFORT KY CLIMATE SUMMARY FOR MAY 26 2016...
VALID TODAY AS OF 0400 PM LOCAL TIME.

CLIMATE NORMAL PERIOD 1981 TO 2010
CLIMATE RECORD PERIOD 1895 TO 2016


WEATHER ITEM   OBSERVED TIME   RECORD YEAR NORMAL DEPARTURE LAST
                VALUE   (LST)  VALUE       VALUE  FROM      YEAR
                                                  NORMAL
..................................................................
TEMPERATURE (F)
 TODAY
  MAXIMUM         83    153 PM  97    1914  78      5       84
  MINIMUM         66   1237 AM  37    1925  55     11       64
  AVERAGE         75                        67      8       74

PRECIPITATION (IN)
  TODAY            0.14          1.36 1902   0.15  -0.01     0.10
  MONTH TO DATE    4.47                      4.12   0.35     0.75
  SINCE MAR 1     13.62                     12.19   1.43    19.67
  SINCE JAN 1     19.64                     18.74   0.90    23.23

SNOWFALL (IN)
  TODAY           MM            MM      MM  MM     MM       MM
  MONTH TO DATE   MM                        MM     MM       MM
  SINCE MAR 1     MM                        MM     MM       MM
  SINCE JUL 1     MM                        MM     MM       MM
  SNOW DEPTH      MM

DEGREE DAYS
 HEATING
  TODAY            0                         2     -2        0
  MONTH TO DATE  135                       104     31       58
  SINCE MAR 1    801                      1043   -242     1003
  SINCE JUL 1   3873                      4682   -809     5123

 COOLING
  TODAY           10                         4      6        9
  MONTH TO DATE   40                        58    -18      107
  SINCE MAR 1     66                        78    -12      115
  SINCE JAN 1     66                        78    -12      115
..................................................................


WIND (MPH)
  HIGHEST WIND SPEED    18   HIGHEST WIND DIRECTION     S (200)
  HIGHEST GUST SPEED    23   HIGHEST GUST DIRECTION     W (290)
  AVERAGE WIND SPEED     9.0


SKY COVER
  POSSIBLE SUNSHINE  MM
  AVERAGE SKY COVER 0.7


WEATHER CONDITIONS
 THE FOLLOWING WEATHER WAS RECORDED TODAY.
  THUNDERSTORM
  HEAVY RAIN
  LIGHT RAIN


RELATIVE HUMIDITY (PERCENT)
 HIGHEST    87           400 AM
 LOWEST     62          1200 PM
 AVERAGE    75

..........................................................


THE FRANKFORT KY CLIMATE NORMALS FOR TOMORROW
                         NORMAL    RECORD    YEAR
 MAXIMUM TEMPERATURE (F)   78        96      1914
 MINIMUM TEMPERATURE (F)   56        35      1961


SUNRISE AND SUNSET
MAY 26 2016...........SUNRISE   621 AM EDT   SUNSET   853 PM EDT
MAY 27 2016...........SUNRISE   620 AM EDT   SUNSET   854 PM EDT


-  INDICATES NEGATIVE NUMBERS.
R  INDICATES RECORD WAS SET OR TIED.
MM INDICATES DATA IS MISSING.
T  INDICATES TRACE AMOUNT.




$$
