000
CDUS43 KLMK 302127
CLIFFT

CLIMATE REPORT
NATIONAL WEATHER SERVICE LOUISVILLE KY
426 PM EST WED NOV 30 2016


...................................

...THE FRANKFORT KY CLIMATE SUMMARY FOR NOVEMBER 30 2016...
VALID TODAY AS OF 0400 PM LOCAL TIME.

CLIMATE NORMAL PERIOD 1981 TO 2010
CLIMATE RECORD PERIOD 1895 TO 2016


WEATHER ITEM   OBSERVED TIME   RECORD YEAR NORMAL DEPARTURE LAST
                VALUE   (LST)  VALUE       VALUE  FROM      YEAR
                                                  NORMAL
..................................................................
TEMPERATURE (F)
 TODAY
  MAXIMUM         62    211 PM  72    1941  50     12       50
                                      1927
  MINIMUM         54    329 AM  -1    1929  31     23       41
  AVERAGE         58                        40     18       46

PRECIPITATION (IN)
  TODAY            0.07          1.33 2010   0.13  -0.06     0.55
  MONTH TO DATE    1.49                      3.73  -2.24     3.88
  SINCE SEP 1      4.19                     10.30  -6.11    11.51
  SINCE JAN 1     40.24                     41.61  -1.37    55.15

SNOWFALL (IN)
  TODAY           MM            MM      MM  MM     MM       MM
  MONTH TO DATE   MM                        MM     MM       MM
  SINCE SEP 1     MM                        MM     MM       MM
  SINCE JUL 1     MM                        MM     MM       MM
  SNOW DEPTH      MM

DEGREE DAYS
 HEATING
  TODAY            7                        25    -18       19
  MONTH TO DATE  465                       570   -105      468
  SINCE SEP 1    610                       910   -300      733
  SINCE JUL 1    610                       911   -301      734

 COOLING
  TODAY            0                         0      0        0
  MONTH TO DATE   12                         1     11        3
  SINCE SEP 1    348                       153    195      194
  SINCE JAN 1   1639                      1155    484     1232
..................................................................


WIND (MPH)
  HIGHEST WIND SPEED    15   HIGHEST WIND DIRECTION    SW (230)
  HIGHEST GUST SPEED    20   HIGHEST GUST DIRECTION    SW (220)
  AVERAGE WIND SPEED     7.3


SKY COVER
  POSSIBLE SUNSHINE  MM
  AVERAGE SKY COVER 0.9


WEATHER CONDITIONS
 THE FOLLOWING WEATHER WAS RECORDED TODAY.
  LIGHT RAIN
  FOG


RELATIVE HUMIDITY (PERCENT)
 HIGHEST    93           200 AM
 LOWEST     60           300 PM
 AVERAGE    77

..........................................................


THE FRANKFORT KY CLIMATE NORMALS FOR TOMORROW
                         NORMAL    RECORD    YEAR
 MAXIMUM TEMPERATURE (F)   49        71      1970
 MINIMUM TEMPERATURE (F)   30         4      1976


SUNRISE AND SUNSET
NOVEMBER 30 2016......SUNRISE   737 AM EST   SUNSET   520 PM EST
DECEMBER  1 2016......SUNRISE   738 AM EST   SUNSET   520 PM EST


-  INDICATES NEGATIVE NUMBERS.
R  INDICATES RECORD WAS SET OR TIED.
MM INDICATES DATA IS MISSING.
T  INDICATES TRACE AMOUNT.




$$
