735
CDUS43 KLMK 162131
CLIFFT


CLIMATE REPORT
NATIONAL WEATHER SERVICE LOUISVILLE KY
430 PM EST THU NOV 16 2017


...................................

...THE FRANKFORT KY CLIMATE SUMMARY FOR NOVEMBER 16 2017...
VALID TODAY AS OF 0400 PM LOCAL TIME.

CLIMATE NORMAL PERIOD 1981 TO 2010
CLIMATE RECORD PERIOD 1895 TO 2017


WEATHER ITEM   OBSERVED TIME   RECORD YEAR NORMAL DEPARTURE LAST
                VALUE   (LST)  VALUE       VALUE  FROM      YEAR
                                                  NORMAL
..................................................................
TEMPERATURE (F)
 TODAY
  MAXIMUM         49    106 AM  80    1931  56     -7       67
  MINIMUM         37   1243 PM  15    1916  36      1       33
  AVERAGE         43                        46     -3       50

PRECIPITATION (IN)
  TODAY            0.00          1.58 1913   0.13  -0.13     0.00
  MONTH TO DATE    2.17                      1.87   0.30     0.25
  SINCE SEP 1     12.57                      8.44   4.13     2.95
  SINCE JAN 1     46.29                     39.75   6.54    39.00

SNOWFALL (IN)
  TODAY           MM            MM      MM  MM     MM       MM
  MONTH TO DATE   MM                        MM     MM       MM
  SINCE SEP 1     MM                        MM     MM       MM
  SINCE JUL 1     MM                        MM     MM       MM
  SNOW DEPTH      MM

DEGREE DAYS
 HEATING
  TODAY           22                        19      3       15
  MONTH TO DATE  246                       260    -14      212
  SINCE SEP 1    505                       600    -95      357
  SINCE JUL 1    505                       601    -96      357

 COOLING
  TODAY            0                         0      0        0
  MONTH TO DATE    6                         0      6       12
  SINCE SEP 1    192                       152     40      348
  SINCE JAN 1   1279                      1154    125     1639
..................................................................


WIND (MPH)
  HIGHEST WIND SPEED    10   HIGHEST WIND DIRECTION    NW (320)
  HIGHEST GUST SPEED    17   HIGHEST GUST DIRECTION     W (260)
  AVERAGE WIND SPEED     6.0


SKY COVER
  POSSIBLE SUNSHINE  MM
  AVERAGE SKY COVER 0.6


WEATHER CONDITIONS
 THE FOLLOWING WEATHER WAS RECORDED TODAY.
  FOG


RELATIVE HUMIDITY (PERCENT)
 HIGHEST    93          1200 AM
 LOWEST     70           300 PM
 AVERAGE    82

..........................................................


THE FRANKFORT KY CLIMATE NORMALS FOR TOMORROW
                         NORMAL    RECORD    YEAR
 MAXIMUM TEMPERATURE (F)   56        80      1952
 MINIMUM TEMPERATURE (F)   35        16      1933


SUNRISE AND SUNSET
NOVEMBER 16 2017......SUNRISE   722 AM EST   SUNSET   526 PM EST
NOVEMBER 17 2017......SUNRISE   723 AM EST   SUNSET   526 PM EST


-  INDICATES NEGATIVE NUMBERS.
R  INDICATES RECORD WAS SET OR TIED.
MM INDICATES DATA IS MISSING.
T  INDICATES TRACE AMOUNT.




$$
