000
CDUS43 KLMK 010635
CLIFFT


CLIMATE REPORT
NATIONAL WEATHER SERVICE LOUISVILLE KY
135 AM EST SUN MAR 1 2015


...................................

...THE FRANKFORT KY CLIMATE SUMMARY FOR FEBRUARY 28 2015...

CLIMATE NORMAL PERIOD 1981 TO 2010
CLIMATE RECORD PERIOD 1895 TO 2015


WEATHER ITEM   OBSERVED TIME   RECORD YEAR NORMAL DEPARTURE LAST
                VALUE   (LST)  VALUE       VALUE  FROM      YEAR
                                                  NORMAL
..................................................................
TEMPERATURE (F)
 YESTERDAY
  MAXIMUM         33   1058 PM  76    1918  50    -17       42
  MINIMUM         15    600 AM   5    1963  29    -14       13
  AVERAGE         24                        40    -16       28

PRECIPITATION (IN)
  YESTERDAY        0.00          1.84 1903   0.13  -0.13     0.00
  MONTH TO DATE    2.10                      3.29  -1.19     3.92
  SINCE DEC 1      6.71                     10.56  -3.85    11.14
  SINCE JAN 1      3.56                      6.55  -2.99     6.20

SNOWFALL (IN)
  YESTERDAY       MM            MM      MM  MM     MM       MM
  MONTH TO DATE   MM                        MM     MM       MM
  SINCE DEC 1     MM                        MM     MM       MM
  SINCE JUL 1     MM                        MM     MM       MM
  SNOW DEPTH      MM

DEGREE DAYS
 HEATING
  YESTERDAY       41                        25     16       37
  MONTH TO DATE 1117                       800    317      967
  SINCE DEC 1   2992                      2728    264     3069
  SINCE JUL 1   4120                      3639    481     4112

 COOLING
  YESTERDAY        0                         0      0        0
  MONTH TO DATE    0                         0      0        0
  SINCE DEC 1      0                         0      0        0
  SINCE JAN 1      0                         0      0        0
..................................................................


WIND (MPH)
  HIGHEST WIND SPEED    13   HIGHEST WIND DIRECTION     E (110)
  HIGHEST GUST SPEED    16   HIGHEST GUST DIRECTION     E (80)
  AVERAGE WIND SPEED     7.1


SKY COVER
  POSSIBLE SUNSHINE  MM
  AVERAGE SKY COVER 0.0


WEATHER CONDITIONS
 THE FOLLOWING WEATHER WAS RECORDED YESTERDAY.
  NO SIGNIFICANT WEATHER WAS OBSERVED.


RELATIVE HUMIDITY (PERCENT)
 HIGHEST    59           200 AM
 LOWEST     46           100 PM
 AVERAGE    53

..........................................................


THE FRANKFORT KY CLIMATE NORMALS FOR TODAY
                         NORMAL    RECORD    YEAR
 MAXIMUM TEMPERATURE (F)   50        75      1976
                                             1972
 MINIMUM TEMPERATURE (F)   30         9      1993
                                             1980
                                             1960


SUNRISE AND SUNSET
MARCH  1 2015.........SUNRISE   712 AM EST   SUNSET   633 PM EST
MARCH  2 2015.........SUNRISE   710 AM EST   SUNSET   634 PM EST


-  INDICATES NEGATIVE NUMBERS.
R  INDICATES RECORD WAS SET OR TIED.
MM INDICATES DATA IS MISSING.
T  INDICATES TRACE AMOUNT.




$$
