000
CDUS43 KLMK 140627
CLIFFT


CLIMATE REPORT
NATIONAL WEATHER SERVICE LOUISVILLE KY
126 AM EST THU DEC 14 2017


...................................

...THE FRANKFORT KY CLIMATE SUMMARY FOR DECEMBER 13 2017...

CLIMATE NORMAL PERIOD 1981 TO 2010
CLIMATE RECORD PERIOD 1895 TO 2017


WEATHER ITEM   OBSERVED TIME   RECORD YEAR NORMAL DEPARTURE LAST
                VALUE   (LST)  VALUE       VALUE  FROM      YEAR
                                                  NORMAL
..................................................................
TEMPERATURE (F)
 YESTERDAY
  MAXIMUM         47   1130 PM  72    1927  45      2       42
  MINIMUM         16    639 AM  -5    1962  27    -11       30
  AVERAGE         32                        36     -4       36

PRECIPITATION (IN)
  YESTERDAY        0.00          1.98 1949   0.13  -0.13     0.00
  MONTH TO DATE    0.61                      1.87  -1.26     1.51
  SINCE DEC 1      0.61                      1.87  -1.26     1.51
  SINCE JAN 1     47.52                     43.48   4.04    41.75

SNOWFALL (IN)
  YESTERDAY       MM            MM      MM  MM     MM       MM
  MONTH TO DATE   MM                        MM     MM       MM
  SINCE DEC 1     MM                        MM     MM       MM
  SINCE JUL 1     MM                        MM     MM       MM
  SNOW DEPTH      MM

DEGREE DAYS
 HEATING
  YESTERDAY       33                        29      4       29
  MONTH TO DATE  371                       355     16      373
  SINCE DEC 1    371                       355     16      373
  SINCE JUL 1   1179                      1266    -87      991

 COOLING
  YESTERDAY        0                         0      0        0
  MONTH TO DATE    0                         0      0        0
  SINCE DEC 1      0                         0      0        0
  SINCE JAN 1   1279                      1155    124     1639
..................................................................


WIND (MPH)
  HIGHEST WIND SPEED    26   HIGHEST WIND DIRECTION     S (200)
  HIGHEST GUST SPEED    45   HIGHEST GUST DIRECTION     S (190)
  AVERAGE WIND SPEED    12.8


SKY COVER
  POSSIBLE SUNSHINE  MM
  AVERAGE SKY COVER 0.5


WEATHER CONDITIONS
 THE FOLLOWING WEATHER WAS RECORDED YESTERDAY.
  NO SIGNIFICANT WEATHER WAS OBSERVED.


RELATIVE HUMIDITY (PERCENT)
 HIGHEST    67           400 AM
 LOWEST     27          1200 PM
 AVERAGE    47

..........................................................


THE FRANKFORT KY CLIMATE NORMALS FOR TODAY
                         NORMAL    RECORD    YEAR
 MAXIMUM TEMPERATURE (F)   44        72      1927
 MINIMUM TEMPERATURE (F)   26        -3      1962


SUNRISE AND SUNSET
DECEMBER 14 2017......SUNRISE   748 AM EST   SUNSET   520 PM EST
DECEMBER 15 2017......SUNRISE   749 AM EST   SUNSET   521 PM EST


-  INDICATES NEGATIVE NUMBERS.
R  INDICATES RECORD WAS SET OR TIED.
MM INDICATES DATA IS MISSING.
T  INDICATES TRACE AMOUNT.




$$
