000
CDUS43 KLMK 020639
CLIFFT


CLIMATE REPORT
NATIONAL WEATHER SERVICE LOUISVILLE KY
235 AM EDT THU OCT 2 2014


...................................

...THE FRANKFORT KY CLIMATE SUMMARY FOR OCTOBER 1 2014...

CLIMATE NORMAL PERIOD 1981 TO 2010
CLIMATE RECORD PERIOD 1895 TO 2014


WEATHER ITEM   OBSERVED TIME   RECORD YEAR NORMAL DEPARTURE LAST
                VALUE   (LST)  VALUE       VALUE  FROM      YEAR
                                                  NORMAL
..................................................................
TEMPERATURE (F)
 YESTERDAY
  MAXIMUM         81    445 PM  98    1953  74      7       79
  MINIMUM         53    703 AM  31    1895  49      4       56
  AVERAGE         67                        61      6       68

PRECIPITATION (IN)
  YESTERDAY        0.00          1.53 1915   0.09  -0.09     0.00
  MONTH TO DATE    0.00                      0.09  -0.09     0.00
  SINCE SEP 1      2.83                      3.42  -0.59     1.72
  SINCE JAN 1     36.12                     34.73   1.39    36.78

SNOWFALL (IN)
  YESTERDAY       MM            MM      MM  MM     MM       MM
  MONTH TO DATE   MM                        MM     MM       MM
  SINCE SEP 1     MM                        MM     MM       MM
  SINCE JUL 1     MM                        MM     MM       MM
  SNOW DEPTH      MM

DEGREE DAYS
 HEATING
  YESTERDAY        0                         5     -5        0
  MONTH TO DATE    0                         5     -5        0
  SINCE SEP 1     58                        58      0       26
  SINCE JUL 1     61                        59      2       30

 COOLING
  YESTERDAY        2                         2      0        3
  MONTH TO DATE    2                         2      0        3
  SINCE SEP 1    130                       135     -5      154
  SINCE JAN 1   1056                      1137    -81     1090
..................................................................


WIND (MPH)
  HIGHEST WIND SPEED    10   HIGHEST WIND DIRECTION    NE (60)
  HIGHEST GUST SPEED    15   HIGHEST GUST DIRECTION     E (70)
  AVERAGE WIND SPEED     2.6


SKY COVER
  POSSIBLE SUNSHINE  MM
  AVERAGE SKY COVER 0.2


WEATHER CONDITIONS
 THE FOLLOWING WEATHER WAS RECORDED YESTERDAY.
  NO SIGNIFICANT WEATHER WAS OBSERVED.


RELATIVE HUMIDITY (PERCENT)
 HIGHEST    93           600 AM
 LOWEST     42           500 PM
 AVERAGE    68

..........................................................


THE FRANKFORT KY CLIMATE NORMALS FOR TODAY
                         NORMAL    RECORD    YEAR
 MAXIMUM TEMPERATURE (F)   73        92      1952
 MINIMUM TEMPERATURE (F)   49        33      2003
                                             1974
                                             1895


SUNRISE AND SUNSET
OCTOBER  2 2014.......SUNRISE   736 AM EDT   SUNSET   721 PM EDT
OCTOBER  3 2014.......SUNRISE   737 AM EDT   SUNSET   719 PM EDT


-  INDICATES NEGATIVE NUMBERS.
R  INDICATES RECORD WAS SET OR TIED.
MM INDICATES DATA IS MISSING.
T  INDICATES TRACE AMOUNT.




$$
