000
CDUS43 KLMK 012031
CLIFFT


CLIMATE REPORT
NATIONAL WEATHER SERVICE LOUISVILLE KY
430 PM EDT MON JUN 1 2015


...................................

...THE FRANKFORT KY CLIMATE SUMMARY FOR JUNE 1 2015...
VALID TODAY AS OF 0400 PM LOCAL TIME.

CLIMATE NORMAL PERIOD 1981 TO 2010
CLIMATE RECORD PERIOD 1895 TO 2015


WEATHER ITEM   OBSERVED TIME   RECORD YEAR NORMAL DEPARTURE LAST
                VALUE   (LST)  VALUE       VALUE  FROM      YEAR
                                                  NORMAL
..................................................................
TEMPERATURE (F)
 TODAY
  MAXIMUM         62   1211 AM  97    1934  80    -18       85
  MINIMUM         53    951 AM  36    1966  57     -4       57
  AVERAGE         58                        69    -11       71

PRECIPITATION (IN)
  TODAY            0.43          1.62 1998   0.18   0.25     0.00
                                      1906
  MONTH TO DATE    0.43                      0.18   0.25     0.00
  SINCE JUN 1      0.43                      0.18   0.25     0.00
  SINCE JAN 1     23.83                     19.65   4.18    20.78

SNOWFALL (IN)
  TODAY           MM            MM      MM  MM     MM       MM
  MONTH TO DATE   MM                        MM     MM       MM
  SINCE JUN 1     MM                        MM     MM       MM
  SINCE JUL 1     MM                        MM     MM       MM
  SNOW DEPTH      MM

DEGREE DAYS
 HEATING
  TODAY            7                         1      6        0
  MONTH TO DATE    7                         1      6        0
  SINCE JUN 1      7                         1      6        0
  SINCE JUL 1   5130                      4691    439     5220

 COOLING
  TODAY            0                         5     -5        6
  MONTH TO DATE    0                         5     -5        6
  SINCE JUN 1      0                         5     -5        6
  SINCE JAN 1    155                       104     51      128
..................................................................


WIND (MPH)
  HIGHEST WIND SPEED    10   HIGHEST WIND DIRECTION    NE (30)
  HIGHEST GUST SPEED    16   HIGHEST GUST DIRECTION    NE (40)
  AVERAGE WIND SPEED     7.2


SKY COVER
  POSSIBLE SUNSHINE  MM
  AVERAGE SKY COVER 1.0


WEATHER CONDITIONS
 THE FOLLOWING WEATHER WAS RECORDED TODAY.
  RAIN
  LIGHT RAIN
  FOG


RELATIVE HUMIDITY (PERCENT)
 HIGHEST    93           800 AM
 LOWEST     78          1200 AM
 AVERAGE    86

..........................................................


THE FRANKFORT KY CLIMATE NORMALS FOR TOMORROW
                         NORMAL    RECORD    YEAR
 MAXIMUM TEMPERATURE (F)   80        96      1895
 MINIMUM TEMPERATURE (F)   58        40      1966


SUNRISE AND SUNSET
JUNE  1 2015..........SUNRISE   618 AM EDT   SUNSET   857 PM EDT
JUNE  2 2015..........SUNRISE   618 AM EDT   SUNSET   858 PM EDT


-  INDICATES NEGATIVE NUMBERS.
R  INDICATES RECORD WAS SET OR TIED.
MM INDICATES DATA IS MISSING.
T  INDICATES TRACE AMOUNT.




$$
