000
CDUS43 KLMK 282136
CLIFFT


CLIMATE REPORT
NATIONAL WEATHER SERVICE LOUISVILLE KY
436 PM EST WED JAN 28 2015


...................................

...THE FRANKFORT KY CLIMATE SUMMARY FOR JANUARY 28 2015...
VALID TODAY AS OF 0400 PM LOCAL TIME.

CLIMATE NORMAL PERIOD 1981 TO 2010
CLIMATE RECORD PERIOD 1895 TO 2015


WEATHER ITEM   OBSERVED TIME   RECORD YEAR NORMAL DEPARTURE LAST
                VALUE   (LST)  VALUE       VALUE  FROM      YEAR
                                                  NORMAL
..................................................................
TEMPERATURE (F)
 TODAY
  MAXIMUM         37    426 PM  70    1944  43     -6       13
  MINIMUM         12    608 AM -20    1963  24    -12        0
  AVERAGE         25                        33     -8        7

PRECIPITATION (IN)
  TODAY            0.00          1.27 1994   0.09  -0.09     0.00
  MONTH TO DATE    1.39                      2.96  -1.57     2.28
  SINCE DEC 1      4.54                      6.97  -2.43     7.22
  SINCE JAN 1      1.39                      2.96  -1.57     2.28

SNOWFALL (IN)
  TODAY           MM            MM      MM  MM     MM       MM
  MONTH TO DATE   MM                        MM     MM       MM
  SINCE DEC 1     MM                        MM     MM       MM
  SINCE JUL 1     MM                        MM     MM       MM
  SNOW DEPTH      MM

DEGREE DAYS
 HEATING
  TODAY           40                        32      8       58
  MONTH TO DATE  963                       915     48     1086
  SINCE DEC 1   1781                      1836    -55     1974
  SINCE JUL 1   2909                      2747    162     3017

 COOLING
  TODAY            0                         0      0        0
  MONTH TO DATE    0                         0      0        0
  SINCE DEC 1      0                         0      0        0
  SINCE JAN 1      0                         0      0        0
..................................................................


WIND (MPH)
  HIGHEST WIND SPEED    13   HIGHEST WIND DIRECTION    SE (130)
  HIGHEST GUST SPEED    16   HIGHEST GUST DIRECTION     E (110)
  AVERAGE WIND SPEED     4.3


SKY COVER
  POSSIBLE SUNSHINE  MM
  AVERAGE SKY COVER 0.0


WEATHER CONDITIONS
 THE FOLLOWING WEATHER WAS RECORDED TODAY.
  FOG
  HAZE


RELATIVE HUMIDITY (PERCENT)
 HIGHEST    88           400 AM
 LOWEST     44           400 PM
 AVERAGE    66

..........................................................


THE FRANKFORT KY CLIMATE NORMALS FOR TOMORROW
                         NORMAL    RECORD    YEAR
 MAXIMUM TEMPERATURE (F)   43        70      1947
 MINIMUM TEMPERATURE (F)   24       -20      1963


SUNRISE AND SUNSET
JANUARY 28 2015.......SUNRISE   748 AM EST   SUNSET   558 PM EST
JANUARY 29 2015.......SUNRISE   747 AM EST   SUNSET   559 PM EST


-  INDICATES NEGATIVE NUMBERS.
R  INDICATES RECORD WAS SET OR TIED.
MM INDICATES DATA IS MISSING.
T  INDICATES TRACE AMOUNT.




$$
