000
CDUS43 KLMK 220633
CLIFFT


CLIMATE REPORT
NATIONAL WEATHER SERVICE LOUISVILLE KY
233 AM EDT WED OCT 22 2014


...................................

...THE FRANKFORT KY CLIMATE SUMMARY FOR OCTOBER 21 2014...

CLIMATE NORMAL PERIOD 1981 TO 2010
CLIMATE RECORD PERIOD 1895 TO 2014


WEATHER ITEM   OBSERVED TIME   RECORD YEAR NORMAL DEPARTURE LAST
                VALUE   (LST)  VALUE       VALUE  FROM      YEAR
                                                  NORMAL
..................................................................
TEMPERATURE (F)
 YESTERDAY
  MAXIMUM         57    102 PM  88    1963  67    -10       68
  MINIMUM         47   1159 PM  21    1952  43      4       35
  AVERAGE         52                        55     -3       52

PRECIPITATION (IN)
  YESTERDAY        0.00          0.99 2005   0.11  -0.11     0.00
  MONTH TO DATE    3.95                      2.15   1.80     3.51
  SINCE SEP 1      6.78                      5.48   1.30     5.23
  SINCE JAN 1     40.07                     36.79   3.28    40.29

SNOWFALL (IN)
  YESTERDAY       MM            MM      MM  MM     MM       MM
  MONTH TO DATE   MM                        MM     MM       MM
  SINCE SEP 1     MM                        MM     MM       MM
  SINCE JUL 1     MM                        MM     MM       MM
  SNOW DEPTH      MM

DEGREE DAYS
 HEATING
  YESTERDAY       13                        11      2       13
  MONTH TO DATE  169                       166      3      131
  SINCE SEP 1    227                       219      8      157
  SINCE JUL 1    230                       220     10      161

 COOLING
  YESTERDAY        0                         0      0        0
  MONTH TO DATE   16                        15      1       40
  SINCE SEP 1    144                       148     -4      191
  SINCE JAN 1   1070                      1150    -80     1127
..................................................................


WIND (MPH)
  HIGHEST WIND SPEED    17   HIGHEST WIND DIRECTION     N (340)
  HIGHEST GUST SPEED    22   HIGHEST GUST DIRECTION    NW (320)
  AVERAGE WIND SPEED     6.0


SKY COVER
  POSSIBLE SUNSHINE  MM
  AVERAGE SKY COVER 0.8


WEATHER CONDITIONS
 THE FOLLOWING WEATHER WAS RECORDED YESTERDAY.
  NO SIGNIFICANT WEATHER WAS OBSERVED.


RELATIVE HUMIDITY (PERCENT)
 HIGHEST    93           600 AM
 LOWEST     51          1200 PM
 AVERAGE    72

..........................................................


THE FRANKFORT KY CLIMATE NORMALS FOR TODAY
                         NORMAL    RECORD    YEAR
 MAXIMUM TEMPERATURE (F)   66        88      1947
 MINIMUM TEMPERATURE (F)   43        20      1952


SUNRISE AND SUNSET
OCTOBER 22 2014.......SUNRISE   755 AM EDT   SUNSET   652 PM EDT
OCTOBER 23 2014.......SUNRISE   756 AM EDT   SUNSET   651 PM EDT


-  INDICATES NEGATIVE NUMBERS.
R  INDICATES RECORD WAS SET OR TIED.
MM INDICATES DATA IS MISSING.
T  INDICATES TRACE AMOUNT.




$$
