936
CDUS43 KLMK 292034
CLIFFT


CLIMATE REPORT
NATIONAL WEATHER SERVICE LOUISVILLE KY
432 PM EDT SUN MAY 29 2016


...................................

...THE FRANKFORT KY CLIMATE SUMMARY FOR MAY 29 2016...
VALID TODAY AS OF 0400 PM LOCAL TIME.

CLIMATE NORMAL PERIOD 1981 TO 2010
CLIMATE RECORD PERIOD 1895 TO 2016


WEATHER ITEM   OBSERVED TIME   RECORD YEAR NORMAL DEPARTURE LAST
                VALUE   (LST)  VALUE       VALUE  FROM      YEAR
                                                  NORMAL
..................................................................
TEMPERATURE (F)
 TODAY
  MAXIMUM         87    301 PM  99    1914  79      8       85
  MINIMUM         66    407 AM  40    1949  56     10       63
                                      1932
  AVERAGE         77                        68      9       74

PRECIPITATION (IN)
  TODAY            0.00          1.67 1990   0.15  -0.15      T
  MONTH TO DATE    4.49                      4.57  -0.08     0.87
  SINCE MAR 1     13.64                     12.64   1.00    19.79
  SINCE JAN 1     19.66                     19.19   0.47    23.35

SNOWFALL (IN)
  TODAY           MM            MM      MM  MM     MM       MM
  MONTH TO DATE   MM                        MM     MM       MM
  SINCE MAR 1     MM                        MM     MM       MM
  SINCE JUL 1     MM                        MM     MM       MM
  SNOW DEPTH      MM

DEGREE DAYS
 HEATING
  TODAY            0                         2     -2        0
  MONTH TO DATE  135                       110     25       58
  SINCE MAR 1    801                      1049   -248     1003
  SINCE JUL 1   3873                      4688   -815     5123

 COOLING
  TODAY           12                         4      8        9
  MONTH TO DATE   70                        70      0      130
  SINCE MAR 1     96                        90      6      138
  SINCE JAN 1     96                        90      6      138
..................................................................


WIND (MPH)
  HIGHEST WIND SPEED    13   HIGHEST WIND DIRECTION    SW (230)
  HIGHEST GUST SPEED    17   HIGHEST GUST DIRECTION    SW (210)
  AVERAGE WIND SPEED     3.2


SKY COVER
  POSSIBLE SUNSHINE  MM
  AVERAGE SKY COVER 0.4


WEATHER CONDITIONS
 THE FOLLOWING WEATHER WAS RECORDED TODAY.
  NO SIGNIFICANT WEATHER WAS OBSERVED.


RELATIVE HUMIDITY (PERCENT)
 HIGHEST    87          1200 AM
 LOWEST     48           200 PM
 AVERAGE    68

..........................................................


THE FRANKFORT KY CLIMATE NORMALS FOR TOMORROW
                         NORMAL    RECORD    YEAR
 MAXIMUM TEMPERATURE (F)   79        96      1895
 MINIMUM TEMPERATURE (F)   57        39      1992
                                             1947


SUNRISE AND SUNSET
MAY 29 2016...........SUNRISE   619 AM EDT   SUNSET   855 PM EDT
MAY 30 2016...........SUNRISE   619 AM EDT   SUNSET   856 PM EDT


-  INDICATES NEGATIVE NUMBERS.
R  INDICATES RECORD WAS SET OR TIED.
MM INDICATES DATA IS MISSING.
T  INDICATES TRACE AMOUNT.




$$
