000
CDUS43 KLMK 290636
CLIFFT


CLIMATE REPORT
NATIONAL WEATHER SERVICE LOUISVILLE KY
235 AM EDT MON AUG 29 2016


...................................

...THE FRANKFORT KY CLIMATE SUMMARY FOR AUGUST 28 2016...

CLIMATE NORMAL PERIOD 1981 TO 2010
CLIMATE RECORD PERIOD 1895 TO 2016


WEATHER ITEM   OBSERVED TIME   RECORD YEAR NORMAL DEPARTURE LAST
                VALUE   (LST)  VALUE       VALUE  FROM      YEAR
                                                  NORMAL
..................................................................
TEMPERATURE (F)
 YESTERDAY
  MAXIMUM         95    221 PM 104    1936  85     10       83
  MINIMUM         71   1159 PM  47    1896  62      9       52
  AVERAGE         83                        74      9       68

PRECIPITATION (IN)
  YESTERDAY        0.32          2.07 1992   0.12   0.20     0.00
  MONTH TO DATE    4.21                      3.02   1.19     2.93
  SINCE JUN 1     16.25                     11.50   4.75    20.16
  SINCE JAN 1     35.91                     30.97   4.94    43.56

SNOWFALL (IN)
  YESTERDAY       MM            MM      MM  MM     MM       MM
  MONTH TO DATE   MM                        MM     MM       MM
  SINCE JUN 1     MM                        MM     MM       MM
  SINCE JUL 1     MM                        MM     MM       MM
  SNOW DEPTH      MM

DEGREE DAYS
 HEATING
  YESTERDAY        0                         0      0        0
  MONTH TO DATE    0                         0      0        1
  SINCE JUN 1      1                        10     -9       17
  SINCE JUL 1      0                         0      0        1

 COOLING
  YESTERDAY       18                         9      9        3
  MONTH TO DATE  394                       292    102      207
  SINCE JUN 1   1131                       878    253      851
  SINCE JAN 1   1246                       977    269     1006
..................................................................


WIND (MPH)
  HIGHEST WIND SPEED    28   HIGHEST WIND DIRECTION     E (90)
  HIGHEST GUST SPEED    36   HIGHEST GUST DIRECTION     E (80)
  AVERAGE WIND SPEED     3.2


SKY COVER
  POSSIBLE SUNSHINE  MM
  AVERAGE SKY COVER 0.2


WEATHER CONDITIONS
 THE FOLLOWING WEATHER WAS RECORDED YESTERDAY.
  THUNDERSTORM
  HEAVY RAIN
  RAIN
  LIGHT RAIN
  FOG


RELATIVE HUMIDITY (PERCENT)
 HIGHEST    93           300 AM
 LOWEST     56           100 PM
 AVERAGE    75

..........................................................


THE FRANKFORT KY CLIMATE NORMALS FOR TODAY
                         NORMAL    RECORD    YEAR
 MAXIMUM TEMPERATURE (F)   85        99      1948
 MINIMUM TEMPERATURE (F)   62        42      1986


SUNRISE AND SUNSET
AUGUST 29 2016........SUNRISE   707 AM EDT   SUNSET   813 PM EDT
AUGUST 30 2016........SUNRISE   708 AM EDT   SUNSET   811 PM EDT


-  INDICATES NEGATIVE NUMBERS.
R  INDICATES RECORD WAS SET OR TIED.
MM INDICATES DATA IS MISSING.
T  INDICATES TRACE AMOUNT.




$$
