000
CDUS43 KLMK 010627
CLIFFT


CLIMATE REPORT
NATIONAL WEATHER SERVICE LOUISVILLE KY
227 AM EDT SAT AUG 1 2015


...................................

...THE FRANKFORT KY CLIMATE SUMMARY FOR JULY 31 2015...

CLIMATE NORMAL PERIOD 1981 TO 2010
CLIMATE RECORD PERIOD 1895 TO 2015


WEATHER ITEM   OBSERVED TIME   RECORD YEAR NORMAL DEPARTURE LAST
                VALUE   (LST)  VALUE       VALUE  FROM      YEAR
                                                  NORMAL
..................................................................
TEMPERATURE (F)
 YESTERDAY
  MAXIMUM         87    441 PM 102    1999  87      0       82
  MINIMUM         61    628 AM  52    1932  65     -4       56
  AVERAGE         74                        76     -2       69

PRECIPITATION (IN)
  YESTERDAY        0.00          2.63 1938   0.12  -0.12     0.00
  MONTH TO DATE   11.02                      4.39   6.63     3.03
  SINCE JUN 1     17.23                      8.48   8.75     6.95
  SINCE JAN 1     40.63                     27.95  12.68    27.73

SNOWFALL (IN)
  YESTERDAY       MM            MM      MM  MM     MM       MM
  MONTH TO DATE   MM                        MM     MM       MM
  SINCE JUN 1     MM                        MM     MM       MM
  SINCE JUL 1     MM                        MM     MM       MM
  SNOW DEPTH      MM

DEGREE DAYS
 HEATING
  YESTERDAY        0                         0      0        0
  MONTH TO DATE    0                         0      0        3
  SINCE JUN 1     16                        10      6        6
  SINCE JUL 1      0                         0      0        3

 COOLING
  YESTERDAY        9                        11     -2        4
  MONTH TO DATE  348                       350     -2      225
  SINCE JUN 1    644                       586     58      490
  SINCE JAN 1    799                       685    114      612
..................................................................


WIND (MPH)
  HIGHEST WIND SPEED    12   HIGHEST WIND DIRECTION     W (290)
  HIGHEST GUST SPEED    17   HIGHEST GUST DIRECTION     W (280)
  AVERAGE WIND SPEED     3.9


SKY COVER
  POSSIBLE SUNSHINE  MM
  AVERAGE SKY COVER 0.0


WEATHER CONDITIONS
 THE FOLLOWING WEATHER WAS RECORDED YESTERDAY.
  NO SIGNIFICANT WEATHER WAS OBSERVED.


RELATIVE HUMIDITY (PERCENT)
 HIGHEST    97           500 AM
 LOWEST     37           400 PM
 AVERAGE    67

..........................................................


THE FRANKFORT KY CLIMATE NORMALS FOR TODAY
                         NORMAL    RECORD    YEAR
 MAXIMUM TEMPERATURE (F)   87       101      1953
 MINIMUM TEMPERATURE (F)   65        54      1912


SUNRISE AND SUNSET
AUGUST  1 2015........SUNRISE   642 AM EDT   SUNSET   849 PM EDT
AUGUST  2 2015........SUNRISE   643 AM EDT   SUNSET   848 PM EDT


-  INDICATES NEGATIVE NUMBERS.
R  INDICATES RECORD WAS SET OR TIED.
MM INDICATES DATA IS MISSING.
T  INDICATES TRACE AMOUNT.




$$
