000
CDUS43 KLMK 250631
CLIFFT


CLIMATE REPORT
NATIONAL WEATHER SERVICE LOUISVILLE KY
231 AM EDT SAT MAR 25 2017


...................................

...THE FRANKFORT KY CLIMATE SUMMARY FOR MARCH 24 2017...

CLIMATE NORMAL PERIOD 1981 TO 2010
CLIMATE RECORD PERIOD 1895 TO 2017


WEATHER ITEM   OBSERVED TIME   RECORD YEAR NORMAL DEPARTURE LAST
                VALUE   (LST)  VALUE       VALUE  FROM      YEAR
                                                  NORMAL
..................................................................
TEMPERATURE (F)
 YESTERDAY
  MAXIMUM         79    255 PM  86    1929  59     20       70
  MINIMUM         54    645 AM  17    1960  36     18       50
  AVERAGE         67                        48     19       60

PRECIPITATION (IN)
  YESTERDAY        0.00          1.65 1912   0.14  -0.14     0.75
  MONTH TO DATE    2.55                      3.30  -0.75     4.60
  SINCE MAR 1      2.55                      3.30  -0.75     4.60
  SINCE JAN 1      8.65                      9.85  -1.20    10.62

SNOWFALL (IN)
  YESTERDAY       MM            MM      MM  MM     MM       MM
  MONTH TO DATE   MM                        MM     MM       MM
  SINCE MAR 1     MM                        MM     MM       MM
  SINCE JUL 1     MM                        MM     MM       MM
  SNOW DEPTH      MM

DEGREE DAYS
 HEATING
  YESTERDAY        0                        18    -18        5
  MONTH TO DATE  503                       514    -11      318
  SINCE MAR 1    503                       514    -11      318
  SINCE JUL 1   3273                      4153   -880     3390

 COOLING
  YESTERDAY        2                         0      2        0
  MONTH TO DATE    2                         0      2        0
  SINCE MAR 1      2                         0      2        0
  SINCE JAN 1      5                         0      5        0
..................................................................


WIND (MPH)
  HIGHEST WIND SPEED    25   HIGHEST WIND DIRECTION     S (200)
  HIGHEST GUST SPEED    32   HIGHEST GUST DIRECTION    SW (220)
  AVERAGE WIND SPEED    11.9


SKY COVER
  POSSIBLE SUNSHINE  MM
  AVERAGE SKY COVER 0.2


WEATHER CONDITIONS
 THE FOLLOWING WEATHER WAS RECORDED YESTERDAY.
  NO SIGNIFICANT WEATHER WAS OBSERVED.


RELATIVE HUMIDITY (PERCENT)
 HIGHEST    59           600 AM
 LOWEST     39           300 PM
 AVERAGE    49

..........................................................


THE FRANKFORT KY CLIMATE NORMALS FOR TODAY
                         NORMAL    RECORD    YEAR
 MAXIMUM TEMPERATURE (F)   60        87      1929
 MINIMUM TEMPERATURE (F)   36        11      1974


SUNRISE AND SUNSET
MARCH 25 2017.........SUNRISE   735 AM EDT   SUNSET   756 PM EDT
MARCH 26 2017.........SUNRISE   733 AM EDT   SUNSET   757 PM EDT


-  INDICATES NEGATIVE NUMBERS.
R  INDICATES RECORD WAS SET OR TIED.
MM INDICATES DATA IS MISSING.
T  INDICATES TRACE AMOUNT.




$$
