000
CXUS53 KARX 010900
CF6FKA
PRELIMINARY LOCAL CLIMATOLOGICAL DATA (WS FORM: F-6)
STATION: PRESTON MN
MONTH: MARCH
YEAR: 2021
LATITUDE: 43 40 N
LONGITUDE: 92 11 W
TEMPERATURE IN F: :PCPN: SNOW: WIND :SUNSHINE: SKY :PK WND
================================================================================
1 2 3 4 5 6A 6B 7 8 9 10 11 12 13 14 15 16 17 18
12Z AVG MX 2MIN
DY MAX MIN AVG DEP HDD CDD WTR SNW DPTH SPD SPD DIR MIN PSBL S-S WX SPD DR
================================================================================
1 21 10 16 M 49 0 M M M 8.2 15 300 M M 2 8 20 300
2 39 10 25 M 40 0 0.00 0.0 M 15.6 23 190 M M 0 33 190
3 46 29 38 M 27 0 0.00 0.0 M 5.4 12 290 M M 0 M M
4 42 29 36 M 29 0 0.00 0.0 M 6.3 12 120 M M 1 17 120
5 37 28 33 M 32 0 0.00 0.0 M 2.8 7 160 M M 5 M M
6 45 23 34 M 31 0 0.00 0.0 M 3.1 8 140 M M 0 M M
7 47 30 39 M 26 0 0.00 0.0 M 12.3 20 170 M M 0 8 29 170
8 56 36 46 M 19 0 0.00 0.0 M 4.6 12 220 M M 0 M M
9 61 39 50 M 15 0 0.00 0.0 M 12.0 27 160 M M 1 8 36 160
10 61 34 48 M 17 0 M M M 15.2 27 240 M M 7 13 43 240
11 46 31 39 M 26 0 0.00 0.0 M 16.1 24 250 M M 5 32 250
12 45 28 37 M 28 0 0.00 0.0 0 5.6 12 360 M M 0 16 360
13 55 27 41 M 24 0 0.00 0.0 0 6.0 12 210 M M 0 18 210
14 46 32 39 M 26 0 0.00 0.0 0 11.5 20 90 M M 0 28 90
15 32 27 30 M 35 0 M M M 13.4 20 100 M M 8 1 27 100
16 33 26 30 M 35 0 M M M 3.7 7 100 M M 10 1 M M
17 38 29 34 M 31 0 M M M 7.8 14 360 M M 6 1 21 20
18 47 29 38 M 27 0 0.00 0.0 M 11.0 23 30 M M 0 28 40
19 46 28 37 M 28 0 0.00 0.0 M 6.1 10 170 M M 0 M M
20 54 31 43 M 22 0 0.00 0.0 M 15.1 21 160 M M 0 28 170
21 62 37 50 M 15 0 0.00 0.0 0 18.8 29 180 M M 2 44 180
22 58 38 48 M 17 0 0.02 0.0 0 8.1 16 310 M M 4 17 220
23 53 42 48 M 17 0 0.30 M M 8.2 14 90 M M 6 1 21 90
24 49 38 44 M 21 0 0.16 M M 12.1 23 290 M M 10 1 30 290
25 47 32 40 M 25 0 M M M 5.8 13 50 M M 6 20 50
26 51 28 40 M 25 0 0.00 0.0 0 4.1 7 180 M M 6 M M
27 45 33 39 M 26 0 0.22 0.0 0 8.4 24 310 M M 8 1 31 310
28 41 29 35 M 30 0 M M M 11.7 21 340 M M 3 27 340
29 68 34 51 M 14 0 0.00 0.0 0 22.7 33 190 M M 0 45 190
30 57 28 43 M 22 0 0.00 0.0 0 17.2 25 280 M M 2 8 30 300
31 33 21 27 M 38 0 M M 0 16.2 25 330 M M 3 35 330
================================================================================
SM 1461 916 817 0 0.70 0.0 315.1 M 95
================================================================================
AV 47.1 29.5 10.2 FASTST M M 3 MAX(MPH)
MISC ----> 33 190 45 190
================================================================================
NOTES:
# LAST OF SEVERAL OCCURRENCES
COLUMN 17 PEAK WIND IN M.P.H.
PRELIMINARY LOCAL CLIMATOLOGICAL DATA (WS FORM: F-6) , PAGE 2
STATION: PRESTON MN
MONTH: MARCH
YEAR: 2021
LATITUDE: 43 40 N
LONGITUDE: 92 11 W
[TEMPERATURE DATA] [PRECIPITATION DATA] SYMBOLS USED IN COLUMN 16
AVERAGE MONTHLY: 38.3 TOTAL FOR MONTH: 0.70 1 = FOG OR MIST
DPTR FM NORMAL: 0.0 DPTR FM NORMAL: M 2 = FOG REDUCING VISIBILITY
HIGHEST: 68 ON 29 GRTST 24HR 0.30 ON 23-23 TO 1/4 MILE OR LESS
LOWEST: 10 ON 2, 1 3 = THUNDER
SNOW, ICE PELLETS, HAIL 4 = ICE PELLETS
TOTAL MONTH: 0.0 INCH 5 = HAIL
GRTST 24HR 0.0 6 = FREEZING RAIN OR DRIZZLE
GRTST DEPTH: 0 7 = DUSTSTORM OR SANDSTORM:
VSBY 1/2 MILE OR LESS
8 = SMOKE OR HAZE
[NO. OF DAYS WITH] [WEATHER - DAYS WITH] 9 = BLOWING SNOW
X = TORNADO
MAX 32 OR BELOW: 2 0.01 INCH OR MORE: 4
MAX 90 OR ABOVE: 0 0.10 INCH OR MORE: 3
MIN 32 OR BELOW: 22 0.50 INCH OR MORE: 0
MIN 0 OR BELOW: 0 1.00 INCH OR MORE: 0
[HDD (BASE 65) ]
TOTAL THIS MO. 817 CLEAR (SCALE 0-3) 19
DPTR FM NORMAL M PTCLDY (SCALE 4-7) 9
TOTAL FM JUL 1 6723 CLOUDY (SCALE 8-10) 3
DPTR FM NORMAL M
[CDD (BASE 65) ]
TOTAL THIS MO. 0
DPTR FM NORMAL M [PRESSURE DATA]
TOTAL FM JAN 1 0 HIGHEST SLP M ON M
DPTR FM NORMAL M LOWEST SLP M ON M
[REMARKS]
#FINAL-03-21#