711
CXUS52 KMFL 011000
CF6FLL
PRELIMINARY LOCAL CLIMATOLOGICAL DATA (WS FORM: F-6)
STATION: FORT LAUDERDALE
MONTH: JUNE
YEAR: 2020
LATITUDE: 26 4 N
LONGITUDE: 80 9 W
TEMPERATURE IN F: :PCPN: SNOW: WIND :SUNSHINE: SKY :PK WND
================================================================================
1 2 3 4 5 6A 6B 7 8 9 10 11 12 13 14 15 16 17 18
12Z AVG MX 2MIN
DY MAX MIN AVG DEP HDD CDD WTR SNW DPTH SPD SPD DIR MIN PSBL S-S WX SPD DR
================================================================================
1 88 76 82 0 0 17 0.00 0.0 0 7.7 16 100 M M 6 20 90
2 88 75 82 0 0 17 1.59 0.0 0 11.7 25 100 M M 7 13 28 100
3 84 75 80 -2 0 15 0.75 0.0 0 9.5 14 140 M M 6 13 M M
4 83 74 79 -4 0 14 0.99 0.0 0 6.8 22 130 M M 9 13 29 150
5 88 79 84 1 0 19 0.22 0.0 0 12.0 21 140 M M 9 13 28 130
6 87 82 85 2 0 20 T 0.0 0 14.0 22 140 M M 9 27 140
7 91 83 87 4 0 22 0.00 0.0 0 11.9 20 170 M M 8 25 170
8 89 82 86 3 0 21 T 0.0 0 7.6 15 150 M M 7 3 19 140
9 90 80 85 2 0 20 0.00 0.0 0 8.1 14 130 M M 6 19 130
10 90 78 84 1 0 19 0.02 0.0 0 6.9 16 100 M M 5 3 19 110
11 88 78 83 0 0 18 0.02 0.0 0 10.7 18 90 M M 3 26 80
12 88 78 83 0 0 18 0.04 0.0 0 11.6 18 90 M M 5 24 100
13 88 79 84 1 0 19 T 0.0 0 11.8 18 90 M M 6 22 90
14 87 78 83 0 0 18 0.03 0.0 0 8.7 20 100 M M 8 13 23 100
15 89 72 81 -2 0 16 1.30 0.0 0 4.9 25 350 M M 7 13 36 350
16 88 74 81 -2 0 16 0.00 0.0 0 9.4 17 70 M M 3 24 70
17 87 79 83 0 0 18 0.01 0.0 0 10.5 18 120 M M 6 24 90
18 87 79 83 0 0 18 0.08 M 0 6.4 12 120 M M 7 13 M M
19 90 72 81 -2 0 16 0.62 0.0 0 8.5 16 150 M M 7 13 M M
20 89 78 84 1 0 19 0.00 0.0 0 6.9 13 140 M M 6 3 M M
21 88 79 84 1 0 19 0.01 0.0 0 4.4 10 130 M M 6 M M
22 90 78 84 1 0 19 T 0.0 0 6.5 14 140 M M 6 M M
23 91 81 86 3 0 21 T 0.0 0 7.2 16 130 M M 4 3 M M
24 93 82 88 5 0 23 0.00 0.0 M 7.2 15 140 M M 3 20 140
25 91 83 87 4 0 22 0.00 0.0 0 9.9 15 130 M M 6 21 110
26 91 83 87 4 0 22 0.00 0.0 M 11.4 17 110 M M 4 23 90
27 90 83 87 3 0 22 0.00 0.0 0 10.4 16 110 M M 2 22 140
28 91 82 87 3 0 22 0.00 0.0 0 8.7 15 100 M M 6 19 120
29 91 80 86 2 0 21 0.00 0.0 0 6.5 15 120 M M 4 3 26 100
30 94 79 87 3 0 22 0.00 0.0 0 6.9 21 250 M M 2 3 26 250
================================================================================
SM 2669 2361 0 573 5.68 0.0 264.7 M 173
================================================================================
AV 89.0 78.7 8.8 FASTST M M 6 MAX(MPH)
MISC ----> # 25 100 # 36 350
================================================================================
NOTES:
# LAST OF SEVERAL OCCURRENCES
COLUMN 17 PEAK WIND IN M.P.H.
PRELIMINARY LOCAL CLIMATOLOGICAL DATA (WS FORM: F-6) , PAGE 2
STATION: FORT LAUDERDALE
MONTH: JUNE
YEAR: 2020
LATITUDE: 26 4 N
LONGITUDE: 80 9 W
[TEMPERATURE DATA] [PRECIPITATION DATA] SYMBOLS USED IN COLUMN 16
AVERAGE MONTHLY: 83.8 TOTAL FOR MONTH: 5.68 1 = FOG OR MIST
DPTR FM NORMAL: 0.7 DPTR FM NORMAL: -4.48 2 = FOG REDUCING VISIBILITY
HIGHEST: 94 ON 30 GRTST 24HR 1.59 ON 2- 2 TO 1/4 MILE OR LESS
LOWEST: 72 ON 19,15 3 = THUNDER
SNOW, ICE PELLETS, HAIL 4 = ICE PELLETS
TOTAL MONTH: 0.0 INCH 5 = HAIL
GRTST 24HR 0.0 6 = FREEZING RAIN OR DRIZZLE
GRTST DEPTH: 0 7 = DUSTSTORM OR SANDSTORM:
VSBY 1/2 MILE OR LESS
8 = SMOKE OR HAZE
[NO. OF DAYS WITH] [WEATHER - DAYS WITH] 9 = BLOWING SNOW
X = TORNADO
MAX 32 OR BELOW: 0 0.01 INCH OR MORE: 13
MAX 90 OR ABOVE: 13 0.10 INCH OR MORE: 6
MIN 32 OR BELOW: 0 0.50 INCH OR MORE: 5
MIN 0 OR BELOW: 0 1.00 INCH OR MORE: 2
[HDD (BASE 65) ]
TOTAL THIS MO. 0 CLEAR (SCALE 0-3) 3
DPTR FM NORMAL 0 PTCLDY (SCALE 4-7) 23
TOTAL FM JUL 1 70 CLOUDY (SCALE 8-10) 4
DPTR FM NORMAL -42
[CDD (BASE 65) ]
TOTAL THIS MO. 573
DPTR FM NORMAL 30 [PRESSURE DATA]
TOTAL FM JAN 1 2244 HIGHEST SLP 30.18 ON 26
DPTR FM NORMAL 283 LOWEST SLP 29.90 ON 13
[REMARKS]
#FINAL-06-20#