000
CXUS52 KILM 011000
CF6FLO
PRELIMINARY LOCAL CLIMATOLOGICAL DATA (WS FORM: F-6)
STATION: FLORENCE SOUTH CAROLINA
MONTH: OCTOBER
YEAR: 2021
LATITUDE: 34 10 N
LONGITUDE: 79 43 W
TEMPERATURE IN F: :PCPN: SNOW: WIND :SUNSHINE: SKY :PK WND
================================================================================
1 2 3 4 5 6A 6B 7 8 9 10 11 12 13 14 15 16 17 18
12Z AVG MX 2MIN
DY MAX MIN AVG DEP HDD CDD WTR SNW DPTH SPD SPD DIR MIN PSBL S-S WX SPD DR
================================================================================
1 84 63 74 3 0 9 0.00 M M 4.6 13 120 M M 0 18 17 80
2 87 58 73 2 0 8 0.00 M M 2.8 10 170 M M 1 18 13 130
3 86 61 74 4 0 9 0.00 M M 3.5 14 170 M M 2 18 17 170
4 88 66 77 7 0 12 0.05 M M 2.5 20 210 M M 6 123 27 200
5 87 67 77 7 0 12 0.07 M M 4.2 16 130 M M 5 128 19 130
6 85 71 78 9 0 13 T M M 7.7 16 90 M M 5 18 20 80
7 85 70 78 9 0 13 0.00 M M 8.8 15 60 M M 6 19 60
8 77 69 73 5 0 8 0.02 M M 6.2 13 10 M M 10 18 17 40
9 76 67 72 4 0 7 0.01 M M 9.7 20 20 M M 9 18 25 20
10 80 67 74 6 0 9 0.00 M M 10.6 18 10 M M 7 24 10
11 74 67 71 4 0 6 0.00 M M 6.1 12 350 M M 8 15 360
12 74 59 67 0 0 2 0.00 M M 3.7 12 350 M M 8 18 14 10
13 85 55 70 3 0 5 0.00 M M 2.7 10 40 M M 0 128 13 20
14 88 61 75 9 0 10 0.00 M M 2.9 12 30 M M 1 128 15 20
15 89 59 74 8 0 9 0.00 M M 2.1 10 140 M M 0 128 13 130
16 91 62 77 11 0 12 0.00 M M 11.2 22 350 M M 2 128 28 260
17 72 47 60 -5 5 0 0.00 M M 8.0 20 350 M M 0 27 360
18 77 42 60 -5 5 0 0.00 M M 4.2 15 320 M M 0 19 330
19 81 45 63 -1 2 0 0.00 M M 2.3 9 320 M M 0 14 90
20 84 47 66 2 0 1 0.00 M M 4.6 13 270 M M 0 16 260
21 84 50 67 3 0 2 0.00 M M 7.0 18 240 M M 0 18 23 260
22 86 57 72 9 0 7 0.00 M M 7.8 17 270 M M 2 23 230
23 80 50 65 2 0 0 0.00 M M 3.4 14 30 M M 0 1 19 40
24 82 49 66 4 0 1 0.00 M M 2.7 12 150 M M 0 18 16 140
25 84 64 74 12 0 9 0.12 M M 6.2 21 280 M M 4 1 28 290
26 76 54 65 3 0 0 0.00 M M 10.4 22 10 M M 0 30 10
27 71 43 57 -4 8 0 0.00 M M 4.6 14 340 M M 0 19 330
28 68 46 57 -4 8 0 0.38 M M 6.5 16 130 M M 5 1 20 130
29 70 55 63 2 2 0 0.15 M M 8.1 22 230 M M 8 12 28 230
30 65 50 58 -2 7 0 0.00 M M 7.7 15 240 M M 5 20 250
31 75 51 63 3 2 0 0.00 M M 6.6 15 280 M M 2 8 18 280
================================================================================
SM 2491 1772 39 164 0.80 M 179.4 M 96
================================================================================
AV 80.4 57.2 5.8 FASTST M M 3 MAX(MPH)
MISC ----> # 22 350 30 10
================================================================================
NOTES:
# LAST OF SEVERAL OCCURRENCES
COLUMN 17 PEAK WIND IN M.P.H.
PRELIMINARY LOCAL CLIMATOLOGICAL DATA (WS FORM: F-6) , PAGE 2
STATION: FLORENCE SOUTH CAROLINA
MONTH: OCTOBER
YEAR: 2021
LATITUDE: 34 10 N
LONGITUDE: 79 43 W
[TEMPERATURE DATA] [PRECIPITATION DATA] SYMBOLS USED IN COLUMN 16
AVERAGE MONTHLY: 68.8 TOTAL FOR MONTH: 0.80 1 = FOG OR MIST
DPTR FM NORMAL: 3.3 DPTR FM NORMAL: -2.62 2 = FOG REDUCING VISIBILITY
HIGHEST: 91 ON 16 GRTST 24HR 0.53 ON 28-29 TO 1/4 MILE OR LESS
LOWEST: 42 ON 18 3 = THUNDER
SNOW, ICE PELLETS, HAIL 4 = ICE PELLETS
TOTAL MONTH: M 5 = HAIL
GRTST 24HR M ON M 6 = FREEZING RAIN OR DRIZZLE
GRTST DEPTH: M ON M 7 = DUSTSTORM OR SANDSTORM:
VSBY 1/2 MILE OR LESS
8 = SMOKE OR HAZE
[NO. OF DAYS WITH] [WEATHER - DAYS WITH] 9 = BLOWING SNOW
X = TORNADO
MAX 32 OR BELOW: 0 0.01 INCH OR MORE: 7
MAX 90 OR ABOVE: 1 0.10 INCH OR MORE: 3
MIN 32 OR BELOW: 0 0.50 INCH OR MORE: 0
MIN 0 OR BELOW: 0 1.00 INCH OR MORE: 0
[HDD (BASE 65) ]
TOTAL THIS MO. 39 CLEAR (SCALE 0-3) 18
DPTR FM NORMAL -49 PTCLDY (SCALE 4-7) 9
TOTAL FM JUL 1 39 CLOUDY (SCALE 8-10) 4
DPTR FM NORMAL -56
[CDD (BASE 65) ]
TOTAL THIS MO. 164
DPTR FM NORMAL 60 [PRESSURE DATA]
TOTAL FM JAN 1 2305 HIGHEST SLP 30.28 ON 20
DPTR FM NORMAL 71 LOWEST SLP 29.49 ON 29
[REMARKS]
#FINAL-10-21#