000
CXUS52 KILM 011000
CF6FLO
PRELIMINARY LOCAL CLIMATOLOGICAL DATA (WS FORM: F-6)
STATION: FLORENCE SOUTH CAROLINA
MONTH: JUNE
YEAR: 2021
LATITUDE: 34 10 N
LONGITUDE: 79 43 W
TEMPERATURE IN F: :PCPN: SNOW: WIND :SUNSHINE: SKY :PK WND
================================================================================
1 2 3 4 5 6A 6B 7 8 9 10 11 12 13 14 15 16 17 18
12Z AVG MX 2MIN
DY MAX MIN AVG DEP HDD CDD WTR SNW DPTH SPD SPD DIR MIN PSBL S-S WX SPD DR
================================================================================
1 85 54 70 -6 0 5 0.00 M M 5.9 14 60 M M 3 19 60
2 83 65 74 -2 0 9 0.15 M M 4.7 16 160 M M 7 1 21 130
3 82 71 77 1 0 12 1.04 M M 5.5 23 170 M M 7 123 28 180
4 89 71 80 3 0 15 0.01 M M 6.5 17 160 M M 4 1 22 170
5 89 68 79 2 0 14 0.04 M M 3.5 22 150 M M 2 13 28 150
6 83 71 77 0 0 12 0.13 M M 5.4 15 150 M M 8 123 18 150
7 88 74 81 4 0 16 0.01 M M 6.1 16 150 M M 8 13 23 30
8 84 73 79 1 0 14 1.69 M M 5.4 16 260 M M 5 128 20 220
9 91 73 82 4 0 17 0.00 M M 7.9 16 250 M M 3 3 20 260
10 92 73 83 5 0 18 0.31 M M 9.3 23 310 M M 4 138 33 320
11 91 73 82 4 0 17 0.00 M M 10.7 22 220 M M 2 13 27 210
12 88 73 81 2 0 16 0.79 M M 6.2 18 110 M M 6 13 33 70
13 85 70 78 -1 0 13 0.00 M M 6.8 14 10 M M 6 19 40
14 92 68 80 1 0 15 0.00 M M 5.3 14 180 M M 2 23 200
15 93 71 82 3 0 17 T M M 8.2 18 360 M M 1 3 22 10
16 88 67 78 -1 0 13 0.00 M M 4.7 12 40 M M 3 15 30
17 87 63 75 -5 0 10 0.00 M M 6.9 15 340 M M 0 21 340
18 91 58 75 -5 0 10 0.00 M M 4.8 12 200 M M 0 17 150
19 93 72 83 3 0 18 0.35 M M 8.1 25 320 M M 2 13 31 310
20 90 73 82 2 0 17 0.87 M M 9.3 23 200 M M 7 138 31 200
21 93 73 83 3 0 18 T M M 10.8 22 220 M M 5 1 29 220
22 83 71 77 -3 0 12 0.10 M M 11.5 20 230 M M 7 1 26 220
23 85 67 76 -5 0 11 0.00 M M 8.8 17 50 M M 6 25 50
24 83 62 73 -8 0 8 0.00 M M 8.8 17 10 M M 0 23 30
25 84 64 74 -7 0 9 0.00 M M 6.9 14 340 M M 7 18 50
26 89 71 80 -1 0 15 0.01 M M 6.3 17 130 M M 7 12 20 130
27 92 71 82 1 0 17 0.00 M M 5.2 16 110 M M 4 12 21 110
28 88 70 79 -2 0 14 0.03 M M 10.2 22 110 M M 3 38 28 100
29 91 72 82 1 0 17 0.06 M M 5.0 17 210 M M 5 1238 21 210
30 92 71 82 0 0 17 0.00 M M 4.5 14 180 M M 4 12 17 150
================================================================================
SM 2644 2073 0 416 5.59 M 209.2 M 128
================================================================================
AV 88.1 69.1 7.0 FASTST M M 4 MAX(MPH)
MISC ----> 25 320 # 33 320
================================================================================
NOTES:
# LAST OF SEVERAL OCCURRENCES
COLUMN 17 PEAK WIND IN M.P.H.
PRELIMINARY LOCAL CLIMATOLOGICAL DATA (WS FORM: F-6) , PAGE 2
STATION: FLORENCE SOUTH CAROLINA
MONTH: JUNE
YEAR: 2021
LATITUDE: 34 10 N
LONGITUDE: 79 43 W
[TEMPERATURE DATA] [PRECIPITATION DATA] SYMBOLS USED IN COLUMN 16
AVERAGE MONTHLY: 78.6 TOTAL FOR MONTH: 5.59 1 = FOG OR MIST
DPTR FM NORMAL: -0.5 DPTR FM NORMAL: 0.98 2 = FOG REDUCING VISIBILITY
HIGHEST: 93 ON 21,19 GRTST 24HR 1.70 ON 7- 8 TO 1/4 MILE OR LESS
LOWEST: 54 ON 1 3 = THUNDER
SNOW, ICE PELLETS, HAIL 4 = ICE PELLETS
TOTAL MONTH: M 5 = HAIL
GRTST 24HR M ON M 6 = FREEZING RAIN OR DRIZZLE
GRTST DEPTH: M ON M 7 = DUSTSTORM OR SANDSTORM:
VSBY 1/2 MILE OR LESS
8 = SMOKE OR HAZE
[NO. OF DAYS WITH] [WEATHER - DAYS WITH] 9 = BLOWING SNOW
X = TORNADO
MAX 32 OR BELOW: 0 0.01 INCH OR MORE: 15
MAX 90 OR ABOVE: 12 0.10 INCH OR MORE: 9
MIN 32 OR BELOW: 0 0.50 INCH OR MORE: 4
MIN 0 OR BELOW: 0 1.00 INCH OR MORE: 2
[HDD (BASE 65) ]
TOTAL THIS MO. 0 CLEAR (SCALE 0-3) 11
DPTR FM NORMAL -1 PTCLDY (SCALE 4-7) 19
TOTAL FM JUL 1 2250 CLOUDY (SCALE 8-10) 0
DPTR FM NORMAL -83
[CDD (BASE 65) ]
TOTAL THIS MO. 416
DPTR FM NORMAL -8 [PRESSURE DATA]
TOTAL FM JAN 1 755 HIGHEST SLP 30.30 ON 29
DPTR FM NORMAL -28 LOWEST SLP 29.71 ON 12
[REMARKS]
#FINAL-06-21#