000
CXUS54 KLZK 011330
CF6FLP
PRELIMINARY LOCAL CLIMATOLOGICAL DATA (WS FORM: F-6)
STATION: FLIPPIN
MONTH: JANUARY
YEAR: 2024
LATITUDE: 36 17 N
LONGITUDE: 92 28 W
TEMPERATURE IN F: :PCPN: SNOW: WIND :SUNSHINE: SKY :PK WND
================================================================================
1 2 3 4 5 6A 6B 7 8 9 10 11 12 13 14 15 16 17 18
12Z AVG MX 2MIN
DY MAX MIN AVG DEP HDD CDD WTR SNW DPTH SPD SPD DIR MIN PSBL S-S WX SPD DR
================================================================================
1 40 21 31 M 34 0 0.00 M M 4.2 9 20 M M 7 M M
2 45 17 31 M 34 0 0.00 M M 1.2 6 30 M M 0 1 M M
3 51 24 38 M 27 0 0.00 M M 2.7 10 320 M M 0 M M
4 38 25 32 M 33 0 0.00 M M 3.5 8 170 M M 4 1 M M
5 34 23 29 M 36 0 0.24 M M 1.9 7 90 M M 7 1 M M
6 40 33 37 M 28 0 0.02 M M 4.4 12 290 M M 10 18 M M
7 52 30 41 M 24 0 0.00 M M 4.6 9 250 M M 3 M M
8 41 28 35 M 30 0 1.18 M M 6.2 12 110 M M 7 1 20 110
9 40 32 36 M 29 0 0.06 M M 13.3 25 270 M M 10 1 39 260
10 53 23 38 M 27 0 0.00 M M 5.9 14 190 M M 3 21 260
11 58 22 40 M 25 0 0.17 M M 5.8 16 110 M M 3 1 21 110
12 51 23 37 M 28 0 0.20 M M 13.2 23 270 M M 8 13 38 280
13 35 12 24 M 41 0 T M M 8.0 15 330 M M 2 22 320
14 12 2 7 M 58 0 0.03 M M 7.4 13 330 M M 6 12 21 300
15 13 0 7 M 58 0 0.04 M M 6.4 12 320 M M 9 17 320
16 17 -1 8 M 57 0 T M M 8.0 18 320 M M 2 25 320
17 41 -7 17 M 48 0 0.02 M M 3.5 8 190 M M 0 M M
18 41 19 30 M 35 0 0.00 M M 2.9 8 290 M M 0 M M
19 34 13 24 M 41 0 0.00 M M 11.5 20 320 M M 2 35 310
20 24 7 16 M 49 0 0.00 M M 4.0 10 340 M M 0 M M
21 33 10 22 M 43 0 0.00 M M 5.0 10 130 M M 4 M M
22 36 29 33 M 32 0 1.09 M M 4.4 8 100 M M 10 M M
23 45 35 40 M 25 0 0.45 M M 1.6 6 120 M M 10 M M
24 55 41 48 M 17 0 0.01 M M 1.7 6 10 M M 8 M M
25 54 46 50 M 15 0 0.53 M M 2.3 15 280 M M 10 M M
26 48 43 46 M 19 0 0.00 M M 2.7 6 60 M M 10 M M
27 44 38 41 M 24 0 0.96 M M 8.2 13 300 M M 10 18 310
28 52 30 41 M 24 0 0.00 M M 7.2 13 300 M M 5 22 300
29 64 24 44 M 21 0 0.00 M M 2.1 6 210 M M 1 M M
30 64 36 50 M 15 0 0.00 M M 6.1 13 320 M M 1 18 310
31 60 28 44 M 21 0 0.00 M M 1.9 6 350 M M 0 M M
================================================================================
SM 1315 706 998 0 5.00 M 161.7 M 152
================================================================================
AV 42.4 22.8 5.2 FASTST M M 5 MAX(MPH)
MISC ----> 25 270 39 260
================================================================================
NOTES:
# LAST OF SEVERAL OCCURRENCES
COLUMN 17 PEAK WIND IN M.P.H.
PRELIMINARY LOCAL CLIMATOLOGICAL DATA (WS FORM: F-6) , PAGE 2
STATION: FLIPPIN
MONTH: JANUARY
YEAR: 2024
LATITUDE: 36 17 N
LONGITUDE: 92 28 W
[TEMPERATURE DATA] [PRECIPITATION DATA] SYMBOLS USED IN COLUMN 16
AVERAGE MONTHLY: 32.6 TOTAL FOR MONTH: 5.00 1 = FOG OR MIST
DPTR FM NORMAL: 0.0 DPTR FM NORMAL: M 2 = FOG REDUCING VISIBILITY
HIGHEST: 64 ON 30,29 GRTST 24HR 2.45 ON 22-23 TO 1/4 MILE OR LESS
LOWEST: -7 ON 17 3 = THUNDER
SNOW, ICE PELLETS, HAIL 4 = ICE PELLETS
TOTAL MONTH: M 5 = HAIL
GRTST 24HR M ON M 6 = FREEZING RAIN OR DRIZZLE
GRTST DEPTH: M ON M 7 = DUSTSTORM OR SANDSTORM:
VSBY 1/2 MILE OR LESS
8 = SMOKE OR HAZE
[NO. OF DAYS WITH] [WEATHER - DAYS WITH] 9 = BLOWING SNOW
X = TORNADO
MAX 32 OR BELOW: 4 0.01 INCH OR MORE: 14
MAX 90 OR ABOVE: 0 0.10 INCH OR MORE: 8
MIN 32 OR BELOW: 24 0.50 INCH OR MORE: 4
MIN 0 OR BELOW: 3 1.00 INCH OR MORE: 2
[HDD (BASE 65) ]
TOTAL THIS MO. 998 CLEAR (SCALE 0-3) 14
DPTR FM NORMAL M PTCLDY (SCALE 4-7) 7
TOTAL FM JUL 1 2268 CLOUDY (SCALE 8-10) 10
DPTR FM NORMAL M
[CDD (BASE 65) ]
TOTAL THIS MO. 0
DPTR FM NORMAL M [PRESSURE DATA]
TOTAL FM JAN 1 0 HIGHEST SLP M ON M
DPTR FM NORMAL M LOWEST SLP M ON M
[REMARKS]
#FINAL-01-24#