000
CXUS54 KLZK 011330
CF6FLP
PRELIMINARY LOCAL CLIMATOLOGICAL DATA (WS FORM: F-6)
STATION: FLIPPIN
MONTH: NOVEMBER
YEAR: 2023
LATITUDE: 36 17 N
LONGITUDE: 92 28 W
TEMPERATURE IN F: :PCPN: SNOW: WIND :SUNSHINE: SKY :PK WND
================================================================================
1 2 3 4 5 6A 6B 7 8 9 10 11 12 13 14 15 16 17 18
12Z AVG MX 2MIN
DY MAX MIN AVG DEP HDD CDD WTR SNW DPTH SPD SPD DIR MIN PSBL S-S WX SPD DR
================================================================================
1 51 21 36 M 29 0 0.00 M M 1.7 7 250 M M 0 M M
2 67 26 47 M 18 0 0.00 M M 1.8 7 99 M M 0 M M
3 69 29 49 M 16 0 0.00 M M 2.8 13 220 M M 0 16 220
4 73 41 57 M 8 0 T M M 1.5 7 20 M M 2 18 M M
5 75 48 62 M 3 0 0.00 M M 2.5 7 120 M M 6 M M
6 80 51 66 M 0 1 0.00 M M 3.3 9 220 M M 0 M M
7 M M M M M M 0.00 M M M M M M M M M M
8 M M M M M M 0.00 M M M M M M M M M M
9 68 46 57 M 8 0 0.20 M M 2.6 6 350 M M 10 M M
10 66 41 54 M 11 0 0.00 M M 2.7 12 30 M M 1 18 M M
11 57 33 45 M 20 0 0.00 M M 1.9 8 80 M M 2 8 M M
12 65 29 47 M 18 0 0.00 M M 0.9 5 110 M M 0 M M
13 71 34 53 M 12 0 0.00 M M 0.8 7 30 M M 0 8 M M
14 68 34 51 M 14 0 0.00 M M 1.6 7 110 M M 0 M M
15 71 33 52 M 13 0 0.00 M M 1.3 6 110 M M 0 M M
16 68 42 55 M 10 0 0.00 M M 3.2 9 160 M M 8 M M
17 67 49 58 M 7 0 0.00 M M 3.7 9 290 M M 7 M M
18 65 35 50 M 15 0 0.00 M M 1.3 7 20 M M 0 8 M M
19 59 30 45 M 20 0 0.21 M M 1.7 7 80 M M 5 1 M M
20 50 44 47 M 18 0 0.67 M M 3.3 12 110 M M 10 12 16 130
21 51 44 48 M 17 0 0.03 M M 9.1 16 310 M M 10 1 24 320
22 52 32 42 M 23 0 0.00 M M 4.8 10 260 M M 3 M M
23 65 26 46 M 19 0 0.00 M M 1.3 5 40 M M 0 128 M M
24 52 34 43 M 22 0 0.00 M M 4.5 9 20 M M 0 M M
25 49 28 39 M 26 0 0.00 M M 1.8 6 120 M M 0 M M
26 43 31 37 M 28 0 0.08 M M 7.6 20 290 M M 6 1 27 290
27 50 24 37 M 28 0 0.00 M M 6.0 14 290 M M 0 17 280
28 50 26 38 M 27 0 0.00 M M 1.3 7 270 M M 0 M M
29 67 33 50 M 15 0 0.00 M M 3.2 10 210 M M 0 M M
30 51 44 48 M 17 0 0.69 M M 4.7 9 160 M M 8 1 M M
================================================================================
SM 1720 988 462 1 1.88 M 82.9 M 78
================================================================================
AV 61.4 35.3 3.0 FASTST M M 3 MAX(MPH)
MISC ----> 20 290 27 290
================================================================================
NOTES:
# LAST OF SEVERAL OCCURRENCES
COLUMN 17 PEAK WIND IN M.P.H.
PRELIMINARY LOCAL CLIMATOLOGICAL DATA (WS FORM: F-6) , PAGE 2
STATION: FLIPPIN
MONTH: NOVEMBER
YEAR: 2023
LATITUDE: 36 17 N
LONGITUDE: 92 28 W
[TEMPERATURE DATA] [PRECIPITATION DATA] SYMBOLS USED IN COLUMN 16
AVERAGE MONTHLY: 48.4 TOTAL FOR MONTH: 1.88 1 = FOG OR MIST
DPTR FM NORMAL: 0.0 DPTR FM NORMAL: M 2 = FOG REDUCING VISIBILITY
HIGHEST: 80 ON 6 GRTST 24HR 0.88 ON 19-20 TO 1/4 MILE OR LESS
LOWEST: 21 ON 1 3 = THUNDER
SNOW, ICE PELLETS, HAIL 4 = ICE PELLETS
TOTAL MONTH: M 5 = HAIL
GRTST 24HR M ON M 6 = FREEZING RAIN OR DRIZZLE
GRTST DEPTH: M ON M 7 = DUSTSTORM OR SANDSTORM:
VSBY 1/2 MILE OR LESS
8 = SMOKE OR HAZE
[NO. OF DAYS WITH] [WEATHER - DAYS WITH] 9 = BLOWING SNOW
X = TORNADO
MAX 32 OR BELOW: 0 0.01 INCH OR MORE: 6
MAX 90 OR ABOVE: 0 0.10 INCH OR MORE: 4
MIN 32 OR BELOW: 11 0.50 INCH OR MORE: 2
MIN 0 OR BELOW: 0 1.00 INCH OR MORE: 0
[HDD (BASE 65) ]
TOTAL THIS MO. 462 CLEAR (SCALE 0-3) 18
DPTR FM NORMAL M PTCLDY (SCALE 4-7) 6
TOTAL FM JUL 1 643 CLOUDY (SCALE 8-10) 6
DPTR FM NORMAL M
[CDD (BASE 65) ]
TOTAL THIS MO. 1
DPTR FM NORMAL M [PRESSURE DATA]
TOTAL FM JAN 1 1640 HIGHEST SLP 30.56 ON 1
DPTR FM NORMAL M LOWEST SLP 29.67 ON 8
[REMARKS]
#FINAL-11-23#