000
CXUS55 KBOU 010900
CF6FNL
PRELIMINARY LOCAL CLIMATOLOGICAL DATA (WS FORM: F-6)
STATION: FT COLLINS/LOVELAND CO
MONTH: APRIL
YEAR: 2023
LATITUDE: 40 27 N
LONGITUDE: 105 1 W
TEMPERATURE IN F: :PCPN: SNOW: WIND :SUNSHINE: SKY :PK WND
================================================================================
1 2 3 4 5 6A 6B 7 8 9 10 11 12 13 14 15 16 17 18
12Z AVG MX 2MIN
DY MAX MIN AVG DEP HDD CDD WTR SNW DPTH SPD SPD DIR MIN PSBL S-S WX SPD DR
================================================================================
1 66 30 48 M 17 0 M M M 14.3 31 260 M M 0 51 270
2 67 37 52 M 13 0 M M M 14.2 24 270 M M 1 35 270
3 56 32 44 M 21 0 M M M 11.5 23 360 M M 6 33 360
4 32 19 26 M 39 0 M M M 15.0 21 20 M M 8 12 27 20
5 42 13 28 M 37 0 M M M 6.2 13 200 M M 3 M M
6 53 20 37 M 28 0 M M M 4.9 13 110 M M 0 16 110
7 68 24 46 M 19 0 M M M 5.4 13 230 M M 0 M M
8 67 32 50 M 15 0 M M M 4.9 15 300 M M 2 23 160
9 71 34 53 M 12 0 M M M 4.8 13 120 M M 0 M M
10 77 34 56 M 9 0 M M M 5.5 9 170 M M 0 M M
11 86 35 61 M 4 0 M M M 6.5 16 290 M M 0 M M
12 84 39 62 M 3 0 M M M 5.7 13 270 M M 0 31 180
13 78 50 64 M 1 0 M M M 6.5 16 290 M M 1 36 30
14 51 32 42 M 23 0 M M M 9.5 23 10 M M 9 1 35 10
15 53 29 41 M 24 0 M M M 7.0 18 320 M M 5 12 31 320
16 64 29 47 M 18 0 M M M 5.5 13 160 M M 0 17 99
17 75 31 53 M 12 0 M M M 6.7 13 270 M M 0 30 250
18 77 38 58 M 7 0 M M M 11.6 30 270 M M 0 40 260
19 58 33 46 M 19 0 M M M 11.7 22 30 M M 2 28 180
20 50 31 41 M 24 0 M M M 17.8 30 310 M M 0 40 320
21 49 29 39 M 26 0 M M M 8.7 18 40 M M 5 1 24 40
22 39 24 32 M 33 0 M M M 6.4 12 210 M M 10 1 M M
23 58 23 41 M 24 0 M M M 4.9 10 170 M M 3 M M
24 68 30 49 M 16 0 M M M 5.7 12 110 M M 2 16 170
25 59 40 50 M 15 0 M M M 12.0 21 60 M M 8 1 29 50
26 60 40 50 M 15 0 M M M 6.8 12 190 M M 6 1 17 150
27 70 38 54 M 11 0 M M M 14.0 37 30 M M 4 54 10
28 62 36 49 M 16 0 M M M 15.3 27 350 M M 2 39 30
29 77 40 59 M 6 0 M M M 8.9 23 340 M M 5 33 340
30 70 38 54 M 11 0 M M M 5.9 12 90 M M 1 M M
================================================================================
SM 1887 960 518 0 M M 263.9 M 83
================================================================================
AV 62.9 32.0 8.8 FASTST M M 3 MAX(MPH)
MISC ----> 37 30 54 10
================================================================================
NOTES:
# LAST OF SEVERAL OCCURRENCES
COLUMN 17 PEAK WIND IN M.P.H.
PRELIMINARY LOCAL CLIMATOLOGICAL DATA (WS FORM: F-6) , PAGE 2
STATION: FT COLLINS/LOVELAND CO
MONTH: APRIL
YEAR: 2023
LATITUDE: 40 27 N
LONGITUDE: 105 1 W
[TEMPERATURE DATA] [PRECIPITATION DATA] SYMBOLS USED IN COLUMN 16
AVERAGE MONTHLY: 47.5 TOTAL FOR MONTH: M 1 = FOG OR MIST
DPTR FM NORMAL: 0.0 DPTR FM NORMAL: M 2 = FOG REDUCING VISIBILITY
HIGHEST: 86 ON 11 GRTST 24HR 0.30 ON 25-26 TO 1/4 MILE OR LESS
LOWEST: 13 ON 5 3 = THUNDER
SNOW, ICE PELLETS, HAIL 4 = ICE PELLETS
TOTAL MONTH: M 5 = HAIL
GRTST 24HR M ON M 6 = FREEZING RAIN OR DRIZZLE
GRTST DEPTH: M ON M 7 = DUSTSTORM OR SANDSTORM:
VSBY 1/2 MILE OR LESS
8 = SMOKE OR HAZE
[NO. OF DAYS WITH] [WEATHER - DAYS WITH] 9 = BLOWING SNOW
X = TORNADO
MAX 32 OR BELOW: 1 0.01 INCH OR MORE: 0
MAX 90 OR ABOVE: 0 0.10 INCH OR MORE: 0
MIN 32 OR BELOW: 16 0.50 INCH OR MORE: 0
MIN 0 OR BELOW: 0 1.00 INCH OR MORE: 0
[HDD (BASE 65) ]
TOTAL THIS MO. 518 CLEAR (SCALE 0-3) 20
DPTR FM NORMAL M PTCLDY (SCALE 4-7) 8
TOTAL FM JUL 1 6107 CLOUDY (SCALE 8-10) 2
DPTR FM NORMAL M
[CDD (BASE 65) ]
TOTAL THIS MO. 0
DPTR FM NORMAL M [PRESSURE DATA]
TOTAL FM JAN 1 0 HIGHEST SLP 30.32 ON 6
DPTR FM NORMAL M LOWEST SLP 29.26 ON 13
[REMARKS]
#FINAL-04-23#