000
CXUS53 KDTX 012120
CF6FNT
PRELIMINARY LOCAL CLIMATOLOGICAL DATA (WS FORM: F-6)
STATION: FLINT MI
MONTH: SEPTEMBER
YEAR: 2021
LATITUDE: 42 58 N
LONGITUDE: 83 44 W
TEMPERATURE IN F: :PCPN: SNOW: WIND :SUNSHINE: SKY :PK WND
================================================================================
1 2 3 4 5 6A 6B 7 8 9 10 11 12 13 14 15 16 17 18
12Z AVG MX 2MIN
DY MAX MIN AVG DEP HDD CDD WTR SNW DPTH SPD SPD DIR MIN PSBL S-S WX SPD DR
================================================================================
1 77 54 66 0 0 1 0.00 0.0 0 8.8 21 40 M M 1 27 60
2 77 49 63 -3 2 0 0.00 0.0 0 5.0 14 30 M M 0 22 20
3 74 49 62 -4 3 0 0.00 0.0 0 2.8 9 120 M M 0 12 110
4 76 58 67 1 0 2 0.10 0.0 0 5.4 15 170 M M 8 24 170
5 79 60 70 5 0 5 T 0.0 0 9.8 23 270 M M 4 3 30 250
6 75 53 64 -1 1 0 0.01 0.0 0 6.8 16 310 M M 2 3 22 310
7 84 50 67 2 0 2 0.19 0.0 0 7.8 23 330 M M 3 3 33 340
8 77 58 68 4 0 3 T 0.0 0 11.0 28 280 M M 3 35 270
9 72 50 61 -3 4 0 0.01 0.0 0 6.9 16 320 M M 5 22 20
10 74 47 61 -3 4 0 0.00 0.0 0 4.1 14 310 M M 3 17 310
11 80 59 70 6 0 5 0.00 0.0 0 9.6 21 200 M M 1 30 220
12 78 64 71 8 0 6 0.37 0.0 0 5.9 15 340 M M 9 3 24 350
13 69 63 66 3 0 1 0.46 0.0 0 6.2 23 300 M M 7 13 30 310
14 87 63 75 13 0 10 0.63 0.0 0 10.9 24 240 M M 5 3 37 240
15 76 56 66 4 0 1 0.00 0.0 0 3.4 12 290 M M 4 16 330
16 78 56 67 5 0 2 0.00 0.0 0 4.8 13 150 M M 2 18 180
17 84 56 70 9 0 5 0.00 0.0 0 5.6 15 230 M M 2 22 230
18 77 53 65 4 0 0 0.00 0.0 0 8.6 21 40 M M 2 29 30
19 80 49 65 4 0 0 0.00 0.0 0 5.6 12 120 M M 0 16 160
20 79 61 70 10 0 5 0.32 0.0 0 9.2 20 190 M M 4 28 190
21 76 57 67 7 0 2 0.44 0.0 0 11.2 20 170 M M 9 1 29 160
22 57 53 55 -5 10 0 1.06 0.0 0 18.1 33 360 M M 10 1 47 360
23 56 50 53 -6 12 0 1.66 0.0 0 13.0 25 10 M M 10 1 45 350
24 72 47 60 1 5 0 0.00 0.0 0 10.3 18 280 M M 3 27 280
25 64 51 58 0 7 0 0.37 0.0 0 9.7 18 280 M M 6 26 200
26 73 48 61 3 4 0 T 0.0 0 7.2 18 240 M M 3 27 250
27 80 62 71 13 0 6 0.00 0.0 0 9.2 16 30 M M 2 22 230
28 71 52 62 5 3 0 0.00 0.0 0 4.6 13 50 M M 2 17 30
29 74 49 62 5 3 0 0.00 0.0 0 1.9 9 80 M M 2 12 80
30 75 46 61 5 4 0 0.00 0.0 0 2.3 8 290 M M 0 12 260
================================================================================
SM 2251 1623 62 56 5.62 0.0 225.7 M 112
================================================================================
AV 75.0 54.1 7.5 FASTST M M 4 MAX(MPH)
MISC ----> 33 360 47 360
================================================================================
NOTES:
# LAST OF SEVERAL OCCURRENCES
COLUMN 17 PEAK WIND IN M.P.H.
PRELIMINARY LOCAL CLIMATOLOGICAL DATA (WS FORM: F-6) , PAGE 2
STATION: FLINT MI
MONTH: SEPTEMBER
YEAR: 2021
LATITUDE: 42 58 N
LONGITUDE: 83 44 W
[TEMPERATURE DATA] [PRECIPITATION DATA] SYMBOLS USED IN COLUMN 16
AVERAGE MONTHLY: 64.6 TOTAL FOR MONTH: 5.62 1 = FOG OR MIST
DPTR FM NORMAL: 2.9 DPTR FM NORMAL: 2.72 2 = FOG REDUCING VISIBILITY
HIGHEST: 87 ON 14 GRTST 24HR 1.76 ON 22-23 TO 1/4 MILE OR LESS
LOWEST: 46 ON 30 3 = THUNDER
SNOW, ICE PELLETS, HAIL 4 = ICE PELLETS
TOTAL MONTH: 0.0 INCH 5 = HAIL
GRTST 24HR 0.0 6 = FREEZING RAIN OR DRIZZLE
GRTST DEPTH: 0 7 = DUSTSTORM OR SANDSTORM:
VSBY 1/2 MILE OR LESS
8 = SMOKE OR HAZE
[NO. OF DAYS WITH] [WEATHER - DAYS WITH] 9 = BLOWING SNOW
X = TORNADO
MAX 32 OR BELOW: 0 0.01 INCH OR MORE: 12
MAX 90 OR ABOVE: 0 0.10 INCH OR MORE: 10
MIN 32 OR BELOW: 0 0.50 INCH OR MORE: 3
MIN 0 OR BELOW: 0 1.00 INCH OR MORE: 2
[HDD (BASE 65) ]
TOTAL THIS MO. 62 CLEAR (SCALE 0-3) 15
DPTR FM NORMAL -90 PTCLDY (SCALE 4-7) 11
TOTAL FM JUL 1 63 CLOUDY (SCALE 8-10) 4
DPTR FM NORMAL -127
[CDD (BASE 65) ]
TOTAL THIS MO. 56
DPTR FM NORMAL 1 [PRESSURE DATA]
TOTAL FM JAN 1 810 HIGHEST SLP 30.25 ON 30
DPTR FM NORMAL 251 LOWEST SLP 29.62 ON 23
[REMARKS]
#FINAL-09-21#