000
CXUS56 KSGX 011145
CF6FUL
PRELIMINARY LOCAL CLIMATOLOGICAL DATA (WS FORM: F-6)
STATION: FULLERTON AIRPORT CA
MONTH: JANUARY
YEAR: 2023
LATITUDE: 33 52 N
LONGITUDE: 117 58 W
TEMPERATURE IN F: :PCPN: SNOW: WIND :SUNSHINE: SKY :PK WND
================================================================================
1 2 3 4 5 6A 6B 7 8 9 10 11 12 13 14 15 16 17 18
12Z AVG MX 2MIN
DY MAX MIN AVG DEP HDD CDD WTR SNW DPTH SPD SPD DIR MIN PSBL S-S WX SPD DR
================================================================================
1 63 46 55 -2 10 0 0.08 M M 4.0 16 210 M M 5 1 25 190
2 59 42 51 -6 14 0 0.04 M M 2.6 9 80 M M 6 18 11 270
3 58 51 55 -2 10 0 0.20 M M 8.8 15 70 M M 10 1 18 60
4 63 57 60 3 5 0 0.19 M M 7.3 13 90 M M 10 1 16 160
5 65 50 58 1 7 0 0.87 M M 6.8 20 180 M M 7 1 26 170
6 66 45 56 -1 9 0 0.00 M M 1.8 7 310 M M 2 1 10 320
7 68 46 57 0 8 0 0.00 M M 1.1 8 220 M M 2 1 9 230
8 69 47 58 1 7 0 0.00 M M 2.2 9 220 M M 6 18 11 230
9 63 55 59 2 6 0 0.48 M M 8.0 16 160 M M 10 138 26 160
10 63 51 57 -1 8 0 0.99 M M 7.0 18 250 M M 7 12 30 160
11 64 46 55 -3 10 0 0.00 M M 1.6 7 330 M M 1 1 11 350
12 75 49 62 4 3 0 0.00 M M 2.4 14 80 M M 0 1 16 90
13 69 49 59 1 6 0 0.00 M M 2.0 9 90 M M 0 8 11 210
14 59 50 55 -3 10 0 1.38 M M 5.8 14 70 M M 7 18 19 210
15 62 51 57 -1 8 0 0.53 M M 4.5 16 80 M M 9 1 19 80
16 62 51 57 -1 8 0 0.50 M M 7.9 18 250 M M 7 1 23 250
17 62 42 52 -6 13 0 0.00 M M 2.3 10 170 M M 1 18 14 190
18 63 42 53 -5 12 0 0.00 M M 2.3 9 70 M M 0 18 10 70
19 61 41 51 -7 14 0 0.16 M M 3.5 10 200 M M 4 1 14 180
20 64 43 54 -4 11 0 0.00 M M 2.1 7 290 M M 0 1 10 290
21 67 39 53 -5 12 0 0.00 M M 2.0 8 210 M M 0 8 12 310
22 64 40 52 -6 13 0 0.00 M M 2.5 9 200 M M 1 8 12 220
23 66 43 55 -3 10 0 0.00 M M 3.8 12 220 M M 0 8 14 150
24 69 40 55 -3 10 0 0.00 M M 2.0 8 220 M M 0 8 11 210
25 77 41 59 1 6 0 0.00 M M 4.0 17 70 M M 0 23 80
26 75 51 63 5 2 0 0.00 M M 10.5 29 90 M M 0 37 80
27 72 44 58 0 7 0 0.00 M M 2.6 10 200 M M 0 8 13 200
28 66 46 56 -2 9 0 0.00 M M 4.4 10 190 M M 2 14 200
29 62 51 57 -1 8 0 T M M 4.5 13 220 M M 9 8 17 220
30 62 51 57 -1 8 0 0.10 M M 4.1 13 170 M M 8 18 18 140
31 70 42 56 -2 9 0 0.00 M M 1.7 10 90 M M 1 18 12 90
================================================================================
SM 2028 1442 273 0 5.52 M 126.1 M 115
================================================================================
AV 65.4 46.5 4.1 FASTST M M 4 MAX(MPH)
MISC ----> 29 90 37 80
================================================================================
NOTES:
# LAST OF SEVERAL OCCURRENCES
COLUMN 17 PEAK WIND IN M.P.H.
PRELIMINARY LOCAL CLIMATOLOGICAL DATA (WS FORM: F-6) , PAGE 2
STATION: FULLERTON AIRPORT CA
MONTH: JANUARY
YEAR: 2023
LATITUDE: 33 52 N
LONGITUDE: 117 58 W
[TEMPERATURE DATA] [PRECIPITATION DATA] SYMBOLS USED IN COLUMN 16
AVERAGE MONTHLY: 56.0 TOTAL FOR MONTH: 5.52 1 = FOG OR MIST
DPTR FM NORMAL: -1.6 DPTR FM NORMAL: 2.67 2 = FOG REDUCING VISIBILITY
HIGHEST: 77 ON 25 GRTST 24HR 1.56 ON 15-16 TO 1/4 MILE OR LESS
LOWEST: 39 ON 21 3 = THUNDER
SNOW, ICE PELLETS, HAIL 4 = ICE PELLETS
TOTAL MONTH: M 5 = HAIL
GRTST 24HR M ON M 6 = FREEZING RAIN OR DRIZZLE
GRTST DEPTH: M ON M 7 = DUSTSTORM OR SANDSTORM:
VSBY 1/2 MILE OR LESS
8 = SMOKE OR HAZE
[NO. OF DAYS WITH] [WEATHER - DAYS WITH] 9 = BLOWING SNOW
X = TORNADO
MAX 32 OR BELOW: 0 0.01 INCH OR MORE: 12
MAX 90 OR ABOVE: 0 0.10 INCH OR MORE: 10
MIN 32 OR BELOW: 0 0.50 INCH OR MORE: 5
MIN 0 OR BELOW: 0 1.00 INCH OR MORE: 1
[HDD (BASE 65) ]
TOTAL THIS MO. 273 CLEAR (SCALE 0-3) 17
DPTR FM NORMAL 38 PTCLDY (SCALE 4-7) 8
TOTAL FM JUL 1 642 CLOUDY (SCALE 8-10) 6
DPTR FM NORMAL 27
[CDD (BASE 65) ]
TOTAL THIS MO. 0
DPTR FM NORMAL -5 [PRESSURE DATA]
TOTAL FM JAN 1 0 HIGHEST SLP 30.37 ON 26
DPTR FM NORMAL -5 LOWEST SLP 29.66 ON 16
[REMARKS]
#FINAL-01-23#