000
CXUS56 KSGX 011045
CF6FUL
PRELIMINARY LOCAL CLIMATOLOGICAL DATA (WS FORM: F-6)
STATION: FULLERTON AIRPORT CA
MONTH: MARCH
YEAR: 2021
LATITUDE: 33 52 N
LONGITUDE: 117 58 W
TEMPERATURE IN F: :PCPN: SNOW: WIND :SUNSHINE: SKY :PK WND
================================================================================
1 2 3 4 5 6A 6B 7 8 9 10 11 12 13 14 15 16 17 18
12Z AVG MX 2MIN
DY MAX MIN AVG DEP HDD CDD WTR SNW DPTH SPD SPD DIR MIN PSBL S-S WX SPD DR
================================================================================
1 77 49 63 4 2 0 0.00 M M 5.1 18 70 M M 0 8 24 70
2 77 45 61 2 4 0 0.00 M M 3.5 13 190 M M 1 17 190
3 58 45 52 -7 13 0 0.30 M M 5.1 18 80 M M 5 23 90
4 69 44 57 -2 8 0 0.00 M M 3.2 13 200 M M 0 15 220
5 80 45 63 3 2 0 0.00 M M 2.0 10 290 M M 0 15 290
6 67 49 58 -2 7 0 0.00 M M 5.0 12 190 M M 2 18 16 170
7 64 51 58 -2 7 0 0.00 M M 3.5 12 200 M M 8 17 200
8 67 52 60 0 5 0 0.00 M M 3.7 12 290 M M 6 18 190
9 66 47 57 -3 8 0 0.00 M M 5.4 17 240 M M 2 8 23 240
10 61 48 55 -5 10 0 0.46 M M 4.5 16 190 M M 7 38 24 210
11 59 45 52 -8 13 0 0.16 M M 4.6 12 200 M M 5 8 16 210
12 62 42 52 -8 13 0 T M M 5.3 14 190 M M 3 8 19 180
13 65 46 56 -4 9 0 0.00 M M 5.0 14 170 M M 5 8 20 170
14 64 54 59 -1 6 0 0.00 M M 4.8 12 200 M M 9 17 220
15 60 49 55 -5 10 0 0.13 M M 8.1 23 240 M M 7 18 29 230
16 61 41 51 -9 14 0 0.00 M M 4.9 12 190 M M 1 8 16 180
17 69 43 56 -4 9 0 0.00 M M 3.4 10 190 M M 0 8 14 190
18 71 48 60 0 5 0 0.00 M M 3.0 13 290 M M 0 8 16 280
19 74 48 61 1 4 0 0.00 M M 3.3 14 280 M M 1 8 20 280
20 68 53 61 1 4 0 0.00 M M 5.5 13 190 M M 5 18 16 180
21 70 49 60 0 5 0 0.00 M M 4.5 12 190 M M 1 8 16 220
22 69 48 59 -1 6 0 0.00 M M 5.1 13 220 M M 0 8 16 220
23 70 50 60 0 5 0 0.00 M M 5.4 18 220 M M 3 8 23 220
24 76 48 62 2 3 0 0.00 M M 4.6 16 200 M M 0 8 22 180
25 63 53 58 -2 7 0 0.00 M M 6.1 15 150 M M 7 8 21 180
26 68 50 59 -1 6 0 0.00 M M 3.5 14 190 M M 2 8 19 210
27 82 47 65 5 0 0 0.00 M M 3.6 12 290 M M 0 16 290
28 93 50 72 12 0 7 0.00 M M 2.2 14 270 M M 0 8 20 270
29 77 52 65 5 0 0 0.00 M M 4.7 12 180 M M 1 20 180
30 77 56 67 6 0 2 0.00 M M 3.4 10 200 M M 3 14 180
31 91 50 71 10 0 6 0.00 M M 4.7 24 90 M M 0 8 33 90
================================================================================
SM 2175 1497 185 15 1.05 M 136.7 M 84
================================================================================
AV 70.2 48.3 4.4 FASTST M M 3 MAX(MPH)
MISC ----> 24 90 33 90
================================================================================
NOTES:
# LAST OF SEVERAL OCCURRENCES
COLUMN 17 PEAK WIND IN M.P.H.
PRELIMINARY LOCAL CLIMATOLOGICAL DATA (WS FORM: F-6) , PAGE 2
STATION: FULLERTON AIRPORT CA
MONTH: MARCH
YEAR: 2021
LATITUDE: 33 52 N
LONGITUDE: 117 58 W
[TEMPERATURE DATA] [PRECIPITATION DATA] SYMBOLS USED IN COLUMN 16
AVERAGE MONTHLY: 59.2 TOTAL FOR MONTH: 1.05 1 = FOG OR MIST
DPTR FM NORMAL: -0.7 DPTR FM NORMAL: -1.11 2 = FOG REDUCING VISIBILITY
HIGHEST: 93 ON 28 GRTST 24HR 0.58 ON 10-11 TO 1/4 MILE OR LESS
LOWEST: 41 ON 16 3 = THUNDER
SNOW, ICE PELLETS, HAIL 4 = ICE PELLETS
TOTAL MONTH: M 5 = HAIL
GRTST 24HR M ON M 6 = FREEZING RAIN OR DRIZZLE
GRTST DEPTH: M ON M 7 = DUSTSTORM OR SANDSTORM:
VSBY 1/2 MILE OR LESS
8 = SMOKE OR HAZE
[NO. OF DAYS WITH] [WEATHER - DAYS WITH] 9 = BLOWING SNOW
X = TORNADO
MAX 32 OR BELOW: 0 0.01 INCH OR MORE: 4
MAX 90 OR ABOVE: 2 0.10 INCH OR MORE: 4
MIN 32 OR BELOW: 0 0.50 INCH OR MORE: 0
MIN 0 OR BELOW: 0 1.00 INCH OR MORE: 0
[HDD (BASE 65) ]
TOTAL THIS MO. 185 CLEAR (SCALE 0-3) 20
DPTR FM NORMAL 15 PTCLDY (SCALE 4-7) 10
TOTAL FM JUL 1 783 CLOUDY (SCALE 8-10) 1
DPTR FM NORMAL -309
[CDD (BASE 65) ]
TOTAL THIS MO. 15
DPTR FM NORMAL 2 [PRESSURE DATA]
TOTAL FM JAN 1 37 HIGHEST SLP 30.27 ON 14
DPTR FM NORMAL 15 LOWEST SLP 29.77 ON 23
[REMARKS]
#FINAL-03-21#