000
CXUS52 KMFL 291621
CF6FXE
PRELIMINARY LOCAL CLIMATOLOGICAL DATA (WS FORM: F-6)
STATION: FORT LAUDERDALE EXEC ARPT
MONTH: APRIL
YEAR: 2023
LATITUDE: 26 12 N
LONGITUDE: 80 11 W
TEMPERATURE IN F: :PCPN: SNOW: WIND :SUNSHINE: SKY :PK WND
================================================================================
1 2 3 4 5 6A 6B 7 8 9 10 11 12 13 14 15 16 17 18
12Z AVG MX 2MIN
DY MAX MIN AVG DEP HDD CDD WTR SNW DPTH SPD SPD DIR MIN PSBL S-S WX SPD DR
================================================================================
1 88 76 82 8 0 17 0.00 0.0 0 10.2 16 140 M M 4 22 130
2 90 70 80 6 0 15 0.00 0.0 0 6.3 13 150 M M 3 1 17 280
3 89 73 81 7 0 16 0.00 0.0 0 6.9 16 120 M M 1 21 120
4 88 74 81 7 0 16 0.00 0.0 0 8.6 15 100 M M 2 21 100
5 87 78 83 8 0 18 0.00 0.0 0 13.9 23 90 M M 2 30 90
6 87 78 83 8 0 18 0.00 0.0 0 13.7 21 120 M M 3 26 100
7 86 77 82 7 0 17 0.00 0.0 0 11.4 18 90 M M 2 24 100
8 87 77 82 7 0 17 0.00 0.0 0 10.0 17 110 M M 3 23 110
9 89 72 81 6 0 16 1.50 0.0 0 6.2 21 10 M M 5 138 27 10
10 77 69 73 -2 0 8 2.75 M M 11.6 25 60 M M 9 18 33 60
11 81 71 76 0 0 11 0.15 M M 18.1 29 70 M M 9 18 37 60
12 75 70 73 -3 0 8 8.00 0.0 0 15.1 28 80 M M 10 138 37 80
13 86 69 78 2 0 13 1.10 0.0 0 6.1 17 140 M M 5 13 22 130
14 89 67 78 2 0 13 T 0.0 0 4.4 15 140 M M 3 13 21 150
15 89 72 81 5 0 16 0.00 0.0 0 5.6 16 110 M M 2 1 20 110
16 87 70 79 3 0 14 0.30 0.0 0 6.5 22 230 M M 3 13 27 220
17 83 68 76 0 0 11 1.40 0.0 0 5.3 25 240 M M 4 13 33 230
18 82 66 74 -2 0 9 0.00 0.0 0 7.8 17 60 M M 2 25 60
19 81 66 74 -3 0 9 0.00 0.0 0 8.5 20 90 M M 3 24 90
20 84 73 79 2 0 14 0.00 0.0 0 11.0 18 80 M M 4 25 60
21 84 70 77 0 0 12 0.00 0.0 0 8.4 16 90 M M 3 22 90
22 89 69 79 2 0 14 0.00 0.0 0 6.1 15 110 M M 5 X 20 110
23 87 70 79 2 0 14 0.03 0.0 0 6.5 17 100 M M 2 3 24 80
24 85 70 78 1 0 13 0.10 0.0 0 8.3 18 110 M M 5 3 24 120
25 89 67 78 1 0 13 1.50 0.0 0 7.5 25 350 M M 4 13 36 350
26 87 68 78 0 0 13 0.02 0.0 0 6.9 23 110 M M 4 3 28 40
27 88 70 79 1 0 14 0.00 0.0 0 9.0 21 140 M M 1 26 140
28 89 70 80 2 0 15 0.10 0.0 0 6.5 18 140 M M 3 3 26 340
29 90 77 84 6 0 19 0.00 0.0 0 8.1 23 140 M M 3 28 140
30 87 70 79 1 0 14 0.00 0.0 0 14.5 32 250 M M 2 13 40 210
================================================================================
SM 2580 2137 0 417 16.95 0.0 269.0 M 111
================================================================================
AV 86.0 71.2 9.0 FASTST M M 4 MAX(MPH)
MISC ----> 32 250 40 210
================================================================================
NOTES:
# LAST OF SEVERAL OCCURRENCES
COLUMN 17 PEAK WIND IN M.P.H.
PRELIMINARY LOCAL CLIMATOLOGICAL DATA (WS FORM: F-6) , PAGE 2
STATION: FORT LAUDERDALE EXEC ARPT
MONTH: APRIL
YEAR: 2023
LATITUDE: 26 12 N
LONGITUDE: 80 11 W
[TEMPERATURE DATA] [PRECIPITATION DATA] SYMBOLS USED IN COLUMN 16
AVERAGE MONTHLY: 78.6 TOTAL FOR MONTH: 16.95 1 = FOG OR MIST
DPTR FM NORMAL: 2.5 DPTR FM NORMAL: 13.84 2 = FOG REDUCING VISIBILITY
HIGHEST: 90 ON 29, 2 GRTST 24HR 8.00 ON 12-12 TO 1/4 MILE OR LESS
LOWEST: 66 ON 19,18 3 = THUNDER
SNOW, ICE PELLETS, HAIL 4 = ICE PELLETS
TOTAL MONTH: 0.0 INCH 5 = HAIL
GRTST 24HR 0.0 6 = FREEZING RAIN OR DRIZZLE
GRTST DEPTH: 0 7 = DUSTSTORM OR SANDSTORM:
VSBY 1/2 MILE OR LESS
8 = SMOKE OR HAZE
[NO. OF DAYS WITH] [WEATHER - DAYS WITH] 9 = BLOWING SNOW
X = TORNADO
MAX 32 OR BELOW: 0 0.01 INCH OR MORE: 12
MAX 90 OR ABOVE: 2 0.10 INCH OR MORE: 10
MIN 32 OR BELOW: 0 0.50 INCH OR MORE: 6
MIN 0 OR BELOW: 0 1.00 INCH OR MORE: 6
[HDD (BASE 65) ]
TOTAL THIS MO. 0 CLEAR (SCALE 0-3) 16
DPTR FM NORMAL -2 PTCLDY (SCALE 4-7) 11
TOTAL FM JUL 1 81 CLOUDY (SCALE 8-10) 3
DPTR FM NORMAL -63
[CDD (BASE 65) ]
TOTAL THIS MO. 417
DPTR FM NORMAL 82 [PRESSURE DATA]
TOTAL FM JAN 1 1304 HIGHEST SLP 30.19 ON 6
DPTR FM NORMAL 431 LOWEST SLP 29.72 ON 30
[REMARKS]
#FINAL-04-23#