000
CXUS52 KMFL 051503
CF6FXE
PRELIMINARY LOCAL CLIMATOLOGICAL DATA (WS FORM: F-6)
STATION: FORT LAUDERDALE EXEC ARPT
MONTH: NOVEMBER
YEAR: 2022
LATITUDE: 26 12 N
LONGITUDE: 80 11 W
TEMPERATURE IN F: :PCPN: SNOW: WIND :SUNSHINE: SKY :PK WND
================================================================================
1 2 3 4 5 6A 6B 7 8 9 10 11 12 13 14 15 16 17 18
12Z AVG MX 2MIN
DY MAX MIN AVG DEP HDD CDD WTR SNW DPTH SPD SPD DIR MIN PSBL S-S WX SPD DR
================================================================================
1 87 75 81 5 0 16 0.00 M M 7.0 14 120 M M 2 20 100
2 87 76 82 6 0 17 0.00 0.0 M 8.7 16 80 M M 2 19 80
3 87 74 81 5 0 16 T 0.0 0 6.6 17 70 M M 2 22 70
4 83 68 76 0 0 11 0.03 0.0 0 7.9 18 50 M M 3 8 25 50
5 83 72 78 2 0 13 0.14 0.0 0 8.2 21 90 M M 3 23 50
6 83 70 77 2 0 12 0.29 0.0 0 11.2 23 90 M M 4 18 30 60
7 84 71 78 3 0 13 0.07 0.0 0 10.8 21 50 M M 4 1 29 70
8 84 69 77 2 0 12 0.98 0.0 0 8.3 22 10 M M 6 13 32 10
9 75 70 73 -2 0 8 2.19 0.0 0 11.2 29 250 M M 10 1 37 250
10 87 70 79 4 0 14 0.07 0.0 0 13.5 26 260 M M 5 1 34 260
11 88 71 80 6 0 15 0.25 0.0 0 5.4 14 140 M M 3 1 17 210
12 86 70 78 4 0 13 0.00 0.0 0 3.3 18 260 M M 4 12 23 260
13 87 70 79 5 0 14 0.00 0.0 0 3.1 10 90 M M 1 13 360
14 85 71 78 4 0 13 0.00 0.0 0 5.9 14 80 M M 2 20 90
15 86 71 79 5 0 14 0.00 0.0 0 4.3 15 120 M M 1 18 110
16 86 68 77 3 0 12 T 0.0 0 2.4 12 100 M M 2 1 14 100
17 80 69 75 1 0 10 0.00 0.0 0 8.0 14 30 M M 7 1 21 340
18 82 66 74 1 0 9 0.00 0.0 0 7.4 15 30 M M 7 20 30
19 82 67 75 2 0 10 0.00 0.0 0 8.1 17 50 M M 6 25 70
20 78 70 74 1 0 9 2.01 0.0 0 9.6 18 40 M M 10 1 26 60
21 77 70 74 1 0 9 0.89 M M 11.5 22 130 M M 9 1 31 70
22 82 71 77 4 0 12 0.03 0.0 0 3.3 10 100 M M 5 3 20 90
23 86 68 77 4 0 12 0.00 M M 3.0 9 330 M M 5 128 12 330
24 86 71 79 6 0 14 0.02 M M 6.1 14 110 M M 3 18 90
25 88 77 83 11 0 18 T 0.0 0 4.3 9 140 M M 3 11 120
26 87 73 80 8 0 15 0.00 0.0 0 5.6 14 120 M M 1 17 110
27 89 74 82 10 0 17 0.00 0.0 0 5.5 14 240 M M 1 18 240
28 87 72 80 8 0 15 0.00 0.0 0 3.6 14 40 M M 2 1 20 40
29 84 69 77 5 0 12 0.00 0.0 0 8.6 18 80 M M 1 23 80
30 86 75 81 9 0 16 0.06 0.0 0 7.3 17 80 M M 4 3 21 90
================================================================================
SM 2532 2128 0 391 7.03 0.0 209.7 M 118
================================================================================
AV 84.4 70.9 7.0 FASTST M M 4 MAX(MPH)
MISC ----> 29 250 37 250
================================================================================
NOTES:
# LAST OF SEVERAL OCCURRENCES
COLUMN 17 PEAK WIND IN M.P.H.
PRELIMINARY LOCAL CLIMATOLOGICAL DATA (WS FORM: F-6) , PAGE 2
STATION: FORT LAUDERDALE EXEC ARPT
MONTH: NOVEMBER
YEAR: 2022
LATITUDE: 26 12 N
LONGITUDE: 80 11 W
[TEMPERATURE DATA] [PRECIPITATION DATA] SYMBOLS USED IN COLUMN 16
AVERAGE MONTHLY: 77.7 TOTAL FOR MONTH: 7.03 1 = FOG OR MIST
DPTR FM NORMAL: 3.8 DPTR FM NORMAL: 3.03 2 = FOG REDUCING VISIBILITY
HIGHEST: 89 ON 27 GRTST 24HR 2.19 ON 9- 9 TO 1/4 MILE OR LESS
LOWEST: 66 ON 18 3 = THUNDER
SNOW, ICE PELLETS, HAIL 4 = ICE PELLETS
TOTAL MONTH: 0.0 INCH 5 = HAIL
GRTST 24HR 0.0 6 = FREEZING RAIN OR DRIZZLE
GRTST DEPTH: 0 7 = DUSTSTORM OR SANDSTORM:
VSBY 1/2 MILE OR LESS
8 = SMOKE OR HAZE
[NO. OF DAYS WITH] [WEATHER - DAYS WITH] 9 = BLOWING SNOW
X = TORNADO
MAX 32 OR BELOW: 0 0.01 INCH OR MORE: 13
MAX 90 OR ABOVE: 0 0.10 INCH OR MORE: 7
MIN 32 OR BELOW: 0 0.50 INCH OR MORE: 4
MIN 0 OR BELOW: 0 1.00 INCH OR MORE: 2
[HDD (BASE 65) ]
TOTAL THIS MO. 0 CLEAR (SCALE 0-3) 15
DPTR FM NORMAL -6 PTCLDY (SCALE 4-7) 12
TOTAL FM JUL 1 0 CLOUDY (SCALE 8-10) 3
DPTR FM NORMAL 0
[CDD (BASE 65) ]
TOTAL THIS MO. 391
DPTR FM NORMAL 118 [PRESSURE DATA]
TOTAL FM JAN 1 4810 HIGHEST SLP 30.18 ON 19
DPTR FM NORMAL 532 LOWEST SLP 29.48 ON 10
[REMARKS]
#FINAL-11-22#