000
CXUS54 KTSA 011148
CF6FYV
PRELIMINARY LOCAL CLIMATOLOGICAL DATA (WS FORM: F-6)
STATION: FAYETTEVILLE ARKANSAS
MONTH: AUGUST
YEAR: 2021
LATITUDE: 36 0 N
LONGITUDE: 94 10 W
TEMPERATURE IN F: :PCPN: SNOW: WIND :SUNSHINE: SKY :PK WND
================================================================================
1 2 3 4 5 6A 6B 7 8 9 10 11 12 13 14 15 16 17 18
12Z AVG MX 2MIN
DY MAX MIN AVG DEP HDD CDD WTR SNW DPTH SPD SPD DIR MIN PSBL S-S WX SPD DR
================================================================================
1 85 67 76 -2 0 11 T 0.0 0 2.9 9 40 M M 4 138 17 60
2 87 66 77 -1 0 12 0.00 0.0 0 1.3 10 50 M M 4 18 23 60
3 85 62 74 -4 0 9 0.00 0.0 0 1.4 9 350 M M 3 128 13 350
4 83 61 72 -6 0 7 0.04 0.0 0 2.4 12 170 M M 4 18 15 160
5 83 63 73 -5 0 8 T 0.0 0 3.0 13 210 M M 4 18 18 240
6 86 63 75 -3 0 10 0.00 0.0 0 4.6 14 210 M M 2 1 21 200
7 88 63 76 -2 0 11 0.00 0.0 0 5.9 17 170 M M 0 18 24 200
8 90 73 82 4 0 17 0.00 0.0 0 9.6 23 190 M M 2 33 210
9 90 76 83 5 0 18 0.00 0.0 0 11.1 20 190 M M 1 31 190
10 94 75 85 7 0 20 0.00 0.0 0 9.4 21 180 M M 0 29 180
11 94 73 84 6 0 19 0.00 0.0 0 8.7 21 180 M M 0 28 210
12 95 72 84 6 0 19 0.00 0.0 0 6.9 18 220 M M 1 28 190
13 94 71 83 5 0 18 T 0.0 0 3.8 21 340 M M 1 3 31 340
14 89 70 80 2 0 15 T 0.0 0 1.6 9 60 M M 2 16 60
15 88 67 78 0 0 13 0.06 0.0 0 2.5 15 180 M M 3 13 18 180
16 87 62 75 -2 0 10 T 0.0 0 1.8 15 130 M M 3 12 19 110
17 85 66 76 -1 0 11 0.09 0.0 0 3.0 15 170 M M 3 1 19 180
18 83 69 76 -1 0 11 0.24 0.0 0 3.3 20 200 M M 4 1 27 200
19 87 68 78 1 0 13 0.00 0.0 0 3.7 17 170 M M 4 1 23 170
20 89 72 81 4 0 16 T 0.0 0 7.8 17 170 M M 3 23 180
21 86 73 80 4 0 15 0.01 0.0 0 4.2 17 340 M M 4 26 20
22 95 71 83 7 0 18 0.00 0.0 0 3.1 13 210 M M 2 13 17 220
23 95 72 84 8 0 19 0.00 0.0 0 5.1 14 180 M M 0 19 200
24 95 68 82 6 0 17 0.00 0.0 0 5.1 14 160 M M 0 1 21 170
25 96 65 81 5 0 16 0.00 0.0 0 2.6 12 160 M M 0 1 16 190
26 94 68 81 6 0 16 0.05 0.0 0 1.0 10 150 M M 1 13 14 170
27 93 67 80 5 0 15 0.00 0.0 0 4.5 15 160 M M 1 1 20 210
28 90 65 78 3 0 13 0.00 0.0 0 4.4 18 180 M M 2 26 170
29 89 67 78 3 0 13 0.07 0.0 0 2.8 22 110 M M 2 1 31 110
30 92 67 80 6 0 15 0.00 0.0 0 2.9 13 80 M M 2 1 17 90
31 92 63 78 4 0 13 0.00 0.0 0 2.3 13 310 M M 1 1 18 260
================================================================================
SM 2779 2105 0 438 0.56 0.0 132.7 M 63
================================================================================
AV 89.6 67.9 4.3 FASTST M M 2 MAX(MPH)
MISC ----> 23 190 33 210
================================================================================
NOTES:
# LAST OF SEVERAL OCCURRENCES
COLUMN 17 PEAK WIND IN M.P.H.
PRELIMINARY LOCAL CLIMATOLOGICAL DATA (WS FORM: F-6) , PAGE 2
STATION: FAYETTEVILLE ARKANSAS
MONTH: AUGUST
YEAR: 2021
LATITUDE: 36 0 N
LONGITUDE: 94 10 W
[TEMPERATURE DATA] [PRECIPITATION DATA] SYMBOLS USED IN COLUMN 16
AVERAGE MONTHLY: 78.8 TOTAL FOR MONTH: 0.56 1 = FOG OR MIST
DPTR FM NORMAL: 1.9 DPTR FM NORMAL: -2.61 2 = FOG REDUCING VISIBILITY
HIGHEST: 96 ON 25 GRTST 24HR 0.24 ON 18-18 TO 1/4 MILE OR LESS
LOWEST: 61 ON 4 3 = THUNDER
SNOW, ICE PELLETS, HAIL 4 = ICE PELLETS
TOTAL MONTH: 0.0 INCH 5 = HAIL
GRTST 24HR 0.0 6 = FREEZING RAIN OR DRIZZLE
GRTST DEPTH: 0 7 = DUSTSTORM OR SANDSTORM:
VSBY 1/2 MILE OR LESS
8 = SMOKE OR HAZE
[NO. OF DAYS WITH] [WEATHER - DAYS WITH] 9 = BLOWING SNOW
X = TORNADO
MAX 32 OR BELOW: 0 0.01 INCH OR MORE: 7
MAX 90 OR ABOVE: 15 0.10 INCH OR MORE: 1
MIN 32 OR BELOW: 0 0.50 INCH OR MORE: 0
MIN 0 OR BELOW: 0 1.00 INCH OR MORE: 0
[HDD (BASE 65) ]
TOTAL THIS MO. 0 CLEAR (SCALE 0-3) 22
DPTR FM NORMAL -1 PTCLDY (SCALE 4-7) 9
TOTAL FM JUL 1 0 CLOUDY (SCALE 8-10) 0
DPTR FM NORMAL 0
[CDD (BASE 65) ]
TOTAL THIS MO. 438
DPTR FM NORMAL 66 [PRESSURE DATA]
TOTAL FM JAN 1 1235 HIGHEST SLP 30.20 ON 14
DPTR FM NORMAL 76 LOWEST SLP 29.69 ON 31
[REMARKS]
#FINAL-08-21#