000
CXUS55 KRIW 011110
CF6GEY
PRELIMINARY LOCAL CLIMATOLOGICAL DATA (WS FORM: F-6)
STATION: GREYBULL WY
MONTH: NOVEMBER
YEAR: 2021
LATITUDE: 44 30 N
LONGITUDE: 108 4 W
TEMPERATURE IN F: :PCPN: SNOW: WIND :SUNSHINE: SKY :PK WND
================================================================================
1 2 3 4 5 6A 6B 7 8 9 10 11 12 13 14 15 16 17 18
12Z AVG MX 2MIN
DY MAX MIN AVG DEP HDD CDD WTR SNW DPTH SPD SPD DIR MIN PSBL S-S WX SPD DR
================================================================================
1 45 27 36 -3 29 0 0.00 M M 4.6 12 300 M M 6 15 160
2 50 21 36 -2 29 0 0.00 M M 1.3 7 220 M M 2 10 130
3 59 26 43 5 22 0 0.00 M M 3.3 8 140 M M 2 12 150
4 62 29 46 9 19 0 T M M 4.2 25 300 M M 0 35 290
5 65 35 50 13 15 0 0.00 M M 5.8 17 300 M M 0 26 300
6 66 30 48 12 17 0 0.00 M M 4.3 13 290 M M 0 16 300
7 54 34 44 8 21 0 0.00 M M 5.1 13 290 M M 4 16 290
8 49 26 38 3 27 0 0.00 M M 2.5 9 250 M M 1 10 300
9 56 21 39 4 26 0 T M M 3.7 14 320 M M 3 19 330
10 51 36 44 10 21 0 0.00 M M 14.0 28 320 M M 4 36 310
11 41 22 32 -2 33 0 0.00 M M 8.1 18 310 M M 7 26 320
12 48 21 35 2 30 0 0.00 M M 5.0 16 260 M M 4 20 260
13 65 36 51 19 14 0 0.00 M M 11.4 33 290 M M 4 45 290
14 54 40 47 15 18 0 T M M 5.4 14 140 M M 4 20 140
15 57 36 47 16 18 0 0.00 M M 3.6 12 300 M M 0 14 90
16 58 31 45 14 20 0 0.00 M M 16.5 36 350 M M 2 49 340
17 38 17 28 -2 37 0 0.00 M M 7.1 23 340 M M 1 31 340
18 42 10 26 -4 39 0 0.00 M M 3.5 9 130 M M 0 14 120
19 52 21 37 8 28 0 0.00 M M 3.2 9 310 M M 4 10 320
20 49 22 36 7 29 0 0.00 M M 2.8 9 330 M M 5 12 330
21 46 17 32 4 33 0 0.00 M M 4.1 9 130 M M 2 13 150
22 54 20 37 9 28 0 0.00 M M 2.3 8 120 M M 0 10 190
23 51 18 35 8 30 0 T M M 5.0 29 330 M M 1 38 330
24 42 21 32 5 33 0 0.00 M M 11.6 25 350 M M 5 34 330
25 47 15 31 5 34 0 0.00 M M 4.6 12 170 M M 1 18 170
26 50 28 39 13 26 0 0.00 M M 3.5 10 110 M M 2 14 60
27 47 21 34 9 31 0 0.00 M M 3.2 9 360 M M 1 13 210
28 50 21 36 11 29 0 0.00 M M 2.2 10 150 M M 0 12 150
29 60 25 43 19 22 0 T M M 7.6 36 340 M M 1 46 340
30 42 29 36 12 29 0 0.00 M M 4.0 20 290 M M 2 25 300
================================================================================
SM 1550 756 787 0 T M 163.5 M 68
================================================================================
AV 51.7 25.2 5.5 FASTST M M 2 MAX(MPH)
MISC ----> # 36 350 49 340
================================================================================
NOTES:
# LAST OF SEVERAL OCCURRENCES
COLUMN 17 PEAK WIND IN M.P.H.
PRELIMINARY LOCAL CLIMATOLOGICAL DATA (WS FORM: F-6) , PAGE 2
STATION: GREYBULL WY
MONTH: NOVEMBER
YEAR: 2021
LATITUDE: 44 30 N
LONGITUDE: 108 4 W
[TEMPERATURE DATA] [PRECIPITATION DATA] SYMBOLS USED IN COLUMN 16
AVERAGE MONTHLY: 38.4 TOTAL FOR MONTH: T 1 = FOG OR MIST
DPTR FM NORMAL: 7.2 DPTR FM NORMAL: -0.19 2 = FOG REDUCING VISIBILITY
HIGHEST: 66 ON 6 GRTST 24HR T ON 4- 4 TO 1/4 MILE OR LESS
LOWEST: 10 ON 18 3 = THUNDER
SNOW, ICE PELLETS, HAIL 4 = ICE PELLETS
TOTAL MONTH: M 5 = HAIL
GRTST 24HR M ON M 6 = FREEZING RAIN OR DRIZZLE
GRTST DEPTH: M ON M 7 = DUSTSTORM OR SANDSTORM:
VSBY 1/2 MILE OR LESS
8 = SMOKE OR HAZE
[NO. OF DAYS WITH] [WEATHER - DAYS WITH] 9 = BLOWING SNOW
X = TORNADO
MAX 32 OR BELOW: 0 0.01 INCH OR MORE: 0
MAX 90 OR ABOVE: 0 0.10 INCH OR MORE: 0
MIN 32 OR BELOW: 24 0.50 INCH OR MORE: 0
MIN 0 OR BELOW: 0 1.00 INCH OR MORE: 0
[HDD (BASE 65) ]
TOTAL THIS MO. 787 CLEAR (SCALE 0-3) 20
DPTR FM NORMAL -227 PTCLDY (SCALE 4-7) 10
TOTAL FM JUL 1 1419 CLOUDY (SCALE 8-10) 0
DPTR FM NORMAL -357
[CDD (BASE 65) ]
TOTAL THIS MO. 0
DPTR FM NORMAL 0 [PRESSURE DATA]
TOTAL FM JAN 1 967 HIGHEST SLP 30.54 ON 21
DPTR FM NORMAL 223 LOWEST SLP 29.55 ON 16
[REMARKS]
#FINAL-11-21#