000
CXUS51 KALY 011949 CCA
CLSGFL
CLIMATE REPORT
NATIONAL WEATHER SERVICE ALBANY NY
411 AM EDT THU SEP 01 2022
...................................
...THE GLENS FALLS NY CLIMATE SUMMARY FOR THE SEASON, FROM
6/1/2022 TO 8/31/2022...
CLIMATE NORMAL PERIOD: 1991 TO 2020
CLIMATE RECORD PERIOD: 1893 TO 2022
WEATHER OBSERVED NORMAL DEPART LAST YEAR`S
VALUE DATE(S) VALUE FROM VALUE DATE(S)
NORMAL
................................................................
TEMPERATURE (F)
RECORD
HIGH 101 08/07/1918
07/04/1911
07/03/1911
LOW 31 08/29/1982
HIGHEST 92 08/04 93 06/28
LOWEST 35 06/05 40 06/01
06/02
AVG. MAXIMUM 81.0 79.4 1.6 79.4
AVG. MINIMUM 54.8 55.5 -0.7 58.2
MEAN 67.9 67.5 0.4 68.8
DAYS MAX >= 90 9 5.3 3.7 4
DAYS MAX <= 32 0 0.0 0.0 0
DAYS MIN <= 32 0 0.0 0.0 0
DAYS MIN <= 0 0 0.0 0.0 0
PRECIPITATION (INCHES)
RECORD
MAXIMUM 17.74 1915
MINIMUM 4.56 1913
TOTALS 9.72 11.46 -1.74 17.51
DAILY AVG. 0.11 0.19
DAYS >= .01 27 34.5 -7.5 46
DAYS >= .10 18 20.9 -2.9 31
DAYS >= .50 7 7.9 -0.9 11
DAYS >= 1.00 2 2.7 -0.7 5
GREATEST
24 HR. TOTAL 1.58
DEGREE DAYS
HEATING TOTAL 85 124 -39 91
SINCE 7/1 17 45 -28 34
COOLING TOTAL 382 353 29 464
SINCE 1/1 436 372 64 496
............
WIND (MPH)
AVERAGE WIND SPEED 4.9
HIGHEST WIND SPEED/DIRECTION 29/310 DATE 07/28
HIGHEST GUST SPEED/DIRECTION 46/120 DATE 08/30
WEATHER CONDITIONS. NUMBER OF DAYS WITH
THUNDERSTORM 16 MIXED PRECIP 0
HEAVY RAIN 13 RAIN 14
LIGHT RAIN 35 FREEZING RAIN 0
LT FREEZING RAIN 0 HAIL 0
HEAVY SNOW 0 SNOW 0
LIGHT SNOW 0 SLEET 0
FOG 76 FOG W/VIS <= 1/4 MILE 17
HAZE 2
- INDICATES NEGATIVE NUMBERS.
R INDICATES RECORD WAS SET OR TIED.
MM INDICATES DATA IS MISSING.
T INDICATES TRACE AMOUNT.
$$