000
CXUS55 KGGW 010810
CF6GGW
PRELIMINARY LOCAL CLIMATOLOGICAL DATA (WS FORM: F-6)
STATION: GLASGOW MT
MONTH: AUGUST
YEAR: 2022
LATITUDE: 48 13 N
LONGITUDE: 106 37 W
TEMPERATURE IN F: :PCPN: SNOW: WIND :SUNSHINE: SKY :PK WND
================================================================================
1 2 3 4 5 6A 6B 7 8 9 10 11 12 13 14 15 16 17 18
12Z AVG MX 2MIN
DY MAX MIN AVG DEP HDD CDD WTR SNW DPTH SPD SPD DIR MIN PSBL S-S WX SPD DR
================================================================================
1 100 65 83 9 0 18 0.00 0.0 0 10.8 22 110 M M 0 29 120
2 95 65 80 6 0 15 0.00 0.0 0 15.3 31 330 M M 0 45 310
3 96 58 77 3 0 12 0.00 0.0 0 7.3 16 130 M M 1 24 190
4 106 59 83 9 0 18 0.03 0.0 0 9.9 36 220 M M 0 3 49 220
5 85 58 72 -2 0 7 0.00 0.0 0 13.4 28 310 M M 0 37 340
6 71 53 62 -12 3 0 0.00 0.0 0 6.4 14 190 M M 3 21 190
7 89 59 74 0 0 9 0.00 0.0 0 7.4 13 170 M M 3 21 180
8 101 61 81 8 0 16 0.00 0.0 0 9.6 20 240 M M 0 31 270
9 92 66 79 6 0 14 0.00 0.0 0 13.6 22 50 M M 0 29 50
10 94 64 79 6 0 14 0.00 0.0 0 21.1 31 130 M M 0 42 120
11 86 68 77 4 0 12 T 0.0 0 10.5 20 120 M M 0 26 110
12 102 62 82 10 0 17 0.21 0.0 0 11.1 32 50 M M 1 3 48 40
13 94 66 80 8 0 15 0.02 0.0 0 6.6 18 310 M M 2 26 170
14 99 66 83 11 0 18 0.00 0.0 0 11.1 21 30 M M 0 28 30
15 95 65 80 8 0 15 0.00 0.0 0 9.2 23 30 M M 0 30 30
16 99 66 83 11 0 18 0.00 0.0 0 11.1 15 120 M M 0 27 140
17 97 69 83 12 0 18 0.00 0.0 0 13.0 28 350 M M 0 35 340
18 90 60 75 4 0 10 0.00 0.0 0 9.3 17 10 M M 0 23 10
19 88 59 74 3 0 9 0.00 0.0 0 9.3 16 130 M M 0 23 130
20 92 61 77 7 0 12 0.00 0.0 0 13.4 21 180 M M 0 30 150
21 98 63 81 11 0 16 0.00 0.0 0 9.0 16 120 M M 0 20 340
22 100 63 82 12 0 17 0.00 0.0 0 6.9 17 320 M M 1 22 100
23 86 66 76 7 0 11 T 0.0 0 11.2 23 280 M M 4 29 290
24 81 63 72 3 0 7 0.00 0.0 0 10.9 18 110 M M 2 24 100
25 82 58 70 2 0 5 0.00 0.0 0 11.9 20 140 M M 1 27 150
26 91 63 77 9 0 12 T 0.0 0 10.3 18 130 M M 1 3 25 240
27 94 65 80 12 0 15 0.00 0.0 0 12.7 29 310 M M 2 39 300
28 79 55 67 0 0 2 0.03 0.0 0 17.7 38 320 M M 5 48 320
29 86 49 68 1 0 3 0.00 0.0 0 8.0 16 280 M M 0 23 230
30 95 58 77 10 0 12 0.00 0.0 0 8.7 16 300 M M 0 22 310
31 99 62 81 15 0 16 0.00 0.0 0 11.0 16 140 M M 0 22 170
================================================================================
SM 2862 1915 3 383 0.29 0.0 337.7 M 26
================================================================================
AV 92.3 61.8 10.9 FASTST M M 1 MAX(MPH)
MISC ----> 38 320 49 220
================================================================================
NOTES:
# LAST OF SEVERAL OCCURRENCES
COLUMN 17 PEAK WIND IN M.P.H.
PRELIMINARY LOCAL CLIMATOLOGICAL DATA (WS FORM: F-6) , PAGE 2
STATION: GLASGOW MT
MONTH: AUGUST
YEAR: 2022
LATITUDE: 48 13 N
LONGITUDE: 106 37 W
[TEMPERATURE DATA] [PRECIPITATION DATA] SYMBOLS USED IN COLUMN 16
AVERAGE MONTHLY: 77.0 TOTAL FOR MONTH: 0.29 1 = FOG OR MIST
DPTR FM NORMAL: 6.0 DPTR FM NORMAL: -0.98 2 = FOG REDUCING VISIBILITY
HIGHEST: 106 ON 4 GRTST 24HR 0.21 ON 12-13 TO 1/4 MILE OR LESS
LOWEST: 49 ON 29 3 = THUNDER
SNOW, ICE PELLETS, HAIL 4 = ICE PELLETS
TOTAL MONTH: 0.0 INCH 5 = HAIL
GRTST 24HR 0.0 6 = FREEZING RAIN OR DRIZZLE
GRTST DEPTH: 0 7 = DUSTSTORM OR SANDSTORM:
VSBY 1/2 MILE OR LESS
8 = SMOKE OR HAZE
[NO. OF DAYS WITH] [WEATHER - DAYS WITH] 9 = BLOWING SNOW
X = TORNADO
MAX 32 OR BELOW: 0 0.01 INCH OR MORE: 4
MAX 90 OR ABOVE: 21 0.10 INCH OR MORE: 1
MIN 32 OR BELOW: 0 0.50 INCH OR MORE: 0
MIN 0 OR BELOW: 0 1.00 INCH OR MORE: 0
[HDD (BASE 65) ]
TOTAL THIS MO. 3 CLEAR (SCALE 0-3) 29
DPTR FM NORMAL -27 PTCLDY (SCALE 4-7) 2
TOTAL FM JUL 1 3 CLOUDY (SCALE 8-10) 0
DPTR FM NORMAL -38
[CDD (BASE 65) ]
TOTAL THIS MO. 383
DPTR FM NORMAL 167 [PRESSURE DATA]
TOTAL FM JAN 1 817 HIGHEST SLP M ON M
DPTR FM NORMAL 282 LOWEST SLP 29.39 ON 27
[REMARKS]
#FINAL-08-22#