000
CXUS54 KFWD 072153
CF6GKY
PRELIMINARY LOCAL CLIMATOLOGICAL DATA (WS FORM: F-6)
STATION: ARLINGTON
MONTH: AUGUST
YEAR: 2022
LATITUDE: 32 39 N
LONGITUDE: 97 6 W
TEMPERATURE IN F: :PCPN: SNOW: WIND :SUNSHINE: SKY :PK WND
================================================================================
1 2 3 4 5 6A 6B 7 8 9 10 11 12 13 14 15 16 17 18
12Z AVG MX 2MIN
DY MAX MIN AVG DEP HDD CDD WTR SNW DPTH SPD SPD DIR MIN PSBL S-S WX SPD DR
================================================================================
1 101 81 91 4 0 26 0.00 M M 9.0 20 160 M M 0 31 160
2 103 83 93 6 0 28 0.00 M M 11.1 20 150 M M 0 29 140
3 103 81 92 5 0 27 0.00 M M 11.3 20 160 M M 0 31 130
4 102 80 91 4 0 26 0.00 M M 9.1 16 120 M M 0 26 150
5 104 81 93 6 0 28 0.00 M M 9.6 22 140 M M 0 32 150
6 99 78 89 2 0 24 0.00 M M 10.4 21 130 M M 0 27 110
7 100 79 90 3 0 25 0.00 M M 9.5 18 150 M M 1 25 160
8 102 81 92 6 0 27 0.00 M M 7.9 16 120 M M 0 23 130
9 102 80 91 5 0 26 0.02 M M 6.5 23 50 M M 1 3 34 50
10 100 75 88 2 0 23 T M M 5.1 20 340 M M 1 26 340
11 99 74 87 1 0 22 0.00 M M 5.5 16 20 M M 2 29 20
12 98 78 88 2 0 23 0.00 M M 7.7 16 40 M M 2 25 10
13 100 86 93 7 0 28 M M M 6.7 14 100 M M 1 22 80
14 98 74 86 0 0 21 0.00 M M 6.5 16 120 M M 1 23 100
15 100 78 89 3 0 24 0.00 M M 6.0 17 150 M M 0 24 180
16 102 80 91 5 0 26 0.00 M M 5.5 15 130 M M 0 22 120
17 105 74 90 4 0 25 1.07 M M 7.3 25 120 M M 2 13 35 120
18 89 73 81 -5 0 16 T M M 5.4 14 10 M M 4 18 360
19 93 74 84 -1 0 19 0.00 M M 5.2 15 150 M M 5 18 24 150
20 92 75 84 -1 0 19 T M M 8.3 21 130 M M 3 27 130
21 92 75 84 -1 0 19 1.61 M M 7.9 23 160 M M 4 13 36 170
22 80 73 77 -8 0 12 5.06 M M 6.2 22 40 M M 9 123 31 40
23 84 73 79 -6 0 14 0.02 M M 7.7 15 350 M M 9 1 19 330
24 90 73 82 -2 0 17 0.00 M M 5.9 14 60 M M 7 20 40
25 93 70 82 -2 0 17 0.00 M M 5.8 16 30 M M 2 22 20
26 94 72 83 -1 0 18 0.00 M M 4.3 12 90 M M 2 19 30
27 96 74 85 1 0 20 0.00 M M 7.2 16 110 M M 0 19 120
28 97 78 88 4 0 23 0.00 M M 11.2 20 150 M M 1 27 130
29 95 78 87 4 0 22 0.00 M M 8.7 16 110 M M 3 21 150
30 89 76 83 0 0 18 T M M 6.1 18 120 M M 5 3 25 120
31 90 74 82 -1 0 17 T M M 4.4 14 160 M M 4 25 160
================================================================================
SM 2992 2381 0 680 7.78 M 229.0 M 69
================================================================================
AV 96.5 76.8 7.4 FASTST M M 2 MAX(MPH)
MISC ----> 25 120 36 170
================================================================================
NOTES:
# LAST OF SEVERAL OCCURRENCES
COLUMN 17 PEAK WIND IN M.P.H.
PRELIMINARY LOCAL CLIMATOLOGICAL DATA (WS FORM: F-6) , PAGE 2
STATION: ARLINGTON
MONTH: AUGUST
YEAR: 2022
LATITUDE: 32 39 N
LONGITUDE: 97 6 W
[TEMPERATURE DATA] [PRECIPITATION DATA] SYMBOLS USED IN COLUMN 16
AVERAGE MONTHLY: 86.7 TOTAL FOR MONTH: 7.78 1 = FOG OR MIST
DPTR FM NORMAL: 1.2 DPTR FM NORMAL: 6.10 2 = FOG REDUCING VISIBILITY
HIGHEST: 105 ON 17 GRTST 24HR 6.65 ON 21-22 TO 1/4 MILE OR LESS
LOWEST: 70 ON 25 3 = THUNDER
SNOW, ICE PELLETS, HAIL 4 = ICE PELLETS
TOTAL MONTH: M 5 = HAIL
GRTST 24HR M ON M 6 = FREEZING RAIN OR DRIZZLE
GRTST DEPTH: M ON M 7 = DUSTSTORM OR SANDSTORM:
VSBY 1/2 MILE OR LESS
8 = SMOKE OR HAZE
[NO. OF DAYS WITH] [WEATHER - DAYS WITH] 9 = BLOWING SNOW
X = TORNADO
MAX 32 OR BELOW: 0 0.01 INCH OR MORE: 5
MAX 90 OR ABOVE: 27 0.10 INCH OR MORE: 3
MIN 32 OR BELOW: 0 0.50 INCH OR MORE: 3
MIN 0 OR BELOW: 0 1.00 INCH OR MORE: 3
[HDD (BASE 65) ]
TOTAL THIS MO. 0 CLEAR (SCALE 0-3) 23
DPTR FM NORMAL 0 PTCLDY (SCALE 4-7) 6
TOTAL FM JUL 1 0 CLOUDY (SCALE 8-10) 2
DPTR FM NORMAL 0
[CDD (BASE 65) ]
TOTAL THIS MO. 680
DPTR FM NORMAL 46 [PRESSURE DATA]
TOTAL FM JAN 1 2685 HIGHEST SLP 30.06 ON 31
DPTR FM NORMAL 460 LOWEST SLP 29.72 ON 28
[REMARKS]
#FINAL-08-22#