000
CXUS53 KGLD 280800
CF6GLD
PRELIMINARY LOCAL CLIMATOLOGICAL DATA (WS FORM: F-6)
STATION: GOODLAND KS
MONTH: MARCH
YEAR: 2024
LATITUDE: 39 22 N
LONGITUDE: 101 42 W
TEMPERATURE IN F: :PCPN: SNOW: WIND :SUNSHINE: SKY :PK WND
================================================================================
1 2 3 4 5 6A 6B 7 8 9 10 11 12 13 14 15 16 17 18
12Z AVG MX 2MIN
DY MAX MIN AVG DEP HDD CDD WTR SNW DPTH SPD SPD DIR MIN PSBL S-S WX SPD DR
================================================================================
1 72 27 50 14 15 0 0.00 0.0 0 8.3 22 190 M M 0 30 200
2 76 34 55 19 10 0 0.00 0.0 0 15.3 29 220 M M 0 40 210
3 61 30 46 9 19 0 0.00 0.0 0 12.8 30 320 M M 0 39 320
4 54 24 39 2 26 0 0.00 0.0 0 10.4 25 360 M M 0 37 350
5 49 19 34 -4 31 0 0.00 0.0 0 8.1 17 190 M M 1 25 160
6 61 28 45 7 20 0 0.00 0.0 0 13.0 29 180 M M 0 36 190
7 39 27 33 -5 32 0 0.26 T 0 11.8 22 20 M M 10 136 33 20
8 29 22 26 -13 39 0 0.00 0.0 0 15.2 23 360 M M 8 1 32 350
9 49 20 35 -4 30 0 0.00 0.0 0 7.7 13 200 M M 0 17 280
10 71 28 50 10 15 0 0.00 0.0 0 10.8 20 220 M M 0 27 210
11 68 25 47 7 18 0 0.00 0.0 0 5.5 18 220 M M 0 23 220
12 68 29 49 9 16 0 0.00 0.0 0 9.4 20 350 M M 0 27 320
13 61 40 51 10 14 0 0.00 0.0 0 12.7 25 20 M M 8 36 20
14 44 36 40 -1 25 0 0.06 0.0 0 13.3 24 360 M M 10 1 30 10
15 49 31 40 -1 25 0 0.00 0.0 0 7.1 15 10 M M 7 20 30
16 58 29 44 2 21 0 0.00 0.0 0 11.0 23 20 M M 0 34 10
17 53 22 38 -4 27 0 0.00 0.0 0 9.2 24 340 M M 4 35 350
18 61 16 39 -3 26 0 0.00 0.0 0 7.3 15 240 M M 0 20 290
19 69 34 52 9 13 0 0.00 0.0 0 10.8 18 30 M M 0 25 10
20 64 34 49 6 16 0 0.00 0.0 0 11.2 21 120 M M 1 29 110
21 72 27 50 7 15 0 0.00 0.0 0 9.5 23 340 M M 3 32 340
22 54 30 42 -2 23 0 0.00 0.0 0 13.3 22 20 M M 0 28 30
23 63 23 43 -1 22 0 0.00 0.0 0 19.6 36 160 M M 3 1 48 170
24 54 26 40 -4 25 0 0.27 3.6 0 15.4 37 350 M M 5 12 51 360
25 26 16 21 -23 44 0 0.10 2.8 5 28.2 38 340 M M 9 18 58 340
26 39 12 26 -19 39 0 0.00 0.0 M 10.0 20 330 M M 0 26 320
27 59 21 40 -5 25 0 0.00 0.0 3 9.5 17 320 M M 2 29 210
================================================================================
SM 1523 710 631 0 0.69 6.4 316.4 M 71
================================================================================
AV 56.4 26.3 11.7 FASTST M M 3 MAX(MPH)
MISC ----> 38 340 58 340
================================================================================
NOTES:
# LAST OF SEVERAL OCCURRENCES
COLUMN 17 PEAK WIND IN M.P.H.
PRELIMINARY LOCAL CLIMATOLOGICAL DATA (WS FORM: F-6) , PAGE 2
STATION: GOODLAND KS
MONTH: MARCH
YEAR: 2024
LATITUDE: 39 22 N
LONGITUDE: 101 42 W
[TEMPERATURE DATA] [PRECIPITATION DATA] SYMBOLS USED IN COLUMN 16
AVERAGE MONTHLY: 41.4 TOTAL FOR MONTH: 0.69 1 = FOG OR MIST
DPTR FM NORMAL: 0.5 DPTR FM NORMAL: -0.03 2 = FOG REDUCING VISIBILITY
HIGHEST: 76 ON 2 GRTST 24HR 0.27 ON 24-24 TO 1/4 MILE OR LESS
LOWEST: 12 ON 26 3 = THUNDER
SNOW, ICE PELLETS, HAIL 4 = ICE PELLETS
TOTAL MONTH: 6.4 INCHES 5 = HAIL
GRTST 24HR 3.6 ON 24-24 6 = FREEZING RAIN OR DRIZZLE
GRTST DEPTH: 5 ON 25 7 = DUSTSTORM OR SANDSTORM:
VSBY 1/2 MILE OR LESS
8 = SMOKE OR HAZE
[NO. OF DAYS WITH] [WEATHER - DAYS WITH] 9 = BLOWING SNOW
X = TORNADO
MAX 32 OR BELOW: 2 0.01 INCH OR MORE: 4
MAX 90 OR ABOVE: 0 0.10 INCH OR MORE: 3
MIN 32 OR BELOW: 22 0.50 INCH OR MORE: 0
MIN 0 OR BELOW: 0 1.00 INCH OR MORE: 0
[HDD (BASE 65) ]
TOTAL THIS MO. 631 CLEAR (SCALE 0-3) 18
DPTR FM NORMAL -23 PTCLDY (SCALE 4-7) 5
TOTAL FM JUL 1 4613 CLOUDY (SCALE 8-10) 4
DPTR FM NORMAL -386
[CDD (BASE 65) ]
TOTAL THIS MO. 0
DPTR FM NORMAL 0 [PRESSURE DATA]
TOTAL FM JAN 1 0 HIGHEST SLP M ON M
DPTR FM NORMAL 0 LOWEST SLP 29.14 ON 24
[REMARKS]