000
CXUS53 KGLD 041401
CF6GLD
PRELIMINARY LOCAL CLIMATOLOGICAL DATA (WS FORM: F-6)
STATION: GOODLAND KS
MONTH: MAY
YEAR: 2023
LATITUDE: 39 22 N
LONGITUDE: 101 42 W
TEMPERATURE IN F: :PCPN: SNOW: WIND :SUNSHINE: SKY :PK WND
================================================================================
1 2 3 4 5 6A 6B 7 8 9 10 11 12 13 14 15 16 17 18
12Z AVG MX 2MIN
DY MAX MIN AVG DEP HDD CDD WTR SNW DPTH SPD SPD DIR MIN PSBL S-S WX SPD DR
================================================================================
1 68 31 50 -4 15 0 0.00 0.0 0 7.9 16 170 M M 1 21 160
2 70 33 52 -2 13 0 0.00 0.0 0 9.6 18 170 M M 0 23 160
3 78 39 59 5 6 0 0.00 0.0 0 15.1 26 170 M M 0 33 150
4 83 43 63 8 2 0 0.17 0.0 0 9.2 33 270 M M 1 13 44 290
5 82 49 66 11 0 1 0.00 0.0 0 10.4 30 340 M M 1 12 44 330
6 83 47 65 10 0 0 0.00 0.0 0 8.7 21 250 M M 2 38 240
7 78 42 60 4 5 0 0.00 0.0 0 11.0 30 360 M M 0 38 43 360
8 80 43 62 6 3 0 0.03 0.0 0 8.2 20 160 M M 2 30 40
9 80 53 67 10 0 2 0.00 0.0 0 14.0 24 150 M M 2 37 150
10 83 48 66 9 0 1 1.50 T 0 12.8 36 150 M M 8 135 52 150
11 64 47 56 -1 9 0 1.12 T 0 14.4 31 110 M M 9 135 42 110
12 67 48 58 0 7 0 0.08 0.0 0 18.4 31 310 M M 8 13 40 310
13 65 50 58 0 7 0 0.00 0.0 0 13.7 23 340 M M 5 31 310
14 65 50 58 -1 7 0 0.04 0.0 0 12.7 21 10 M M 10 1 26 360
15 60 46 53 -6 12 0 T 0.0 0 11.2 20 350 M M 8 1 24 350
16 78 44 61 1 4 0 T 0.0 0 5.8 24 260 M M 1 13 33 270
17 80 46 63 3 2 0 0.39 0.0 0 8.8 32 30 M M 2 13 43 30
18 69 55 62 2 3 0 0.24 0.0 0 9.7 24 350 M M 8 138 32 300
19 63 45 54 -7 11 0 0.01 0.0 0 10.1 22 20 M M 7 18 27 30
20 72 41 57 -4 8 0 0.00 0.0 0 9.8 18 170 M M 0 8 24 170
21 75 50 63 1 2 0 0.00 0.0 0 10.0 16 150 M M 3 8 23 150
22 74 53 64 2 1 0 0.00 0.0 0 9.4 17 170 M M 3 12 26 160
23 74 55 65 3 0 0 0.00 0.0 0 10.6 18 160 M M 6 1 27 180
24 74 55 65 2 0 0 0.00 0.0 0 12.4 22 150 M M 7 128 31 160
25 75 56 66 3 0 1 T 0.0 0 13.2 26 160 M M 8 36 160
26 77 59 68 4 0 3 0.00 0.0 0 21.1 32 160 M M 6 1 43 160
27 76 57 67 3 0 2 T 0.0 0 19.4 32 170 M M 4 3 42 170
28 78 54 66 2 0 1 0.36 0.0 0 9.5 26 350 M M 6 13 36 350
29 85 55 70 5 0 5 0.00 0.0 0 9.3 20 40 M M 1 27 80
30 87 56 72 7 0 7 0.15 0.0 0 16.1 33 160 M M 2 3 44 180
31 79 52 66 0 0 1 T 0.0 0 11.3 21 260 M M 1 3 35 120
================================================================================
SM 2322 1502 117 24 4.09 T 363.8 M 122
================================================================================
AV 74.9 48.5 11.7 FASTST M M 4 MAX(MPH)
MISC ----> 36 150 52 150
================================================================================
NOTES:
# LAST OF SEVERAL OCCURRENCES
COLUMN 17 PEAK WIND IN M.P.H.
PRELIMINARY LOCAL CLIMATOLOGICAL DATA (WS FORM: F-6) , PAGE 2
STATION: GOODLAND KS
MONTH: MAY
YEAR: 2023
LATITUDE: 39 22 N
LONGITUDE: 101 42 W
[TEMPERATURE DATA] [PRECIPITATION DATA] SYMBOLS USED IN COLUMN 16
AVERAGE MONTHLY: 61.7 TOTAL FOR MONTH: 4.09 1 = FOG OR MIST
DPTR FM NORMAL: 2.1 DPTR FM NORMAL: 1.28 2 = FOG REDUCING VISIBILITY
HIGHEST: 87 ON 30 GRTST 24HR 2.62 ON 10-11 TO 1/4 MILE OR LESS
LOWEST: 31 ON 1 3 = THUNDER
SNOW, ICE PELLETS, HAIL 4 = ICE PELLETS
TOTAL MONTH: T 5 = HAIL
GRTST 24HR T ON 10-10 6 = FREEZING RAIN OR DRIZZLE
GRTST DEPTH: 0 7 = DUSTSTORM OR SANDSTORM:
VSBY 1/2 MILE OR LESS
8 = SMOKE OR HAZE
[NO. OF DAYS WITH] [WEATHER - DAYS WITH] 9 = BLOWING SNOW
X = TORNADO
MAX 32 OR BELOW: 0 0.01 INCH OR MORE: 11
MAX 90 OR ABOVE: 0 0.10 INCH OR MORE: 7
MIN 32 OR BELOW: 1 0.50 INCH OR MORE: 2
MIN 0 OR BELOW: 0 1.00 INCH OR MORE: 2
[HDD (BASE 65) ]
TOTAL THIS MO. 117 CLEAR (SCALE 0-3) 16
DPTR FM NORMAL -96 PTCLDY (SCALE 4-7) 13
TOTAL FM JUL 1 6001 CLOUDY (SCALE 8-10) 2
DPTR FM NORMAL 237
[CDD (BASE 65) ]
TOTAL THIS MO. 24
DPTR FM NORMAL -20 [PRESSURE DATA]
TOTAL FM JAN 1 43 HIGHEST SLP 30.38 ON 15
DPTR FM NORMAL -4 LOWEST SLP 29.57 ON 5
[REMARKS]
#FINAL-05-23#