000
CXUS53 KGLD 011015
CF6GLD
PRELIMINARY LOCAL CLIMATOLOGICAL DATA (WS FORM: F-6)
STATION: GOODLAND KS
MONTH: SEPTEMBER
YEAR: 2021
LATITUDE: 39 22 N
LONGITUDE: 101 42 W
TEMPERATURE IN F: :PCPN: SNOW: WIND :SUNSHINE: SKY :PK WND
================================================================================
1 2 3 4 5 6A 6B 7 8 9 10 11 12 13 14 15 16 17 18
12Z AVG MX 2MIN
DY MAX MIN AVG DEP HDD CDD WTR SNW DPTH SPD SPD DIR MIN PSBL S-S WX SPD DR
================================================================================
1 98 56 77 7 0 12 T 0.0 0 15.0 30 160 M M 2 123 40 150
2 89 64 77 7 0 12 T 0.0 0 10.2 21 180 M M 3 29 180
3 82 59 71 1 0 6 0.19 0.0 0 8.9 22 310 M M 5 12 28 320
4 84 59 72 2 0 7 0.01 0.0 0 6.3 13 150 M M 3 12 18 200
5 92 57 75 6 0 10 0.00 0.0 0 8.2 17 200 M M 0 13 22 200
6 98 57 78 9 0 13 0.00 0.0 0 9.1 18 160 M M 0 29 100
7 87 55 71 2 0 6 0.00 0.0 0 10.6 24 20 M M 0 32 10
8 90 49 70 2 0 5 0.00 0.0 0 9.2 22 190 M M 0 29 200
9 98 50 74 6 0 9 0.00 0.0 0 4.7 13 190 M M 0 17 190
10 103 61 82 14 0 17 0.00 0.0 0 9.7 17 200 M M 0 24 200
11 102 58 80 13 0 15 0.00 0.0 0 8.3 35 320 M M 0 48 330
12 94 59 77 10 0 12 T 0.0 0 8.9 26 230 M M 1 3 37 170
13 92 63 78 11 0 13 0.01 0.0 0 11.2 23 320 M M 2 3 31 340
14 82 55 69 3 0 4 0.00 0.0 0 8.1 21 30 M M 1 26 40
15 88 57 73 7 0 8 0.00 0.0 0 14.4 24 180 M M 3 1 33 190
16 95 62 79 13 0 14 0.00 0.0 0 18.0 30 170 M M 0 48 170
17 73 51 62 -3 3 0 0.01 0.0 0 11.0 31 360 M M 8 1 42 10
18 89 61 75 10 0 10 0.00 0.0 0 16.0 28 160 M M 4 37 170
19 96 64 80 16 0 15 0.00 0.0 0 13.7 29 170 M M 0 38 170
20 71 53 62 -2 3 0 0.00 0.0 0 17.9 35 350 M M 2 46 330
21 70 44 57 -6 8 0 0.00 0.0 0 11.2 22 350 M M 3 32 330
22 80 48 64 1 1 0 0.00 0.0 0 11.1 21 220 M M 0 29 210
23 92 42 67 5 0 2 0.00 0.0 0 6.9 15 340 M M 0 22 300
24 79 47 63 1 2 0 0.00 0.0 0 10.8 24 30 M M 0 33 20
25 84 48 66 4 0 1 0.00 0.0 0 12.9 24 200 M M 0 37 200
26 97 46 72 11 0 7 0.00 0.0 0 6.8 17 340 M M 0 24 340
27 95 51 73 12 0 8 0.00 0.0 0 9.2 21 100 M M 0 31 80
28 87 58 73 13 0 8 0.00 0.0 0 12.8 31 160 M M 0 40 150
29 85 50 68 8 0 3 0.00 0.0 0 13.9 29 340 M M 4 3 40 340
30 71 45 58 -1 7 0 0.00 0.0 0 13.0 26 350 M M 3 1 34 360
================================================================================
SM 2643 1629 24 217 0.22 0.0 328.0 M 44
================================================================================
AV 88.1 54.3 10.9 FASTST M M 1 MAX(MPH)
MISC ----> # 35 320 # 48 330
================================================================================
NOTES:
# LAST OF SEVERAL OCCURRENCES
COLUMN 17 PEAK WIND IN M.P.H.
PRELIMINARY LOCAL CLIMATOLOGICAL DATA (WS FORM: F-6) , PAGE 2
STATION: GOODLAND KS
MONTH: SEPTEMBER
YEAR: 2021
LATITUDE: 39 22 N
LONGITUDE: 101 42 W
[TEMPERATURE DATA] [PRECIPITATION DATA] SYMBOLS USED IN COLUMN 16
AVERAGE MONTHLY: 71.2 TOTAL FOR MONTH: 0.22 1 = FOG OR MIST
DPTR FM NORMAL: 5.9 DPTR FM NORMAL: -1.18 2 = FOG REDUCING VISIBILITY
HIGHEST: 103 ON 10 GRTST 24HR 0.20 ON 3- 4 TO 1/4 MILE OR LESS
LOWEST: 42 ON 23 3 = THUNDER
SNOW, ICE PELLETS, HAIL 4 = ICE PELLETS
TOTAL MONTH: 0.0 INCH 5 = HAIL
GRTST 24HR 0.0 6 = FREEZING RAIN OR DRIZZLE
GRTST DEPTH: 0 7 = DUSTSTORM OR SANDSTORM:
VSBY 1/2 MILE OR LESS
8 = SMOKE OR HAZE
[NO. OF DAYS WITH] [WEATHER - DAYS WITH] 9 = BLOWING SNOW
X = TORNADO
MAX 32 OR BELOW: 0 0.01 INCH OR MORE: 4
MAX 90 OR ABOVE: 14 0.10 INCH OR MORE: 1
MIN 32 OR BELOW: 0 0.50 INCH OR MORE: 0
MIN 0 OR BELOW: 0 1.00 INCH OR MORE: 0
[HDD (BASE 65) ]
TOTAL THIS MO. 24 CLEAR (SCALE 0-3) 23
DPTR FM NORMAL -76 PTCLDY (SCALE 4-7) 7
TOTAL FM JUL 1 24 CLOUDY (SCALE 8-10) 0
DPTR FM NORMAL -88
[CDD (BASE 65) ]
TOTAL THIS MO. 217
DPTR FM NORMAL 107 [PRESSURE DATA]
TOTAL FM JAN 1 1213 HIGHEST SLP 30.45 ON 21
DPTR FM NORMAL 234 LOWEST SLP 29.49 ON 20
[REMARKS]
#FINAL-09-21#